{"id":9596,"date":"2024-09-06T14:01:03","date_gmt":"2024-09-06T17:01:03","guid":{"rendered":"https:\/\/lidertecsa.com.ar\/catalogo\/?post_type=product&#038;p=9596"},"modified":"2024-12-13T16:46:18","modified_gmt":"2024-12-13T19:46:18","slug":"guantes-americano-vaqueta-puno-largo","status":"publish","type":"product","link":"https:\/\/lidertecsa.com.ar\/catalogo\/producto\/guantes-americano-vaqueta-puno-largo\/","title":{"rendered":"Guantes Americano Vaqueta Pu\u00f1o Largo"},"content":{"rendered":"<p>Equipo de protecci\u00f3n personal que protege la mano o una parte de ella contra riesgos mec\u00e1nicos. Tipo de refuerzo: Cadenero. Usos Posibles:\u00a0Tareas de Mantenimiento, Metalmec\u00e1nicas, Petr\u00f3leo, Petroqu\u00edmica.<\/p>\n<table class=\"tab-block table-data-sheet\">\n<tbody>\n<tr class=\"even\">\n<td>COLOR<\/td>\n<td>Amarillo<\/td>\n<\/tr>\n<tr class=\"odd\">\n<td>USO GUANTES<\/td>\n<td>Tareas Generales<\/td>\n<\/tr>\n<tr class=\"even\">\n<td>MATERIAL GUANTES<\/td>\n<td>Vaqueta<\/td>\n<\/tr>\n<\/tbody>\n<\/table>\n","protected":false},"excerpt":{"rendered":"<p>Equipo de protecci\u00f3n personal que protege la mano o una parte de ella contra riesgos mec\u00e1nicos. Tipo de refuerzo: Cadenero. Usos Posibles:\u00a0Tareas de Mantenimiento, Metalmec\u00e1nicas, Petr\u00f3leo, Petroqu\u00edmica.<\/p>\n","protected":false},"featured_media":9599,"template":"","meta":{"_joinchat":[]},"product_cat":[785],"product_tag":[802],"class_list":{"0":"post-9596","1":"product","2":"type-product","3":"status-publish","4":"has-post-thumbnail","6":"product_cat-proteccion-manos-barazos","7":"product_tag-guantes-moteados","9":"first","10":"instock","11":"taxable","12":"shipping-taxable","13":"product-type-simple"},"_links":{"self":[{"href":"https:\/\/lidertecsa.com.ar\/catalogo\/wp-json\/wp\/v2\/product\/9596"}],"collection":[{"href":"https:\/\/lidertecsa.com.ar\/catalogo\/wp-json\/wp\/v2\/product"}],"about":[{"href":"https:\/\/lidertecsa.com.ar\/catalogo\/wp-json\/wp\/v2\/types\/product"}],"wp:featuredmedia":[{"embeddable":true,"href":"https:\/\/lidertecsa.com.ar\/catalogo\/wp-json\/wp\/v2\/media\/9599"}],"wp:attachment":[{"href":"https:\/\/lidertecsa.com.ar\/catalogo\/wp-json\/wp\/v2\/media?parent=9596"}],"wp:term":[{"taxonomy":"product_cat","embeddable":true,"href":"https:\/\/lidertecsa.com.ar\/catalogo\/wp-json\/wp\/v2\/product_cat?post=9596"},{"taxonomy":"product_tag","embeddable":true,"href":"https:\/\/lidertecsa.com.ar\/catalogo\/wp-json\/wp\/v2\/product_tag?post=9596"}],"curies":[{"name":"wp","href":"https:\/\/api.w.org\/{rel}","templated":true}]}}