{"id":959,"date":"2023-06-20T18:53:00","date_gmt":"2023-06-20T21:53:00","guid":{"rendered":"https:\/\/lidertecsa.com.ar\/catalogo\/?post_type=product&#038;p=959"},"modified":"2024-12-13T16:31:23","modified_gmt":"2024-12-13T19:31:23","slug":"cargador-de-baterias-ce-bc-15-m","status":"publish","type":"product","link":"https:\/\/lidertecsa.com.ar\/catalogo\/producto\/cargador-de-baterias-ce-bc-15-m\/","title":{"rendered":"Cargador de Bater\u00edas CE-BC 15 M"},"content":{"rendered":"<div id=\"description\" class=\"section-row -padded-wide--mod-top-only -in-viewport\" data-anchornav=\"Artikelbeschreibung\">\n<div class=\"col-wrapper -max-width-limited\">\n<div class=\"content-item module-description\">\n<div class=\"description-wrapper\">\n<div class=\"col-two\">\n<div class=\"description__content\">\n<p>El cargador de bater\u00edas Einhell CE-BC 15 M es un cargador de bater\u00edas inteligente adaptado a las bater\u00edas t\u00e9cnicamente avanzadas y de alto rendimiento de los veh\u00edculos de motor modernos. El cargador de bater\u00eda inteligente con control por microprocesador es adecuado para una amplia variedad de tipos de bater\u00edas de veh\u00edculos y tiene una serie de mecanismos t\u00e9cnicos de protecci\u00f3n y cuidado. El enfoque principal del desarrollo fue la carga r\u00e1pida y suave de las bater\u00edas para que se logre la vida \u00fatil m\u00e1s larga posible a plena potencia. El funcionamiento del cargador es menos complicado que con los dispositivos convencionales debido a un indicador de carga detallado. El todoterreno Einhell es adecuado para bater\u00edas de gel, AGM, as\u00ed como bater\u00edas de plomo-\u00e1cido sin mantenimiento y de bajo mantenimiento. El CE-BC 15 M se adapta autom\u00e1ticamente a la tensi\u00f3n de la bater\u00eda de los veh\u00edculos de 12 V. El ciclo de carga de varias etapas del cargador de bater\u00eda Einhell es monitoreado y ajustado autom\u00e1ticamente por el sistema de control del microprocesador. La electr\u00f3nica de control inteligente analiza el tipo y el estado de la bater\u00eda conectada e inicia el modo \u00f3ptimo seg\u00fan sea necesario. La funci\u00f3n de carga lenta protege y conserva la bater\u00eda para un estado de carga permanentemente ideal. Esto hace que el CE-BC 15 M sea adecuado para todo tipo de veh\u00edculos, especialmente para veh\u00edculos estacionales con largos tiempos de inactividad: en lugar de dejar que la bater\u00eda se agote lentamente por completo y, por lo tanto, arriesgarse a una descarga profunda, la bater\u00eda se mantiene suavemente en su nivel \u00f3ptimo mediante carga por goteo. La carga por goteo alivia las celdas de la bater\u00eda y extiende su vida \u00fatil, evitando as\u00ed un reemplazo evitable y costoso de una bater\u00eda de veh\u00edculo defectuosa. Los autom\u00f3viles, motocicletas o scooters est\u00e1n inmediatamente listos para su uso al comienzo de la temporada. Se ha desarrollado un modo de carga de invierno especialmente para temperaturas exteriores inferiores a 5 \u00b0 Celsius. El cargador de bater\u00eda Einhell puede soportar la bater\u00eda con una corriente de arranque de 100 A (m\u00e1x. 5 segundos) mediante una funci\u00f3n de arranque externa. Despu\u00e9s de una carga corta de un condensador, el dispositivo puede emitir un arranque extranjero para el arranque inmediato del motor, similar al arranque puente con un segundo veh\u00edculo. El cargador de bater\u00eda de Einhell est\u00e1 equipado con protecci\u00f3n autom\u00e1tica contra sobrecarga, cortocircuito y polaridad inversa: estos mecanismos de protecci\u00f3n protegen tanto el cargador como la bater\u00eda. El indicador LED de voltaje de la bater\u00eda y progreso de carga muestra de un vistazo en qu\u00e9 estado de carga se encuentra la bater\u00eda y en qu\u00e9 modo est\u00e1 configurado el cargador. Gracias a los terminales de bater\u00eda totalmente aislados, el cargador de bater\u00eda de Einhell se puede conectar de forma f\u00e1cil y segura.<\/p>\n<\/div>\n<\/div>\n<\/div>\n<\/div>\n<\/div>\n<\/div>\n<div id=\"technical-details\" class=\"section-row -padded-wide--mod-top-only\" data-anchornav=\"Technische Daten\">\n<div class=\"col-wrapper -max-width-limited -decrease-width\">\n<div class=\"col\">\n<div class=\"content-item module-headline-paragraph headline paragraph -color-headline-black\">\n<h2 class=\"heading delta\">Caracter\u00edsticas t\u00e9cnicas<\/h2>\n<\/div>\n<div class=\"content-item module-table -styling-beta\">\n<table class=\"table__table\">\n<tbody>\n<tr class=\"-show tr-odd\">\n<td><span class=\"bold\">Voltaje de carga<\/span><\/td>\n<td>12 V<\/td>\n<\/tr>\n<tr class=\"-show tr-even\">\n<td><span class=\"bold\">Corriente de carga M\u00edn. (arith.\/eff.) &#8211; M\u00e1x. (arith.\/eff.) a 12 V c.c.<\/span><\/td>\n<td>2.7 \/ [-] &#8211; 15 \/ [-] A<\/td>\n<\/tr>\n<tr class=\"-show tr-odd\">\n<td><span class=\"bold\">Peso del producto<\/span><\/td>\n<td>6,95 kg<\/td>\n<\/tr>\n<\/tbody>\n<\/table>\n<\/div>\n<\/div>\n<\/div>\n<\/div>\n<div id=\"video\" class=\"section-row -padded-wide--mod-top-only\" data-anchornav=\"Video\">\n<div class=\"col-wrapper l-1col -max-width-limited\">\n<div class=\"col\">\n<div class=\"content-item module-video -full-size\">\n<div class=\"cards__card\" data-video-id=\"video-0\">\n<div class=\"card__video\"><\/div>\n<\/div>\n<\/div>\n<\/div>\n<\/div>\n<\/div>\n","protected":false},"excerpt":{"rendered":"<ul>\n<li class=\" meta\">Cargador de bater\u00eda inteligente con control por microprocesador<\/li>\n<li class=\" meta\">Ciclo de carga de varias etapas, controlado y monitoreado por microprocesador<\/li>\n<li class=\" meta\">2en1: Carga y reinicio con un dispositivo<\/li>\n<li class=\" meta\">Funci\u00f3n de carga de goteo para un estado de carga permanente e ideal<\/li>\n<li class=\" meta\">Cargador de bater\u00eda completo para una amplia gama de tipos de bater\u00edas<\/li>\n<li class=\"meta\">Para bater\u00edas de gel, AGM, sin mantenimiento y de bajo mantenimiento<\/li>\n<li class=\"meta\">Ideal para veh\u00edculos estacionales con largos tiempos de inactividad (convertible \/ motocicleta)<\/li>\n<li class=\"meta\">Usarlo prolonga la vida \u00fatil de la bater\u00eda<\/li>\n<li class=\"meta\">Indicador LED de voltaje de la bater\u00eda y progreso de carga<\/li>\n<li class=\"meta\">Protecci\u00f3n electr\u00f3nica contra sobrecarga, cortocircuito y polaridad inversa<\/li>\n<li class=\"meta\">Terminales de bater\u00eda totalmente aislados<\/li>\n<li class=\"meta\">Mango ergon\u00f3mico para un transporte \u00f3ptimo<\/li>\n<\/ul>\n","protected":false},"featured_media":964,"template":"","meta":{"_joinchat":[]},"product_cat":[50],"product_tag":[275],"class_list":{"0":"post-959","1":"product","2":"type-product","3":"status-publish","4":"has-post-thumbnail","6":"product_cat-herramientas-a-bateria","7":"product_tag-cargador-de-bateria","9":"first","10":"instock","11":"product-type-simple"},"_links":{"self":[{"href":"https:\/\/lidertecsa.com.ar\/catalogo\/wp-json\/wp\/v2\/product\/959"}],"collection":[{"href":"https:\/\/lidertecsa.com.ar\/catalogo\/wp-json\/wp\/v2\/product"}],"about":[{"href":"https:\/\/lidertecsa.com.ar\/catalogo\/wp-json\/wp\/v2\/types\/product"}],"wp:featuredmedia":[{"embeddable":true,"href":"https:\/\/lidertecsa.com.ar\/catalogo\/wp-json\/wp\/v2\/media\/964"}],"wp:attachment":[{"href":"https:\/\/lidertecsa.com.ar\/catalogo\/wp-json\/wp\/v2\/media?parent=959"}],"wp:term":[{"taxonomy":"product_cat","embeddable":true,"href":"https:\/\/lidertecsa.com.ar\/catalogo\/wp-json\/wp\/v2\/product_cat?post=959"},{"taxonomy":"product_tag","embeddable":true,"href":"https:\/\/lidertecsa.com.ar\/catalogo\/wp-json\/wp\/v2\/product_tag?post=959"}],"curies":[{"name":"wp","href":"https:\/\/api.w.org\/{rel}","templated":true}]}}