{"id":9111,"date":"2024-08-23T14:54:30","date_gmt":"2024-08-23T17:54:30","guid":{"rendered":"https:\/\/lidertecsa.com.ar\/catalogo\/?post_type=product&#038;p=9111"},"modified":"2024-12-13T16:45:36","modified_gmt":"2024-12-13T19:45:36","slug":"cepillo-electrico-te-pl-920","status":"publish","type":"product","link":"https:\/\/lidertecsa.com.ar\/catalogo\/producto\/cepillo-electrico-te-pl-920\/","title":{"rendered":"Cepillo Electrico TE-PL 920"},"content":{"rendered":"<p><span class=\"heading gamma\"><span>Descripci\u00f3n del art\u00edculo<\/span><\/span><\/p>\n<p><span>La cepilladora el\u00e9ctrica Einhell TE-PL 920 es una potente cepilladora manual para aplicaciones con una profundidad de corte de hasta 3,5 mil\u00edmetros. Un gran eje de cuchilla, una potencia de 920 W y un ancho m\u00e1ximo de cepillado de 82 mm garantizan resultados de cepillado \u00f3ptimos. La expulsi\u00f3n de virutas se puede seleccionar por dos lados y se le puede acoplar el adaptador de aspiraci\u00f3n incluido con un di\u00e1metro de 36 mm. Esto significa que se pueden utilizar todos los aspiradores en seco y h\u00famedo de Einhell adecuados. La placa base de aluminio s\u00f3lida y plana garantiza resultados de trabajo suaves y precisos. La placa base tambi\u00e9n est\u00e1 equipada con tres ranuras en V para achaflanar f\u00e1cilmente los bordes. Con una profundidad de plegado de 18 mm y un tope de profundidad de plegado se pueden producir tacones rectos y limpios. El pat\u00edn de estacionamiento autom\u00e1tico protege tanto las piezas de trabajo como las cuchillas del cepillo. El mango ergon\u00f3mico garantiza un agarre seguro y firme para trabajar sin fatiga incluso durante per\u00edodos de uso prolongados y las superficies de agarre suave garantizan un manejo c\u00f3modo. En el volumen de entrega se incluye una gu\u00eda paralela para trabajos de cepillado rectos y precisos, as\u00ed como dos duraderas cuchillas cepilladoras TCT (cuchillas reversibles).<\/span><\/p>\n<div class=\"content-item module-headline-paragraph headline paragraph -color-headline-black\">\n<h2 class=\"heading delta\"><span>Datos t\u00e9cnicos<\/span><\/h2>\n<\/div>\n<div class=\"content-item module-table -styling-beta\">\n<table class=\"table__table\">\n<tbody>\n<tr class=\"-show tr-odd\">\n<td><span class=\"bold\"><span>N\u00famero de ranuras en V<\/span><\/span><\/td>\n<td><span>3 piezas<\/span><\/td>\n<\/tr>\n<tr class=\"-show tr-even\">\n<td><span class=\"bold\"><span>Actuaci\u00f3n<\/span><\/span><\/td>\n<td><span>920W<\/span><\/td>\n<\/tr>\n<tr class=\"-show tr-odd\">\n<td><span class=\"bold\"><span>Longitud del cable de alimentaci\u00f3n<\/span><\/span><\/td>\n<td><span>3 metros<\/span><\/td>\n<\/tr>\n<tr class=\"-show tr-even\">\n<td><span class=\"bold\"><span>Profundidad de plegado m\u00e1x.<\/span><\/span><\/td>\n<td><span>18mm<\/span><\/td>\n<\/tr>\n<tr class=\"-show tr-odd\">\n<td><span class=\"bold\"><span>Ancho de cepillado m\u00e1x.<\/span><\/span><\/td>\n<td><span>82mm<\/span><\/td>\n<\/tr>\n<tr class=\"-show tr-even\">\n<td><span class=\"bold\"><span>Profundidad de corte m\u00e1x.<\/span><\/span><\/td>\n<td><span>3,5 mm<\/span><\/td>\n<\/tr>\n<tr class=\"-show tr-odd\">\n<td><span class=\"bold\"><span>Peso del producto<\/span><\/span><\/td>\n<td><span>3,25 kilogramos<\/span><\/td>\n<\/tr>\n<tr class=\"-show tr-even\">\n<td><span class=\"bold\"><span>Tipo hoja cepilladora<\/span><\/span><\/td>\n<td><span>cuchillo reversible<\/span><\/td>\n<\/tr>\n<\/tbody>\n<\/table>\n<\/div>\n","protected":false},"excerpt":{"rendered":"<ul>\n<li class=\" meta\"><span>Potente cepillo manual con gran profundidad de corte<\/span><\/li>\n<li class=\" meta\"><span>Eje de cuchilla grande para resultados de cepillado \u00f3ptimos<\/span><\/li>\n<li class=\" meta\"><span>La expulsi\u00f3n de virutas se puede seleccionar por dos lados para un trabajo flexible<\/span><\/li>\n<li class=\" meta\"><span>Placas base de aluminio macizo para resultados de trabajo nivelados<\/span><\/li>\n<li class=\" meta\"><span>Placa base con 3 ranuras en V para achaflanar f\u00e1cilmente los bordes<\/span><\/li>\n<li class=\"-marked meta\"><span>Ajuste sencillo y visible de la profundidad de corte<\/span><\/li>\n<li class=\"-marked meta\"><span>Protecci\u00f3n de la pieza y de las hojas del cepillo gracias al pat\u00edn de estacionamiento autom\u00e1tico<\/span><\/li>\n<li class=\"-marked meta\"><span>Tope paralelo para trabajos de cepillado rectos y precisos<\/span><\/li>\n<li class=\"-marked meta\"><span>Tope de profundidad plegable para crear tacones f\u00e1cilmente<\/span><\/li>\n<li class=\"-marked meta\"><span>Adaptador de aspiraci\u00f3n para conectar aspiradores en seco y h\u00famedo Einhell<\/span><\/li>\n<li class=\"-marked meta\"><span>Mango ergon\u00f3mico para trabajar sin fatiga<\/span><\/li>\n<li class=\"-marked meta\"><span>Manejo c\u00f3modo y seguro gracias al agarre suave<\/span><\/li>\n<li class=\"-marked meta\"><span>Incl. 2x cuchillas cepilladoras TCT duraderas (cuchillas reversibles)<\/span><\/li>\n<\/ul>\n","protected":false},"featured_media":9112,"template":"","meta":{"_joinchat":[]},"product_cat":[181],"product_tag":[],"class_list":{"0":"post-9111","1":"product","2":"type-product","3":"status-publish","4":"has-post-thumbnail","6":"product_cat-herramientas-electricas","8":"first","9":"instock","10":"taxable","11":"shipping-taxable","12":"product-type-simple"},"_links":{"self":[{"href":"https:\/\/lidertecsa.com.ar\/catalogo\/wp-json\/wp\/v2\/product\/9111"}],"collection":[{"href":"https:\/\/lidertecsa.com.ar\/catalogo\/wp-json\/wp\/v2\/product"}],"about":[{"href":"https:\/\/lidertecsa.com.ar\/catalogo\/wp-json\/wp\/v2\/types\/product"}],"wp:featuredmedia":[{"embeddable":true,"href":"https:\/\/lidertecsa.com.ar\/catalogo\/wp-json\/wp\/v2\/media\/9112"}],"wp:attachment":[{"href":"https:\/\/lidertecsa.com.ar\/catalogo\/wp-json\/wp\/v2\/media?parent=9111"}],"wp:term":[{"taxonomy":"product_cat","embeddable":true,"href":"https:\/\/lidertecsa.com.ar\/catalogo\/wp-json\/wp\/v2\/product_cat?post=9111"},{"taxonomy":"product_tag","embeddable":true,"href":"https:\/\/lidertecsa.com.ar\/catalogo\/wp-json\/wp\/v2\/product_tag?post=9111"}],"curies":[{"name":"wp","href":"https:\/\/api.w.org\/{rel}","templated":true}]}}