{"id":9104,"date":"2024-08-23T14:35:45","date_gmt":"2024-08-23T17:35:45","guid":{"rendered":"https:\/\/lidertecsa.com.ar\/catalogo\/?post_type=product&#038;p=9104"},"modified":"2024-12-13T16:45:35","modified_gmt":"2024-12-13T19:45:35","slug":"taladro-angular-inalambrica-te-ad-18-li-solo","status":"publish","type":"product","link":"https:\/\/lidertecsa.com.ar\/catalogo\/producto\/taladro-angular-inalambrica-te-ad-18-li-solo\/","title":{"rendered":"Taladro Angular Inalambrica TE-AD 18 Li &#8211; Solo"},"content":{"rendered":"<p><span class=\"heading gamma\"><span>Descripci\u00f3n del art\u00edculo<\/span><\/span><\/p>\n<p><span>El taladro angular a bater\u00eda Einhell TE-AD 18 Li-Solo es un pr\u00e1ctico dispositivo para atornillar y taladrar en espacios estrechos. El taladro angular puede llegar f\u00e1cilmente a lugares y nichos de dif\u00edcil acceso, como cajones poco profundos, gracias a su dise\u00f1o compacto en \u00e1ngulo y a su soporte de bater\u00eda giratorio. El gran interruptor permite una amplia variedad de posiciones de agarre para que el destornillador angular pueda utilizarse c\u00f3modamente desde cualquier posici\u00f3n. Como miembro de la familia Power X-Change, el taladro angular a bater\u00eda se puede combinar con todas las bater\u00edas y cargadores de la familia de sistemas. Con un par m\u00e1ximo de 45 Nm y un r\u00e9gimen de ralent\u00ed de hasta 1.100 revoluciones por minuto, el taladro angular es ideal para atornillar y taladrar con potencia. La caja de cambios de metal robusto garantiza una transmisi\u00f3n de potencia eficiente. Para ajustar la velocidad de forma \u00f3ptima, el dispositivo dispone de un control de velocidad de ajuste preciso. El portabrocas sin llave de 10 mm de un solo manguito aloja las puntas y taladros deseados en un instante. La luz LED integrada garantiza una visibilidad \u00f3ptima y el destornillador angular puede girar en el sentido de las agujas del reloj y en el sentido contrario a las agujas del reloj para atornillar y desatornillar tornillos. El dispositivo se adapta c\u00f3modamente a la mano gracias a su dise\u00f1o delgado y ergon\u00f3mico con superficies de agarre suaves especiales. El taladro angular inal\u00e1mbrico TE-AD 18 Li-Solo se entrega sin bater\u00eda Power X-Change ni cargador. Estos est\u00e1n disponibles por separado.<\/span><\/p>\n<div class=\"content-item module-headline-paragraph headline paragraph -color-headline-black\">\n<h2 class=\"heading delta\"><span>Datos t\u00e9cnicos<\/span><\/h2>\n<\/div>\n<div class=\"content-item module-table -styling-beta\">\n<table class=\"table__table\">\n<tbody>\n<tr class=\"-show tr-odd\">\n<td><span class=\"bold\"><span>N\u00famero de bater\u00edas incluidas en la entrega<\/span><\/span><\/td>\n<td><span>0 piezas<\/span><\/td>\n<\/tr>\n<tr class=\"-show tr-even\">\n<td><span class=\"bold\"><span>N\u00famero de marchas de transmisi\u00f3n.<\/span><\/span><\/td>\n<td><span>1<\/span><\/td>\n<\/tr>\n<tr class=\"-show tr-odd\">\n<td><span class=\"bold\"><span>N\u00famero de cargadores incluidos en la entrega<\/span><\/span><\/td>\n<td><span>0 piezas<\/span><\/td>\n<\/tr>\n<tr class=\"-show tr-even\">\n<td><span class=\"bold\"><span>Torque (duro)<\/span><\/span><\/td>\n<td><span>45 Nm<\/span><\/td>\n<\/tr>\n<tr class=\"-show tr-odd\">\n<td><span class=\"bold\"><span>Di\u00e1metro del mango<\/span><\/span><\/td>\n<td><span>40mm<\/span><\/td>\n<\/tr>\n<tr class=\"-show tr-even\">\n<td><span class=\"bold\"><span>Material del engranaje<\/span><\/span><\/td>\n<td><span>metal<\/span><\/td>\n<\/tr>\n<tr class=\"-show tr-odd\">\n<td><span class=\"bold\"><span>Portabrocas de capacidad m\u00e1xima<\/span><\/span><\/td>\n<td><span>10mm<\/span><\/td>\n<\/tr>\n<tr class=\"-show tr-even\">\n<td><span class=\"bold\"><span>Portabrocas de capacidad m\u00edn.<\/span><\/span><\/td>\n<td><span>1mm<\/span><\/td>\n<\/tr>\n<tr class=\"-show tr-odd\">\n<td><span class=\"bold\"><span>Recomendaci\u00f3n de bater\u00eda PXC m\u00edn.<\/span><\/span><\/td>\n<td><span>Todas las bater\u00edas<\/span><\/td>\n<\/tr>\n<tr class=\"-show tr-even\">\n<td><span class=\"bold\"><span>voltaje del motor<\/span><\/span><\/td>\n<td><span>18V<\/span><\/td>\n<\/tr>\n<tr class=\"-show tr-odd\">\n<td><span class=\"bold\"><span>Persistencia de la luz LED<\/span><\/span><\/td>\n<td><span>10<\/span><\/td>\n<\/tr>\n<tr class=\"-show tr-even\">\n<td><span class=\"bold\"><span>Peso del producto<\/span><\/span><\/td>\n<td><span>1,22 kilogramos<\/span><\/td>\n<\/tr>\n<\/tbody>\n<\/table>\n<\/div>\n","protected":false},"excerpt":{"rendered":"<ul>\n<li class=\" meta\"><span>Miembro de la familia Power X-Change, requiere 1 bater\u00eda de 18 V<\/span><\/li>\n<li class=\" meta\"><span>Soporte de bater\u00eda giratorio para uso flexible<\/span><\/li>\n<li class=\" meta\"><span>Dise\u00f1o pr\u00e1ctico ideal para lugares de dif\u00edcil acceso<\/span><\/li>\n<li class=\" meta\"><span>Taladro angular para trabajar en espacios estrechos y nichos.<\/span><\/li>\n<li class=\" meta\"><span>Interruptor grande para diferentes posiciones de agarre.<\/span><\/li>\n<li class=\"-marked meta\"><span>Electr\u00f3nica de velocidad ajustable con precisi\u00f3n<\/span><\/li>\n<li class=\"-marked meta\"><span>Luz LED integrada para iluminar el \u00e1rea de trabajo.<\/span><\/li>\n<li class=\"-marked meta\"><span>Portabrocas sin llave de 10 mm de alta calidad<\/span><\/li>\n<li class=\"-marked meta\"><span>Rotaci\u00f3n derecha e izquierda<\/span><\/li>\n<li class=\"-marked meta\"><span>Engranaje met\u00e1lico robusto para una larga vida \u00fatil<\/span><\/li>\n<li class=\"-marked meta\"><span>Se entrega sin bater\u00eda ni cargador (se vende por separado)<\/span><\/li>\n<\/ul>\n","protected":false},"featured_media":9105,"template":"","meta":{"_joinchat":[]},"product_cat":[50],"product_tag":[],"class_list":{"0":"post-9104","1":"product","2":"type-product","3":"status-publish","4":"has-post-thumbnail","6":"product_cat-herramientas-a-bateria","8":"first","9":"instock","10":"taxable","11":"shipping-taxable","12":"product-type-simple"},"_links":{"self":[{"href":"https:\/\/lidertecsa.com.ar\/catalogo\/wp-json\/wp\/v2\/product\/9104"}],"collection":[{"href":"https:\/\/lidertecsa.com.ar\/catalogo\/wp-json\/wp\/v2\/product"}],"about":[{"href":"https:\/\/lidertecsa.com.ar\/catalogo\/wp-json\/wp\/v2\/types\/product"}],"wp:featuredmedia":[{"embeddable":true,"href":"https:\/\/lidertecsa.com.ar\/catalogo\/wp-json\/wp\/v2\/media\/9105"}],"wp:attachment":[{"href":"https:\/\/lidertecsa.com.ar\/catalogo\/wp-json\/wp\/v2\/media?parent=9104"}],"wp:term":[{"taxonomy":"product_cat","embeddable":true,"href":"https:\/\/lidertecsa.com.ar\/catalogo\/wp-json\/wp\/v2\/product_cat?post=9104"},{"taxonomy":"product_tag","embeddable":true,"href":"https:\/\/lidertecsa.com.ar\/catalogo\/wp-json\/wp\/v2\/product_tag?post=9104"}],"curies":[{"name":"wp","href":"https:\/\/api.w.org\/{rel}","templated":true}]}}