{"id":854,"date":"2023-06-20T16:43:03","date_gmt":"2023-06-20T19:43:03","guid":{"rendered":"https:\/\/lidertecsa.com.ar\/catalogo\/?post_type=product&#038;p=854"},"modified":"2024-12-13T16:31:12","modified_gmt":"2024-12-13T19:31:12","slug":"motosierra-inalambrica-ge-lc-36-35-li-solo","status":"publish","type":"product","link":"https:\/\/lidertecsa.com.ar\/catalogo\/producto\/motosierra-inalambrica-ge-lc-36-35-li-solo\/","title":{"rendered":"Motosierra Inal\u00e1mbrica GE-LC 36\/35 Li-Solo"},"content":{"rendered":"<p>La sierra de cadena a bater\u00edas GE-LC 36\/35 Li-Solo seduce por sus virtudes: es flexible, potente y manejable. Perteneciente a la familia Power X-Change, esta sierra de cadena recibe el suministro de energ\u00eda de dos potentes bater\u00edas 18 V y es impulsada por un motor el\u00e9ctrico sin escobillas Brushless por muy apartada que est\u00e9 de un enchufe. La sierra de cadena a bater\u00edas se abre paso a trav\u00e9s de troncos de gran grosor gracias a su espada y cadena de calidad OREGON, a los 350 mm de longitud de la espada y a una velocidad de corte de 15 m\/s. Tanto el cambio de cadena como el ajuste de la tensi\u00f3n de la cadena se pueden llevar a cabo sin herramientas. El robusto amortiguador de puntas est\u00e1 fabricado en metal. La protecci\u00f3n antirretroceso y el frenado inmediato de la cadena, as\u00ed como el eslab\u00f3n de cadena, garantizan un grado adicional de seguridad. El asa ergon\u00f3mica con agarre suave hace m\u00e1s f\u00e1cil el uso prolongado y permite trabajar con comodidad por muy resistente que sea el material. La lubricaci\u00f3n de la cadena tiene lugar de manera autom\u00e1tica. Para efectuar el llenado de aceite se dispone de una abertura de gran tama\u00f1o. La capacidad del dep\u00f3sito de aceite es de 120 ml. El env\u00edo se realiza sin bater\u00eda y sin cargador. Estos se pueden adquirir por separado, p. ej., en forma de pr\u00e1ctico juego para principiantes PXC con distintos niveles de prestaciones.<\/p>\n<table width=\"395\">\n<tbody>\n<tr>\n<td colspan=\"2\" width=\"395\">T\u00e9cnico<\/td>\n<\/tr>\n<tr>\n<td width=\"285\">Longitud de la espada<\/td>\n<td width=\"110\">35 cm<\/td>\n<\/tr>\n<tr>\n<td width=\"285\">Max.\u00a0longitud de corte<\/td>\n<td width=\"110\">33 cm<\/td>\n<\/tr>\n<tr>\n<td width=\"285\">Velocidad de corte de cadena<\/td>\n<td width=\"110\">15 m \/ s<\/td>\n<\/tr>\n<tr>\n<td width=\"285\">Capacidad del tanque de aceite<\/td>\n<td width=\"110\">115 ml<\/td>\n<\/tr>\n<\/tbody>\n<\/table>\n","protected":false},"excerpt":{"rendered":"<ul>\n<li>Miembro de la familia Power X-Change, necesita 2 bater\u00edas de 18 V<\/li>\n<li>Motor Brushless de \u2013 con motor el\u00e9ctrico sin escobillas<\/li>\n<li>Espada y cadena de calidad OREGON<\/li>\n<li>No es necesario usar herramientas para tensar la cadena o sustituirla<\/li>\n<li>Protecci\u00f3n antirretroceso con frenado inmediato de la cadena<\/li>\n<li>Asa ergon\u00f3mica con agarre suave<\/li>\n<li>Amortiguador de puntas met\u00e1lico<\/li>\n<li>Boca de llenado de aceite de gran tama\u00f1o<\/li>\n<li>Lubricaci\u00f3n autom\u00e1tica de la cadena<\/li>\n<li>Eslabones de cadena<\/li>\n<li>Se suministra sin bater\u00eda ni cargador (se pueden adquirir por separado)<\/li>\n<\/ul>\n","protected":false},"featured_media":855,"template":"","meta":{"_joinchat":[]},"product_cat":[50],"product_tag":[253],"class_list":{"0":"post-854","1":"product","2":"type-product","3":"status-publish","4":"has-post-thumbnail","6":"product_cat-herramientas-a-bateria","7":"product_tag-motosierra-inalambrica","9":"first","10":"instock","11":"product-type-simple"},"_links":{"self":[{"href":"https:\/\/lidertecsa.com.ar\/catalogo\/wp-json\/wp\/v2\/product\/854"}],"collection":[{"href":"https:\/\/lidertecsa.com.ar\/catalogo\/wp-json\/wp\/v2\/product"}],"about":[{"href":"https:\/\/lidertecsa.com.ar\/catalogo\/wp-json\/wp\/v2\/types\/product"}],"wp:featuredmedia":[{"embeddable":true,"href":"https:\/\/lidertecsa.com.ar\/catalogo\/wp-json\/wp\/v2\/media\/855"}],"wp:attachment":[{"href":"https:\/\/lidertecsa.com.ar\/catalogo\/wp-json\/wp\/v2\/media?parent=854"}],"wp:term":[{"taxonomy":"product_cat","embeddable":true,"href":"https:\/\/lidertecsa.com.ar\/catalogo\/wp-json\/wp\/v2\/product_cat?post=854"},{"taxonomy":"product_tag","embeddable":true,"href":"https:\/\/lidertecsa.com.ar\/catalogo\/wp-json\/wp\/v2\/product_tag?post=854"}],"curies":[{"name":"wp","href":"https:\/\/api.w.org\/{rel}","templated":true}]}}