{"id":848,"date":"2023-06-20T16:32:28","date_gmt":"2023-06-20T19:32:28","guid":{"rendered":"https:\/\/lidertecsa.com.ar\/catalogo\/?post_type=product&#038;p=848"},"modified":"2024-12-13T16:31:12","modified_gmt":"2024-12-13T19:31:12","slug":"afilador-de-cadena-inalambrico-ge-cs-18-li-solo","status":"publish","type":"product","link":"https:\/\/lidertecsa.com.ar\/catalogo\/producto\/afilador-de-cadena-inalambrico-ge-cs-18-li-solo\/","title":{"rendered":"Afilador de cadena inal\u00e1mbrico GE-CS 18 Li-Solo"},"content":{"rendered":"<p>El afilador de cadenas de motosierra sin cable GE-CS 18 Li \u2013 Solo, afila la cadena y cuida el bolsillo ofreciendo un afilado preciso en lugar de una compra nueva y costosa. Las cadenas para motosierras disponibles en el mercado se pueden afilar r\u00e1pida y suavemente con el afilador de cadenas de motosierra. El l\u00edmite de profundidad protege la cadena de una p\u00e9rdida excesiva de material. Con la escala para el ajuste preciso del \u00e1ngulo de esmerilado y el dispositivo de tensi\u00f3n de la cadena, lograr el mecanizado exacto por medio del disco de afilado en un abrir y cerrar de ojos ya no es gran cosa. El afilador de cadenas de motosierra se suministra sin bater\u00eda ni cargador, los cuales se venden por separado.<\/p>\n<table width=\"472\">\n<tbody>\n<tr>\n<td colspan=\"2\" width=\"472\">T\u00e9cnico<\/td>\n<\/tr>\n<tr>\n<td width=\"326\">Ralent\u00ed<\/td>\n<td width=\"146\">6500 min ^ -1<\/td>\n<\/tr>\n<tr>\n<td width=\"326\">Di\u00e1metro de la muela abrasiva (interior)<\/td>\n<td width=\"146\">23 mm<\/td>\n<\/tr>\n<tr>\n<td width=\"326\">Di\u00e1metro de la muela (exterior)<\/td>\n<td width=\"146\">108 mil\u00edmetros<\/td>\n<\/tr>\n<tr>\n<td width=\"326\">Espesor de la muela abrasiva<\/td>\n<td width=\"146\">3,2 mil\u00edmetros<\/td>\n<\/tr>\n<tr>\n<td width=\"326\">Numero de acumuladores<\/td>\n<td width=\"146\">0 piezas<\/td>\n<\/tr>\n<\/tbody>\n<\/table>\n","protected":false},"excerpt":{"rendered":"<ul>\n<li>Limitaci\u00f3n de profundidad<\/li>\n<li>Escala para la precisi\u00f3n del ajuste del \u00e1ngulo de afilado<\/li>\n<li>Dispositivo tensor de cadena<\/li>\n<li>Muela abrasiva<\/li>\n<li>Iluminaci\u00f3n LED<\/li>\n<li>Se suministra sin bater\u00eda ni cargador (se pueden adquirir por separado)<\/li>\n<\/ul>\n","protected":false},"featured_media":849,"template":"","meta":{"_joinchat":[]},"product_cat":[50],"product_tag":[252],"class_list":{"0":"post-848","1":"product","2":"type-product","3":"status-publish","4":"has-post-thumbnail","6":"product_cat-herramientas-a-bateria","7":"product_tag-afilanasdor-de-cadenas","9":"first","10":"instock","11":"product-type-simple"},"_links":{"self":[{"href":"https:\/\/lidertecsa.com.ar\/catalogo\/wp-json\/wp\/v2\/product\/848"}],"collection":[{"href":"https:\/\/lidertecsa.com.ar\/catalogo\/wp-json\/wp\/v2\/product"}],"about":[{"href":"https:\/\/lidertecsa.com.ar\/catalogo\/wp-json\/wp\/v2\/types\/product"}],"wp:featuredmedia":[{"embeddable":true,"href":"https:\/\/lidertecsa.com.ar\/catalogo\/wp-json\/wp\/v2\/media\/849"}],"wp:attachment":[{"href":"https:\/\/lidertecsa.com.ar\/catalogo\/wp-json\/wp\/v2\/media?parent=848"}],"wp:term":[{"taxonomy":"product_cat","embeddable":true,"href":"https:\/\/lidertecsa.com.ar\/catalogo\/wp-json\/wp\/v2\/product_cat?post=848"},{"taxonomy":"product_tag","embeddable":true,"href":"https:\/\/lidertecsa.com.ar\/catalogo\/wp-json\/wp\/v2\/product_tag?post=848"}],"curies":[{"name":"wp","href":"https:\/\/api.w.org\/{rel}","templated":true}]}}