{"id":8346,"date":"2024-08-14T11:21:28","date_gmt":"2024-08-14T14:21:28","guid":{"rendered":"https:\/\/lidertecsa.com.ar\/catalogo\/?post_type=product&#038;p=8346"},"modified":"2024-12-21T09:33:51","modified_gmt":"2024-12-21T12:33:51","slug":"respirador-descartable-air-d801","status":"publish","type":"product","link":"https:\/\/lidertecsa.com.ar\/catalogo\/producto\/respirador-descartable-air-d801\/","title":{"rendered":"Respirador Descartable Air D801"},"content":{"rendered":"<p><strong>Caracter\u00edsticas<\/strong><br \/>\n-Clip met\u00e1lico de aluminio.<br \/>\n-Espuma nasal interior.<br \/>\n-Bandas termopl\u00e1sticas textiles soldadas<\/p>\n<p><strong>Aplicaci\u00f3n<\/strong><br \/>\nProtecci\u00f3n de las v\u00edas respiratorias contra niveles moderados de contra part\u00edculas s\u00f3lidas, l\u00edquidas acuosas y aceitosas con un 94% de eficiencia m\u00ednima a 0,3 \u00b5m, presentes en procesos como enyesado, cementado, lijado y polvo de madera.<\/p>\n<p><strong>Restricci\u00f3n de uso<\/strong><br \/>\n-Este respirador no suministra ox\u00edgeno. Utilice en \u00e1reas adecuadamente ventiladas sin deficiencia de ox\u00edgeno y que no contengan atm\u00f3sferas explosivas.<br \/>\n-No usar en ambientes donde el nivel de concentraci\u00f3n del contaminante es inmediatamente peligroso para la vida o la salud (IDLH).<br \/>\n-No usar como protecci\u00f3n contra gases y vapores.<br \/>\n-Respirador marcado como \u201cNR\u201d, por lo que no debe utilizarse por m\u00e1s de un turno.<\/p>\n<p><strong>Certificaci\u00f3n<\/strong><br \/>\nEN 149:2001 + A 1:2009, conforme a lo dispuesto en el reglamento (UE) 2016\/425 relativo a los equipos de protecci\u00f3n individual.<br \/>\nRegistro I.S.P. EPP1663<\/p>\n<p><strong>Materiales<\/strong><br \/>\n-Material filtrante: tela no tejida de polipropileno cargada electrost\u00e1ticamente.<br \/>\n-Clip: aluminio.<br \/>\n-Bandas: termopl\u00e1sticas textiles.<br \/>\n-Color: blanco.<\/p>\n","protected":false},"excerpt":{"rendered":"<p>Respirador de libre mantenimiento no reutilizable contra part\u00edculass\u00f3lidas, l\u00edquidas acuosas y aceitosas. Con clip de aluminio para un mejor ajuste a un amplio rango de tama\u00f1os de rostro. Bandas termopl\u00e1sticas tejidas de excelente calidad que permiten un ajuste efectivo y confortable.<\/p>\n","protected":false},"featured_media":9245,"template":"","meta":{"_joinchat":[]},"product_cat":[1369],"product_tag":[],"class_list":{"0":"post-8346","1":"product","2":"type-product","3":"status-publish","4":"has-post-thumbnail","6":"product_cat-mascaras-y-semi-mascaras","8":"first","9":"instock","10":"taxable","11":"shipping-taxable","12":"purchasable","13":"product-type-simple"},"_links":{"self":[{"href":"https:\/\/lidertecsa.com.ar\/catalogo\/wp-json\/wp\/v2\/product\/8346"}],"collection":[{"href":"https:\/\/lidertecsa.com.ar\/catalogo\/wp-json\/wp\/v2\/product"}],"about":[{"href":"https:\/\/lidertecsa.com.ar\/catalogo\/wp-json\/wp\/v2\/types\/product"}],"wp:featuredmedia":[{"embeddable":true,"href":"https:\/\/lidertecsa.com.ar\/catalogo\/wp-json\/wp\/v2\/media\/9245"}],"wp:attachment":[{"href":"https:\/\/lidertecsa.com.ar\/catalogo\/wp-json\/wp\/v2\/media?parent=8346"}],"wp:term":[{"taxonomy":"product_cat","embeddable":true,"href":"https:\/\/lidertecsa.com.ar\/catalogo\/wp-json\/wp\/v2\/product_cat?post=8346"},{"taxonomy":"product_tag","embeddable":true,"href":"https:\/\/lidertecsa.com.ar\/catalogo\/wp-json\/wp\/v2\/product_tag?post=8346"}],"curies":[{"name":"wp","href":"https:\/\/api.w.org\/{rel}","templated":true}]}}

<p><strong>Características</strong><br />
-Clip metálico de aluminio.<br />
-Espuma nasal interior.<br />
-Bandas termoplásticas textiles soldadas</p>
<p><strong>Aplicación</strong><br />
Protección de las vías respiratorias contra niveles moderados de contra partículas sólidas, líquidas acuosas y aceitosas con un 94% de eficiencia mínima a 0,3 µm, presentes en procesos como enyesado, cementado, lijado y polvo de madera.</p>
<p><strong>Restricción de uso</strong><br />
-Este respirador no suministra oxígeno. Utilice en áreas adecuadamente ventiladas sin deficiencia de oxígeno y que no contengan atmósferas explosivas.<br />
-No usar en ambientes donde el nivel de concentración del contaminante es inmediatamente peligroso para la vida o la salud (IDLH).<br />
-No usar como protección contra gases y vapores.<br />
-Respirador marcado como “NR”, por lo que no debe utilizarse por más de un turno.</p>
<p><strong>Certificación</strong><br />
EN 149:2001 + A 1:2009, conforme a lo dispuesto en el reglamento (UE) 2016/425 relativo a los equipos de protección individual.<br />
Registro I.S.P. EPP1663</p>
<p><strong>Materiales</strong><br />
-Material filtrante: tela no tejida de polipropileno cargada electrostáticamente.<br />
-Clip: aluminio.<br />
-Bandas: termoplásticas textiles.<br />
-Color: blanco.</p>

<p>Respirador de libre mantenimiento no reutilizable contra partículassólidas, líquidas acuosas y aceitosas. Con clip de aluminio para un mejor ajuste a un amplio rango de tamaños de rostro. Bandas termoplásticas tejidas de excelente calidad que permiten un ajuste efectivo y confortable.</p>
