{"id":8342,"date":"2024-08-14T11:11:20","date_gmt":"2024-08-14T14:11:20","guid":{"rendered":"https:\/\/lidertecsa.com.ar\/catalogo\/?post_type=product&#038;p=8342"},"modified":"2024-12-21T09:25:59","modified_gmt":"2024-12-21T12:25:59","slug":"filtro-air-f600mp3","status":"publish","type":"product","link":"https:\/\/lidertecsa.com.ar\/catalogo\/producto\/filtro-air-f600mp3\/","title":{"rendered":"Filtro Air F600MP3"},"content":{"rendered":"<p><strong>Caracter\u00edsticas<\/strong><br \/>\n-Dise\u00f1o que permite igual distribuci\u00f3n del flujo de aire a trav\u00e9s del medio filtrante, alargando su vida \u00fatil.<br \/>\n-Construcci\u00f3n desplazada para una mejor distribuci\u00f3n del peso, incrementando la comodidad y la visibilidad.<\/p>\n<p><strong>Aplicaci\u00f3n<\/strong><br \/>\nProtecci\u00f3n de las v\u00edas respiratorias del usuario contra:<br \/>\n-Vapores org\u00e1nicos, cloro, sulfuro de hidr\u00f3geno, cianuro de hidr\u00f3geno, anh\u00eddrido sulfuroso (SO<span style=\"font-size: 10px\">2<\/span>), formaldeh\u00eddo (CH<span style=\"font-size: 10px\">2<\/span>O), gases \u00e1cidos, amoniaco y sus derivados org\u00e1nicos.<br \/>\n-Part\u00edculas s\u00f3lidas y l\u00edquidas con un 99,95% de eficiencia m\u00ednima como: carb\u00f3n, algod\u00f3n, aluminio, trigo, hierro, s\u00edlice libre cristalizada, plomo, cadmio, ars\u00e9nico, asbesto, generadas en procesos de revestimiento de asfalto, etc.<\/p>\n<p><strong>Eficiencia qu\u00edmica a 1000 ppm<\/strong><br \/>\n-Ciclohexano (C<span style=\"font-size: 10px\">6<\/span>H<span style=\"font-size: 10px\">12<\/span>): 70 minutos<br \/>\n-Cloro (Cl<span style=\"font-size: 10px\">2<\/span>): 20 minutos<br \/>\n-Acido sulfh\u00eddrico (H<span style=\"font-size: 10px\">2<\/span>S): 40 minutos<br \/>\n-Acido cianh\u00eddrico (HCN): 25 minutos<br \/>\n-Di\u00f3xido de azufre (SO<span style=\"font-size: 10px\">2<\/span>): 20 minutos<br \/>\n-Amon\u00edaco (NH<span style=\"font-size: 10px\">3<\/span>): 50 minutos<\/p>\n<p><strong>Restricci\u00f3n de uso<\/strong><br \/>\n-Este filtro no suministra ox\u00edgeno. Utilice en \u00e1reas adecuadamente ventiladas sin deficiencia de ox\u00edgeno y que no contengan atm\u00f3sferas explosivas.<br \/>\n-No usar en ambientes donde el nivel de concentraci\u00f3n del contaminante es inmediatamente peligroso para la vida o la<br \/>\nsalud (IDLH).<\/p>\n<p><strong>Certificaci\u00f3n<\/strong><br \/>\nEN 14387:2004 + A 1:2008. conforme a lo dispuesto en el reglamento (UE) 2016\/425 relativo a los equipos de protecci\u00f3n individual.<br \/>\nRegistro I.S.P. EPP2741<\/p>\n<p><strong>Materiales<\/strong><br \/>\n-C\u00e1psula: Termopl\u00e1stica.<br \/>\n-Material filtrante: carb\u00f3n activado i microfibra de vidrio.<br \/>\n-Color de etiqueta: Marr\u00f3n, gris, amarillo, verde y<br \/>\nblanco.<\/p>\n","protected":false},"excerpt":{"rendered":"<p>Filtro aprobado para la protecci\u00f3n contra vapores org\u00e1nicos, cloro (Cl<span style=\"font-size: 10px\">2<\/span>), \u00e1cido sulfh\u00eddrico (H<span style=\"font-size: 10px\">2<\/span>S), \u00e1cido cianh\u00eddrico (HCN), anh\u00eddrido sulfuroso (SO<span style=\"font-size: 10px\">2<\/span>), formaldeh\u00eddo (CH<span style=\"font-size: 10px\">2<\/span>O), gases \u00e1cidos, amoniaco (NH<span style=\"font-size: 10px\">3<\/span>), y sus derivados org\u00e1nicos, y part\u00edculas, compatible con l\u00edneas de respiradores AIR S900, S950, y FFS990.<\/p>\n<p>&nbsp;<\/p>\n<p><span style=\"font-size: 20px\"><strong>PRECIO POR PAR DE FILTROS<\/strong><\/span><\/p>\n","protected":false},"featured_media":9552,"template":"","meta":{"_joinchat":[]},"product_cat":[1370],"product_tag":[],"class_list":{"0":"post-8342","1":"product","2":"type-product","3":"status-publish","4":"has-post-thumbnail","6":"product_cat-filtro-y-pre-filtro","8":"first","9":"instock","10":"taxable","11":"shipping-taxable","12":"purchasable","13":"product-type-simple"},"_links":{"self":[{"href":"https:\/\/lidertecsa.com.ar\/catalogo\/wp-json\/wp\/v2\/product\/8342"}],"collection":[{"href":"https:\/\/lidertecsa.com.ar\/catalogo\/wp-json\/wp\/v2\/product"}],"about":[{"href":"https:\/\/lidertecsa.com.ar\/catalogo\/wp-json\/wp\/v2\/types\/product"}],"wp:featuredmedia":[{"embeddable":true,"href":"https:\/\/lidertecsa.com.ar\/catalogo\/wp-json\/wp\/v2\/media\/9552"}],"wp:attachment":[{"href":"https:\/\/lidertecsa.com.ar\/catalogo\/wp-json\/wp\/v2\/media?parent=8342"}],"wp:term":[{"taxonomy":"product_cat","embeddable":true,"href":"https:\/\/lidertecsa.com.ar\/catalogo\/wp-json\/wp\/v2\/product_cat?post=8342"},{"taxonomy":"product_tag","embeddable":true,"href":"https:\/\/lidertecsa.com.ar\/catalogo\/wp-json\/wp\/v2\/product_tag?post=8342"}],"curies":[{"name":"wp","href":"https:\/\/api.w.org\/{rel}","templated":true}]}}