{"id":8313,"date":"2024-08-13T13:55:13","date_gmt":"2024-08-13T16:55:13","guid":{"rendered":"https:\/\/lidertecsa.com.ar\/catalogo\/?post_type=product&#038;p=8313"},"modified":"2024-12-29T10:27:31","modified_gmt":"2024-12-29T13:27:31","slug":"respirador-air-s900","status":"publish","type":"product","link":"https:\/\/lidertecsa.com.ar\/catalogo\/producto\/respirador-air-s900\/","title":{"rendered":"Respirador Air S900"},"content":{"rendered":"<p><strong>Caracter\u00edsticas<\/strong><br \/>\n-Sello facial de TPE de alta suavidad.<br \/>\n-Sistema de ajuste deslizable, ascendente y descendente.<br \/>\n-L\u00ednea de sello mayor y con variaci\u00f3n de espesor.<br \/>\n-Conexi\u00f3n tipo bayoneta compatible con todos filtros AIR.<\/p>\n<p><strong>Aplicaci\u00f3n<\/strong><br \/>\nProtecci\u00f3n de las v\u00edas respiratorias contra la inhalaci\u00f3n de part\u00edculas s\u00f3lidas, part\u00edculas l\u00edquidas, gases y vapores cuando es utilizado con filtros mec\u00e1nicos\/electroest\u00e1ticos, qu\u00edmicos o mixtos adecuados.<\/p>\n<p><strong>Restricci\u00f3n de uso<\/strong><br \/>\n-Este respirador no suministra ox\u00edgeno. Utilice en \u00e1reas adecuadamente ventiladas sin deficiencia de ox\u00edgeno y que no contengan atm\u00f3sferas explosivas.<br \/>\n-No usar en ambientes donde el nivel de concentraci\u00f3n del contaminante es inmediatamente peligroso para la vida o la salud (IDLH)<\/p>\n<p><strong>Certificaci\u00f3n<\/strong><br \/>\nEN 140:1998. Conforme a lo dispuesto en el reglamento (UE) 2016\/425 relativo a los equipos de protecci\u00f3n individual.<br \/>\nRegistro I.S.P. EPP4158.<\/p>\n<p><strong>Materiales<\/strong><br \/>\n-Pieza facial: TPE.<br \/>\n-Bandas: polietileno de alta resistencia.<br \/>\n-Color: gris\/rojo<\/p>\n","protected":false},"excerpt":{"rendered":"<p>Respirador de medio rostro AIR serie S900, con sello facial TPE de alta suavidad, liviano, con arn\u00e9s ajustable y sistema ajustable deslizable. Disponible en 3 tama\u00f1os: peque\u00f1o S, mediano M y grande L.<\/p>\n","protected":false},"featured_media":9247,"template":"","meta":{"_joinchat":[]},"product_cat":[1369,1086],"product_tag":[],"class_list":{"0":"post-8313","1":"product","2":"type-product","3":"status-publish","4":"has-post-thumbnail","6":"product_cat-mascaras-y-semi-mascaras","7":"product_cat-oferta","9":"first","10":"instock","11":"sale","12":"taxable","13":"shipping-taxable","14":"purchasable","15":"product-type-simple"},"_links":{"self":[{"href":"https:\/\/lidertecsa.com.ar\/catalogo\/wp-json\/wp\/v2\/product\/8313"}],"collection":[{"href":"https:\/\/lidertecsa.com.ar\/catalogo\/wp-json\/wp\/v2\/product"}],"about":[{"href":"https:\/\/lidertecsa.com.ar\/catalogo\/wp-json\/wp\/v2\/types\/product"}],"wp:featuredmedia":[{"embeddable":true,"href":"https:\/\/lidertecsa.com.ar\/catalogo\/wp-json\/wp\/v2\/media\/9247"}],"wp:attachment":[{"href":"https:\/\/lidertecsa.com.ar\/catalogo\/wp-json\/wp\/v2\/media?parent=8313"}],"wp:term":[{"taxonomy":"product_cat","embeddable":true,"href":"https:\/\/lidertecsa.com.ar\/catalogo\/wp-json\/wp\/v2\/product_cat?post=8313"},{"taxonomy":"product_tag","embeddable":true,"href":"https:\/\/lidertecsa.com.ar\/catalogo\/wp-json\/wp\/v2\/product_tag?post=8313"}],"curies":[{"name":"wp","href":"https:\/\/api.w.org\/{rel}","templated":true}]}}