{"id":8311,"date":"2024-08-13T13:35:49","date_gmt":"2024-08-13T16:35:49","guid":{"rendered":"https:\/\/lidertecsa.com.ar\/catalogo\/?post_type=product&#038;p=8311"},"modified":"2024-12-29T10:56:17","modified_gmt":"2024-12-29T13:56:17","slug":"respirador-air-s950","status":"publish","type":"product","link":"https:\/\/lidertecsa.com.ar\/catalogo\/producto\/respirador-air-s950\/","title":{"rendered":"Respirador de Silicona Air S950."},"content":{"rendered":"<p><strong>Caracter\u00edsticas<\/strong><br \/>\n-Sello facial de silicona de alta confortabilidad.<br \/>\n-Sistema de ajuste fijo y deslizable.<br \/>\n-L\u00ednea de sello mayor anat\u00f3micamente actualizado.<br \/>\n-Tapa frontal removible para una f\u00e1cil mantenci\u00f3n.<br \/>\n-V\u00e1lvula de exhalaci\u00f3n MAX FLOW que reduce eficientemente la temperatura, humedad y contenido de CO<span style=\"font-size: 10px\">2<\/span> en el interior del respirador.<br \/>\n-Conexi\u00f3n tipo bayoneta compatible con todos filtros AIR.<\/p>\n<p><strong>Aplicaci\u00f3n<\/strong><br \/>\nProtecci\u00f3n de las v\u00edas respiratorias contra la inhalaci\u00f3n de part\u00edculas s\u00f3lidas, part\u00edculas l\u00edquidas, gases y vapores cuando es utilizado con filtros mec\u00e1nicos\/electroest\u00e1ticos, qu\u00edmicos o mixtos adecuados.<\/p>\n<p><strong>Restricci\u00f3n de uso<\/strong><br \/>\n-Este respirador no suministra ox\u00edgeno. Utilice en \u00e1reas adecuadamente ventiladas sin deficiencia de ox\u00edgeno y que no contengan atm\u00f3sferas explosivas.<br \/>\n-No usar en ambientes donde el nivel de concentraci\u00f3n del contaminante es inmediatamente peligroso para la vida o la salud (IDLH).<\/p>\n<p><strong>Certificaci\u00f3n<\/strong><br \/>\nEN 140:1998. Conforme a lo dispuesto en el reglamento (UE) 2016\/425 relativo a los equipos de protecci\u00f3n individual.<br \/>\nRegistro I.S.P. EEP2302<\/p>\n<p><strong>Materiales<\/strong><br \/>\n-Pieza facial: silicona.<br \/>\n-Bandas: polietileno con alta resistencia<br \/>\n-Color: gris\/rojo<\/p>\n","protected":false},"excerpt":{"rendered":"<p>Respirador de medio rostro AIR serie S950, con sello facial de silicona, arn\u00e9s ajustable, v\u00e1lvula MAX FLOW y de f\u00e1cil mantenimiento. Disponible en 3 tama\u00f1os: peque\u00f1o S, mediano M y grande L.<\/p>\n","protected":false},"featured_media":9246,"template":"","meta":{"_joinchat":[]},"product_cat":[1369,1086],"product_tag":[],"class_list":{"0":"post-8311","1":"product","2":"type-product","3":"status-publish","4":"has-post-thumbnail","6":"product_cat-mascaras-y-semi-mascaras","7":"product_cat-oferta","9":"first","10":"instock","11":"sale","12":"taxable","13":"shipping-taxable","14":"purchasable","15":"product-type-simple"},"_links":{"self":[{"href":"https:\/\/lidertecsa.com.ar\/catalogo\/wp-json\/wp\/v2\/product\/8311"}],"collection":[{"href":"https:\/\/lidertecsa.com.ar\/catalogo\/wp-json\/wp\/v2\/product"}],"about":[{"href":"https:\/\/lidertecsa.com.ar\/catalogo\/wp-json\/wp\/v2\/types\/product"}],"wp:featuredmedia":[{"embeddable":true,"href":"https:\/\/lidertecsa.com.ar\/catalogo\/wp-json\/wp\/v2\/media\/9246"}],"wp:attachment":[{"href":"https:\/\/lidertecsa.com.ar\/catalogo\/wp-json\/wp\/v2\/media?parent=8311"}],"wp:term":[{"taxonomy":"product_cat","embeddable":true,"href":"https:\/\/lidertecsa.com.ar\/catalogo\/wp-json\/wp\/v2\/product_cat?post=8311"},{"taxonomy":"product_tag","embeddable":true,"href":"https:\/\/lidertecsa.com.ar\/catalogo\/wp-json\/wp\/v2\/product_tag?post=8311"}],"curies":[{"name":"wp","href":"https:\/\/api.w.org\/{rel}","templated":true}]}}