{"id":805,"date":"2023-06-20T10:10:54","date_gmt":"2023-06-20T13:10:54","guid":{"rendered":"https:\/\/lidertecsa.com.ar\/catalogo\/?post_type=product&#038;p=805"},"modified":"2024-12-13T16:31:06","modified_gmt":"2024-12-13T19:31:06","slug":"cortacesped-inalambrico-ge-cm-18-33-li-1-x-4-0-ah-kit","status":"publish","type":"product","link":"https:\/\/lidertecsa.com.ar\/catalogo\/producto\/cortacesped-inalambrico-ge-cm-18-33-li-1-x-4-0-ah-kit\/","title":{"rendered":"Cortac\u00e9sped Inal\u00e1mbrico GE-CM 18\/33 LI (1 x 4.0 AH Kit)"},"content":{"rendered":"<div id=\"content\" class=\"site-content\">\n<div id=\"primary\" class=\"content-area\">\n<div id=\"product-36710\" class=\"product type-product post-36710 status-publish first instock product_cat-cortadoras-de-cesped has-post-thumbnail taxable shipping-taxable purchasable product-type-simple\">\n<div class=\"woocommerce-tabs wc-tabs-wrapper\">\n<div id=\"tab-description\" class=\"woocommerce-Tabs-panel woocommerce-Tabs-panel--description panel entry-content wc-tab\" role=\"tabpanel\" aria-labelledby=\"tab-title-description\"><\/div>\n<\/div>\n<\/div>\n<\/div>\n<\/div>\n<footer id=\"colophon\" class=\"site-footer\">\n<div class=\"site-info\">\n<div class=\"cols-2 cols-2_12_12\">\n<div class=\"c2left\">\n<div class=\"data-fiscal\">\n<p>El cortac\u00e9sped inal\u00e1mbrico Einhell GE-CM 18\/33 Li (1\u00d74.0Ah) es un miembro de la flexible y potente serie Power X-Change y se recomienda para \u00e1reas de hasta 200 m\u00b2. El cortac\u00e9sped inal\u00e1mbrico funciona con una bater\u00eda recargable de 18 voltios y 4.0 Ah de la serie de sistemas PXC de f\u00e1cil manejo. En el volumen de suministro se incluyen una bater\u00eda recargable y un cargador. Las bater\u00edas vienen con 3 LED para indicaci\u00f3n de nivel y se pueden combinar con cualquier otro dispositivo de la serie del sistema. El potente cortac\u00e9sped inal\u00e1mbrico funciona con un motor sin escobillas Einhell, que tiene una vida \u00fatil y un tiempo de funcionamiento m\u00e1s prolongados que los motores de escobillas de carb\u00f3n convencionales. El veh\u00edculo de ruedas altas con ruedas grandes que protegen el c\u00e9sped viene con ajuste de altura de corte central de 5 posiciones, un asa larga plegable de altura regulable con 2 posiciones para una operaci\u00f3n c\u00f3moda y una caja de c\u00e9sped de generosas dimensiones con indicador de nivel. La segadora est\u00e1 equipada con una carcasa de pl\u00e1stico de alta calidad resistente a los impactos y tambi\u00e9n tiene un asa de transporte integrada que permite transportarla f\u00e1cilmente.<\/p>\n<table width=\"585\">\n<tbody>\n<tr>\n<td colspan=\"2\" width=\"585\">T\u00e9cnico<\/td>\n<\/tr>\n<tr>\n<td width=\"299\">Acumulador<\/td>\n<td width=\"286\">18 V | 4000 mAh | Li-Ion<\/td>\n<\/tr>\n<tr>\n<td width=\"299\">Ancho de corte<\/td>\n<td width=\"286\">33 cm<\/td>\n<\/tr>\n<tr>\n<td width=\"299\">Ajuste de altura de corte<\/td>\n<td width=\"286\">5 configuraciones |\u00a025-65 mm |\u00a0central<\/td>\n<\/tr>\n<tr>\n<td width=\"299\">Capacidad del dispositivo de captura<\/td>\n<td width=\"286\">30 litros<\/td>\n<\/tr>\n<tr>\n<td width=\"299\">Di\u00e1metro de la rueda delantera<\/td>\n<td width=\"286\">150 mm<\/td>\n<\/tr>\n<tr>\n<td width=\"299\">Di\u00e1metro de la rueda trasera<\/td>\n<td width=\"286\">180 mm<\/td>\n<\/tr>\n<\/tbody>\n<\/table>\n<\/div>\n<\/div>\n<div class=\"c2right\">\n<div id=\"m3form_general_wrapper\" title=\"Consulta General\"><\/div>\n<\/div>\n<\/div>\n<\/div>\n<\/footer>\n","protected":false},"excerpt":{"rendered":"<div class=\"woocommerce-product-details__short-description\">\n<ul>\n<li>Incl. Cargador y 1x bater\u00eda\u00a0 del sistema Power X-Change (4,0Ah)<\/li>\n<li>Energ\u00eda sin escobillas<\/li>\n<li>Ajuste de altura de corte central, 5 niveles<\/li>\n<li>Mango largo plegable para almacenamiento y transporte que ahorran espacio<\/li>\n<li>Mango largo ajustable en altura con 2 posiciones<\/li>\n<li>Asa de transporte integrada para facilitar el transporte<\/li>\n<li>Indicaci\u00f3n del nivel de llenado desde la caja recolectora de c\u00e9sped<\/li>\n<li>Ruedas anchas con superficie para correr amigable con el c\u00e9sped<\/li>\n<li>Carcasa de pl\u00e1stico resistente a golpes de alta calidad<\/li>\n<li>Recomendado para \u00e1reas de c\u00e9sped de hasta 200 m\u00b2<\/li>\n<li>Indicador de capacidad de la bater\u00eda con 3 LED<\/li>\n<li>Accu se puede utilizar para todas las herramientas de la familia Power X-Change<\/li>\n<\/ul>\n<\/div>\n","protected":false},"featured_media":3302,"template":"","meta":{"_joinchat":[]},"product_cat":[50],"product_tag":[243],"class_list":{"0":"post-805","1":"product","2":"type-product","3":"status-publish","4":"has-post-thumbnail","6":"product_cat-herramientas-a-bateria","7":"product_tag-cortadora-de-cesped","9":"first","10":"instock","11":"product-type-simple"},"_links":{"self":[{"href":"https:\/\/lidertecsa.com.ar\/catalogo\/wp-json\/wp\/v2\/product\/805"}],"collection":[{"href":"https:\/\/lidertecsa.com.ar\/catalogo\/wp-json\/wp\/v2\/product"}],"about":[{"href":"https:\/\/lidertecsa.com.ar\/catalogo\/wp-json\/wp\/v2\/types\/product"}],"wp:featuredmedia":[{"embeddable":true,"href":"https:\/\/lidertecsa.com.ar\/catalogo\/wp-json\/wp\/v2\/media\/3302"}],"wp:attachment":[{"href":"https:\/\/lidertecsa.com.ar\/catalogo\/wp-json\/wp\/v2\/media?parent=805"}],"wp:term":[{"taxonomy":"product_cat","embeddable":true,"href":"https:\/\/lidertecsa.com.ar\/catalogo\/wp-json\/wp\/v2\/product_cat?post=805"},{"taxonomy":"product_tag","embeddable":true,"href":"https:\/\/lidertecsa.com.ar\/catalogo\/wp-json\/wp\/v2\/product_tag?post=805"}],"curies":[{"name":"wp","href":"https:\/\/api.w.org\/{rel}","templated":true}]}}