{"id":801,"date":"2023-06-20T10:00:42","date_gmt":"2023-06-20T13:00:42","guid":{"rendered":"https:\/\/lidertecsa.com.ar\/catalogo\/?post_type=product&#038;p=801"},"modified":"2024-12-13T16:31:06","modified_gmt":"2024-12-13T19:31:06","slug":"cortacesped-inalambrico-ge-cm-36-37-li-2x-3-0-ah-kit","status":"publish","type":"product","link":"https:\/\/lidertecsa.com.ar\/catalogo\/producto\/cortacesped-inalambrico-ge-cm-36-37-li-2x-3-0-ah-kit\/","title":{"rendered":"Cortac\u00e9sped Inal\u00e1mbrico GE-CM 18\/33 LI Solo"},"content":{"rendered":"<div id=\"content\" class=\"site-content\">\n<div id=\"primary\" class=\"content-area\">\n<div id=\"product-36710\" class=\"product type-product post-36710 status-publish first instock product_cat-cortadoras-de-cesped has-post-thumbnail taxable shipping-taxable purchasable product-type-simple\">\n<div class=\"woocommerce-tabs wc-tabs-wrapper\">\n<div id=\"tab-description\" class=\"woocommerce-Tabs-panel woocommerce-Tabs-panel--description panel entry-content wc-tab\" role=\"tabpanel\" aria-labelledby=\"tab-title-description\">\n<div class=\"row attribute-row\">\n<p>El cortac\u00e9sped con bater\u00eda Einhell GE-CM 18\/33 Li-Solo es miembro de la familia Power X-Change flexible y potente y se recomienda una superficie de hasta 200 m\u00b2, dependiendo de la fuerza de la bater\u00eda. El cortac\u00e9sped funciona con bater\u00eda mediante un motor sin escobillas Einhell, un motor el\u00e9ctrico sin escobillas con una mayor duraci\u00f3n y vida \u00fatil que los motores de escobillas de carb\u00f3n convencionales. El Highwheeler con grandes ruedas cuidadosas con el c\u00e9sped dispone de un ajuste de altura de corte central de 5 niveles, un manillar de gu\u00eda de 2 alturas para un manejo c\u00f3modo y una generosa cesta de hierba con indicador de llenado. El cortac\u00e9sped est\u00e1 equipado con una carcasa de pl\u00e1stico de alta calidad y resistente a los impactos y con un mango de gu\u00eda plegable, con el que se puede guardar el cortac\u00e9sped ahorrando espacio. Con el asa integrada se puede transportar el cortac\u00e9sped f\u00e1cilmente. El cortac\u00e9sped a bater\u00eda funciona con una bater\u00eda de 18 voltios de la serie de sistemas. La bater\u00eda y el cargador se venden por separado, por ejemplo, como pr\u00e1ctico kit de iniciaci\u00f3n.<\/p>\n<table width=\"585\">\n<tbody>\n<tr>\n<td colspan=\"2\" width=\"585\">T\u00e9cnico<\/td>\n<\/tr>\n<tr>\n<td width=\"299\">Acumulador<\/td>\n<td width=\"286\">18 V | 4000 mAh | Li-Ion<\/td>\n<\/tr>\n<tr>\n<td width=\"299\">Ancho de corte<\/td>\n<td width=\"286\">33 cm<\/td>\n<\/tr>\n<tr>\n<td width=\"299\">Ajuste de altura de corte<\/td>\n<td width=\"286\">5 configuraciones |\u00a025-65 mm |\u00a0central<\/td>\n<\/tr>\n<tr>\n<td width=\"299\">Capacidad del dispositivo de captura<\/td>\n<td width=\"286\">30 litros<\/td>\n<\/tr>\n<tr>\n<td width=\"299\">Di\u00e1metro de la rueda delantera<\/td>\n<td width=\"286\">150 mm<\/td>\n<\/tr>\n<tr>\n<td width=\"299\">Di\u00e1metro de la rueda trasera<\/td>\n<td width=\"286\">180 mm<\/td>\n<\/tr>\n<\/tbody>\n<\/table>\n<\/div>\n<div class=\"row attribute-row\"><\/div>\n<\/div>\n<\/div>\n<\/div>\n<\/div>\n<\/div>\n<footer id=\"colophon\" class=\"site-footer\">\n<div class=\"site-info\">\n<div class=\"cols-2 cols-2_12_12\">\n<div class=\"c2left\">\n<div class=\"data-fiscal\"><\/div>\n<\/div>\n<div class=\"c2right\">\n<div id=\"m3form_general_wrapper\" title=\"Consulta General\"><\/div>\n<\/div>\n<\/div>\n<\/div>\n<\/footer>\n","protected":false},"excerpt":{"rendered":"<ul>\n<li>Energ\u00eda sin escobillas<\/li>\n<li>Ajuste de altura de corte central, 5 niveles<\/li>\n<li>Mango largo plegable para almacenamiento y transporte que ahorran espacio<\/li>\n<li>Mango largo ajustable en altura con 2 posiciones<\/li>\n<li>Asa de transporte integrada para facilitar el transporte<\/li>\n<li>Indicaci\u00f3n del nivel de llenado desde la caja recolectora de c\u00e9sped<\/li>\n<li>Ruedas anchas con superficie para correr amigable con el c\u00e9sped<\/li>\n<li>Carcasa de pl\u00e1stico resistente a golpes de alta calidad<\/li>\n<li>Recomendado para \u00e1reas de c\u00e9sped de hasta 200 m\u00b2<\/li>\n<li>Indicador de capacidad de la bater\u00eda con 3 LED<\/li>\n<\/ul>\n","protected":false},"featured_media":3303,"template":"","meta":{"_joinchat":[]},"product_cat":[50],"product_tag":[243],"class_list":{"0":"post-801","1":"product","2":"type-product","3":"status-publish","4":"has-post-thumbnail","6":"product_cat-herramientas-a-bateria","7":"product_tag-cortadora-de-cesped","9":"first","10":"instock","11":"product-type-simple"},"_links":{"self":[{"href":"https:\/\/lidertecsa.com.ar\/catalogo\/wp-json\/wp\/v2\/product\/801"}],"collection":[{"href":"https:\/\/lidertecsa.com.ar\/catalogo\/wp-json\/wp\/v2\/product"}],"about":[{"href":"https:\/\/lidertecsa.com.ar\/catalogo\/wp-json\/wp\/v2\/types\/product"}],"wp:featuredmedia":[{"embeddable":true,"href":"https:\/\/lidertecsa.com.ar\/catalogo\/wp-json\/wp\/v2\/media\/3303"}],"wp:attachment":[{"href":"https:\/\/lidertecsa.com.ar\/catalogo\/wp-json\/wp\/v2\/media?parent=801"}],"wp:term":[{"taxonomy":"product_cat","embeddable":true,"href":"https:\/\/lidertecsa.com.ar\/catalogo\/wp-json\/wp\/v2\/product_cat?post=801"},{"taxonomy":"product_tag","embeddable":true,"href":"https:\/\/lidertecsa.com.ar\/catalogo\/wp-json\/wp\/v2\/product_tag?post=801"}],"curies":[{"name":"wp","href":"https:\/\/api.w.org\/{rel}","templated":true}]}}