{"id":787,"date":"2023-06-20T09:22:41","date_gmt":"2023-06-20T12:22:41","guid":{"rendered":"https:\/\/lidertecsa.com.ar\/catalogo\/?post_type=product&#038;p=787"},"modified":"2024-12-13T16:31:05","modified_gmt":"2024-12-13T19:31:05","slug":"martillo-neumatico-tc-pc-45","status":"publish","type":"product","link":"https:\/\/lidertecsa.com.ar\/catalogo\/producto\/martillo-neumatico-tc-pc-45\/","title":{"rendered":"Martillo Demoledor  TC-PC 45"},"content":{"rendered":"<p>El martillo cincelador neum\u00e1tico TC-PC 45 de Einhell es un asistente potente y duradero para abordar materiales de piedra o metal en trabajos de demolici\u00f3n y renovaci\u00f3n dentro y fuera del hogar.\u00a0Para trabajar con seguridad tiene un mango de goma antideslizante con un dise\u00f1o f\u00e1cil de usar.\u00a0Con una presi\u00f3n operativa m\u00e1xima de 6,3 bar, la herramienta ofrece una velocidad de golpe de hasta 4500 min^-1 para una potencia de impacto de hasta 1,2 julios.\u00a0El cincel se sujeta de forma segura con el mandril hexagonal.\u00a0El robusto martillo cincelador neum\u00e1tico ofrece un rendimiento superior con una manguera con un di\u00e1metro interior de 9 mil\u00edmetros o m\u00e1s.\u00a0Gracias a su versatilidad, las posibilidades de uso de la herramienta son pr\u00e1cticamente ilimitadas.\u00a0Por lo tanto, el alcance de la entrega incluye no solo el juego de cinceles de 120 mil\u00edmetros de cuatro piezas para numerosas aplicaciones, sino tambi\u00e9n 1 peque\u00f1a botella de aceite, 1 boquilla y 1 resorte de tensi\u00f3n.<\/p>\n<table width=\"409\">\n<tbody>\n<tr>\n<td width=\"143\">Consumo de aire<\/td>\n<td width=\"266\">113 l\/min<\/td>\n<\/tr>\n<tr>\n<td width=\"143\">Longitud del cincel<\/td>\n<td width=\"266\">120 mm<\/td>\n<\/tr>\n<tr>\n<td width=\"143\">Fuerza de impacto<\/td>\n<td width=\"266\">1,2J<\/td>\n<\/tr>\n<tr>\n<td width=\"143\">Elevar<\/td>\n<td width=\"266\">43 mm<\/td>\n<\/tr>\n<tr>\n<td width=\"143\">Peso del Producto<\/td>\n<td width=\"266\">1 kilogramo<\/td>\n<\/tr>\n<tr>\n<td width=\"143\">Tasa de accidente cerebrovascular<\/td>\n<td width=\"266\">4500 min^-1<\/td>\n<\/tr>\n<tr>\n<td width=\"143\">Tipo de portaherramientas<\/td>\n<td width=\"266\">Accionamiento hexagonal externo<\/td>\n<\/tr>\n<tr>\n<td width=\"143\">Presi\u00f3n laboral<\/td>\n<td width=\"266\">6,3 bares<\/td>\n<\/tr>\n<\/tbody>\n<\/table>\n","protected":false},"excerpt":{"rendered":"<ul>\n<li>Martillo cincelador de alto rendimiento para trabajar piedra y metal<\/li>\n<li>Mango de goma antideslizante para mayor seguridad durante el uso<\/li>\n<li>M\u00e1ximo rendimiento con un di\u00e1metro interior de manguera de 9 mm o m\u00e1s<\/li>\n<li>La broca se sujeta de forma segura con el mandril hexagonal<\/li>\n<li>incluido\u00a0Juego de cinceles de 4 piezas de 120 mm para una gran variedad de aplicaciones<\/li>\n<li>incluido\u00a01 peque\u00f1a botella de aceite, 1 pez\u00f3n y 1 resorte tensor<\/li>\n<li>Se suministra en un pr\u00e1ctico malet\u00edn de transporte y almacenamiento<\/li>\n<\/ul>\n","protected":false},"featured_media":3318,"template":"","meta":{"_joinchat":[]},"product_cat":[230],"product_tag":[239],"class_list":{"0":"post-787","1":"product","2":"type-product","3":"status-publish","4":"has-post-thumbnail","6":"product_cat-herramientas-neumaticas-einhell","7":"product_tag-martillo-demoledor","9":"first","10":"instock","11":"product-type-simple"},"_links":{"self":[{"href":"https:\/\/lidertecsa.com.ar\/catalogo\/wp-json\/wp\/v2\/product\/787"}],"collection":[{"href":"https:\/\/lidertecsa.com.ar\/catalogo\/wp-json\/wp\/v2\/product"}],"about":[{"href":"https:\/\/lidertecsa.com.ar\/catalogo\/wp-json\/wp\/v2\/types\/product"}],"wp:featuredmedia":[{"embeddable":true,"href":"https:\/\/lidertecsa.com.ar\/catalogo\/wp-json\/wp\/v2\/media\/3318"}],"wp:attachment":[{"href":"https:\/\/lidertecsa.com.ar\/catalogo\/wp-json\/wp\/v2\/media?parent=787"}],"wp:term":[{"taxonomy":"product_cat","embeddable":true,"href":"https:\/\/lidertecsa.com.ar\/catalogo\/wp-json\/wp\/v2\/product_cat?post=787"},{"taxonomy":"product_tag","embeddable":true,"href":"https:\/\/lidertecsa.com.ar\/catalogo\/wp-json\/wp\/v2\/product_tag?post=787"}],"curies":[{"name":"wp","href":"https:\/\/api.w.org\/{rel}","templated":true}]}}