{"id":781,"date":"2023-06-20T09:09:31","date_gmt":"2023-06-20T12:09:31","guid":{"rendered":"https:\/\/lidertecsa.com.ar\/catalogo\/?post_type=product&#038;p=781"},"modified":"2024-12-13T16:31:04","modified_gmt":"2024-12-13T19:31:04","slug":"lijadora-rotativa-neumatica-tc-pe-150","status":"publish","type":"product","link":"https:\/\/lidertecsa.com.ar\/catalogo\/producto\/lijadora-rotativa-neumatica-tc-pe-150\/","title":{"rendered":"Lijadora Rotativa Neum\u00e1tica TC-PE 150"},"content":{"rendered":"<p>La amoladora \/ lijadora rotativa neum\u00e1tica TC-PE 150 facilita el trabajo de muchos trabajos diferentes, como el lijado \/ lijado, el alisado, el grabado o la eliminaci\u00f3n de \u00e1reas desiguales. Por lo tanto, es un ayudante popular para trabajos en el hogar, la cuenca y el jard\u00edn. La amoladora \/ lijadora exc\u00e9ntrica compacta tiene un di\u00e1metro de disco de lijado \/ lijado de 150 mil\u00edmetros. Es adecuado para trabajos de rectificado \/ lijado en madera, hierro y pl\u00e1stico. Una palanca de ajuste infinito permite establecer la velocidad ideal en todo momento. Para una operaci\u00f3n c\u00f3moda, tiene un mango que absorbe las vibraciones. Las hojas de papel abrasivo se pueden cambiar r\u00e1pidamente en el disco de lijado \/ lijado gracias a su cierre de velcro. La amoladora \/ lijadora giratoria ofrece un rendimiento superior utilizando una manguera con un di\u00e1metro interno de 9 mil\u00edmetros o m\u00e1s. Para mantener limpia el \u00e1rea de trabajo, hay un adaptador extractor para conectar una aspiradora o un sistema de aspiraci\u00f3n. Para comenzar de inmediato, el producto se suministra completo con 6 hojas de papeles abrasivos (2x tama\u00f1o de grano 80\/100\/120 cada uno), una boquilla y una llave.<\/p>\n<table width=\"356\">\n<tbody>\n<tr>\n<td colspan=\"2\" width=\"356\">T\u00e9cnico<\/td>\n<\/tr>\n<tr>\n<td width=\"226\">Max.\u00a0presi\u00f3n operacional<\/td>\n<td width=\"130\">6,3 bares<\/td>\n<\/tr>\n<tr>\n<td width=\"226\">Consumo de aire<\/td>\n<td width=\"130\">100 l \/ min<\/td>\n<\/tr>\n<tr>\n<td width=\"226\">Velocidad oscilante<\/td>\n<td width=\"130\">10500 min ^ -1<\/td>\n<\/tr>\n<tr>\n<td width=\"226\">Circuito oscilante<\/td>\n<td width=\"130\">5 mm<\/td>\n<\/tr>\n<tr>\n<td width=\"226\">Di\u00e1metro del disco abrasivo<\/td>\n<td width=\"130\">150 mm<\/td>\n<\/tr>\n<\/tbody>\n<\/table>\n","protected":false},"excerpt":{"rendered":"<ul>\n<li>Amoladora \/ lijadora giratoria compacta con disco de lijado \/ lijado de \u00f8150 mm<\/li>\n<li>Adecuado para trabajos de rectificado \/ lijado en madera, hierro y pl\u00e1stico.<\/li>\n<li>Palanca de ajuste infinito para ajustar la velocidad.<\/li>\n<li>Mango absorbente de vibraciones para una operaci\u00f3n c\u00f3moda.<\/li>\n<li>Almohadilla de lijado con cierre de velcro para un cambio r\u00e1pido de papel<\/li>\n<li>M\u00e1ximo rendimiento con un di\u00e1metro interno de manguera de 9 mm o m\u00e1s<\/li>\n<li>Con adaptador para conectar una aspiradora \/ sistema de extracci\u00f3n<\/li>\n<li>Incl. 6 hojas de papel abrasivo (2x tama\u00f1o de grano 80\/100\/120 cada una)<\/li>\n<li>Incl. 1 pez\u00f3n, 1 llave<\/li>\n<\/ul>\n","protected":false},"featured_media":3316,"template":"","meta":{"_joinchat":[]},"product_cat":[230],"product_tag":[197],"class_list":{"0":"post-781","1":"product","2":"type-product","3":"status-publish","4":"has-post-thumbnail","6":"product_cat-herramientas-neumaticas-einhell","7":"product_tag-lijadora-orbital","9":"first","10":"instock","11":"product-type-simple"},"_links":{"self":[{"href":"https:\/\/lidertecsa.com.ar\/catalogo\/wp-json\/wp\/v2\/product\/781"}],"collection":[{"href":"https:\/\/lidertecsa.com.ar\/catalogo\/wp-json\/wp\/v2\/product"}],"about":[{"href":"https:\/\/lidertecsa.com.ar\/catalogo\/wp-json\/wp\/v2\/types\/product"}],"wp:featuredmedia":[{"embeddable":true,"href":"https:\/\/lidertecsa.com.ar\/catalogo\/wp-json\/wp\/v2\/media\/3316"}],"wp:attachment":[{"href":"https:\/\/lidertecsa.com.ar\/catalogo\/wp-json\/wp\/v2\/media?parent=781"}],"wp:term":[{"taxonomy":"product_cat","embeddable":true,"href":"https:\/\/lidertecsa.com.ar\/catalogo\/wp-json\/wp\/v2\/product_cat?post=781"},{"taxonomy":"product_tag","embeddable":true,"href":"https:\/\/lidertecsa.com.ar\/catalogo\/wp-json\/wp\/v2\/product_tag?post=781"}],"curies":[{"name":"wp","href":"https:\/\/api.w.org\/{rel}","templated":true}]}}