{"id":7777,"date":"2024-07-31T15:43:59","date_gmt":"2024-07-31T18:43:59","guid":{"rendered":"https:\/\/lidertecsa.com.ar\/catalogo\/?post_type=product&#038;p=7777"},"modified":"2025-06-27T11:18:16","modified_gmt":"2025-06-27T14:18:16","slug":"pegaflex-pu-gris","status":"publish","type":"product","link":"https:\/\/lidertecsa.com.ar\/catalogo\/producto\/pegaflex-pu-gris\/","title":{"rendered":"PEGAFLEX PU Gris"},"content":{"rendered":"<p>Adhesivo sellador monocomponente de bajo modulo que cura por humedad ambiente. Uso profesional. Ideal para muchos usos en la industria y en la construcci\u00f3n. De muy buena adherencia y terminaci\u00f3n logra uniones duraderas y flexibles. No oxida. Es pintable. Indicado para juntas de dilataci\u00f3n entre placas de cemento premoldeado, sellado de aberturas, z\u00f3calos, canaletas, grietas y trabajos de alba\u00f1iler\u00eda en general. Para la uni\u00f3n y solapado de chapas y perfiles (techos, carrocer\u00edas, electrodom\u00e9sticos). Adhiere sobre una gran variedad de materiales iguales o diferentes entre si: cemento, acero, chapa galvanizada, aluminio, pl\u00e1sticos como poliester, PVC, fibra de vidrio, madera, superficies pintadas, cer\u00e1micas y muchas mas. Muy buena resistencia al envejecimiento, la humedad y la intemperie. No apto para PE, PP ni PTFE. No indicado para aplicaciones de inmersi\u00f3n permanente. Soporta temperaturas entre -30\u00b0C y 90\u00b0C. Forma piel en 20-35 minutos. Cura total 24hs.<\/p>\n","protected":false},"excerpt":{"rendered":"<p>Adhesivo sellador monocomponente de bajo modulo gris.<\/p>\n","protected":false},"featured_media":7781,"template":"","meta":{"_joinchat":[]},"product_cat":[1196],"product_tag":[],"class_list":{"0":"post-7777","1":"product","2":"type-product","3":"status-publish","4":"has-post-thumbnail","6":"product_cat-poliuretanos","8":"first","9":"instock","10":"taxable","11":"shipping-taxable","12":"product-type-simple"},"_links":{"self":[{"href":"https:\/\/lidertecsa.com.ar\/catalogo\/wp-json\/wp\/v2\/product\/7777"}],"collection":[{"href":"https:\/\/lidertecsa.com.ar\/catalogo\/wp-json\/wp\/v2\/product"}],"about":[{"href":"https:\/\/lidertecsa.com.ar\/catalogo\/wp-json\/wp\/v2\/types\/product"}],"wp:featuredmedia":[{"embeddable":true,"href":"https:\/\/lidertecsa.com.ar\/catalogo\/wp-json\/wp\/v2\/media\/7781"}],"wp:attachment":[{"href":"https:\/\/lidertecsa.com.ar\/catalogo\/wp-json\/wp\/v2\/media?parent=7777"}],"wp:term":[{"taxonomy":"product_cat","embeddable":true,"href":"https:\/\/lidertecsa.com.ar\/catalogo\/wp-json\/wp\/v2\/product_cat?post=7777"},{"taxonomy":"product_tag","embeddable":true,"href":"https:\/\/lidertecsa.com.ar\/catalogo\/wp-json\/wp\/v2\/product_tag?post=7777"}],"curies":[{"name":"wp","href":"https:\/\/api.w.org\/{rel}","templated":true}]}}