{"id":7225,"date":"2024-07-26T09:46:16","date_gmt":"2024-07-26T12:46:16","guid":{"rendered":"https:\/\/lidertecsa.com.ar\/catalogo\/?post_type=product&#038;p=7225"},"modified":"2024-12-13T16:41:00","modified_gmt":"2024-12-13T19:41:00","slug":"malacate-para-abulonar-2","status":"publish","type":"product","link":"https:\/\/lidertecsa.com.ar\/catalogo\/producto\/malacate-para-abulonar-2\/","title":{"rendered":"Malacate para Abulonar"},"content":{"rendered":"<div>CARACTERISTICAS DEL PRODUCTO<br \/>\nMalacate para faja 100mm para abulonar. Dise\u00f1ado para ser colocado en una posici\u00f3n fija. Bordes de contacto con cinta redondeados para mejorar la resistencia de esta a la abrasi\u00f3n.<br \/>\nRef: Z0STE0052_<\/div>\n<div><\/div>\n<div>USOS DEL PRODUCTO-RIESGOS<\/div>\n<div>Utilizado para sujeci\u00f3n de cargas pesadas, maquinarias, ca\u00f1os para gasoducto, etc.<\/div>\n","protected":false},"excerpt":{"rendered":"<p>Malacate para faja 100mm para abulonar<\/p>\n","protected":false},"featured_media":7226,"template":"","meta":{"_joinchat":[]},"product_cat":[597],"product_tag":[],"class_list":{"0":"post-7225","1":"product","2":"type-product","3":"status-publish","4":"has-post-thumbnail","6":"product_cat-sujecion","8":"first","9":"instock","10":"taxable","11":"shipping-taxable","12":"product-type-simple"},"_links":{"self":[{"href":"https:\/\/lidertecsa.com.ar\/catalogo\/wp-json\/wp\/v2\/product\/7225"}],"collection":[{"href":"https:\/\/lidertecsa.com.ar\/catalogo\/wp-json\/wp\/v2\/product"}],"about":[{"href":"https:\/\/lidertecsa.com.ar\/catalogo\/wp-json\/wp\/v2\/types\/product"}],"wp:featuredmedia":[{"embeddable":true,"href":"https:\/\/lidertecsa.com.ar\/catalogo\/wp-json\/wp\/v2\/media\/7226"}],"wp:attachment":[{"href":"https:\/\/lidertecsa.com.ar\/catalogo\/wp-json\/wp\/v2\/media?parent=7225"}],"wp:term":[{"taxonomy":"product_cat","embeddable":true,"href":"https:\/\/lidertecsa.com.ar\/catalogo\/wp-json\/wp\/v2\/product_cat?post=7225"},{"taxonomy":"product_tag","embeddable":true,"href":"https:\/\/lidertecsa.com.ar\/catalogo\/wp-json\/wp\/v2\/product_tag?post=7225"}],"curies":[{"name":"wp","href":"https:\/\/api.w.org\/{rel}","templated":true}]}}