{"id":673,"date":"2023-06-18T10:06:17","date_gmt":"2023-06-18T13:06:17","guid":{"rendered":"https:\/\/lidertecsa.com.ar\/catalogo\/?post_type=product&#038;p=673"},"modified":"2024-12-13T16:30:53","modified_gmt":"2024-12-13T19:30:53","slug":"cepillo-de-banco-estacionario-tc-sp-204","status":"publish","type":"product","link":"https:\/\/lidertecsa.com.ar\/catalogo\/producto\/cepillo-de-banco-estacionario-tc-sp-204\/","title":{"rendered":"Cepillo de Banco Estacionario TC-SP 204"},"content":{"rendered":"<p>La regruesadora estacionaria TC-SP 204 es una m\u00e1quina de alta calidad para un regruesado y planeado preciso y r\u00e1pido. De este modo, la regruesadora con soportes extra\u00edbles de la pieza de trabajo permite un manejo c\u00f3modo. La pr\u00e1ctica extracci\u00f3n de virutas garantiza un trabajo limpio y un lugar de trabajo ordenado. La TC-SP 204 es una construcci\u00f3n s\u00f3lida y robusta cuya mesa cepilladora planeadora est\u00e1 fabricada de aluminio s\u00f3lido y est\u00e1 provista de un tope inclinable para el biselado. La estabilidad necesaria est\u00e1 asegurada por los pies amortiguadores de vibraciones. Del mismo modo, la TC-SP 204 tiene un interruptor de sobrecarga y un interruptor de tensi\u00f3n cero, que evita el arranque involuntario de la m\u00e1quina despu\u00e9s de un corte el\u00e9ctrico.<\/p>\n<p>&nbsp;<\/p>\n<table width=\"617\">\n<tbody>\n<tr>\n<td colspan=\"2\" width=\"617\">T\u00e9cnico<\/td>\n<\/tr>\n<tr>\n<td width=\"446\">Suministro de red<\/td>\n<td width=\"171\">230-240 V |\u00a050 Hz<\/td>\n<\/tr>\n<tr>\n<td width=\"446\">Poder<\/td>\n<td width=\"171\">1500 W<\/td>\n<\/tr>\n<tr>\n<td width=\"446\">Ralent\u00ed<\/td>\n<td width=\"171\">9000 min ^ -1<\/td>\n<\/tr>\n<tr>\n<td width=\"446\">Max.\u00a0eliminaci\u00f3n de material en el cepillado de superficies<\/td>\n<td width=\"171\">3 mm<\/td>\n<\/tr>\n<tr>\n<td width=\"446\">Max.\u00a0eliminaci\u00f3n de material en el cepillado de tickness<\/td>\n<td width=\"171\">2 mm<\/td>\n<\/tr>\n<tr>\n<td width=\"446\">Max.\u00a0ancho de cepillado<\/td>\n<td width=\"171\">204 mil\u00edmetros<\/td>\n<\/tr>\n<tr>\n<td width=\"446\">Max.\u00a0abertura de espesor<\/td>\n<td width=\"171\">120 mm<\/td>\n<\/tr>\n<tr>\n<td width=\"446\">Tasa de alimentaci\u00f3n<\/td>\n<td width=\"171\">6 m \/ min<\/td>\n<\/tr>\n<tr>\n<td width=\"446\">Tama\u00f1o de la mesa de alimentaci\u00f3n<\/td>\n<td width=\"171\">370 mm x 210 mm<\/td>\n<\/tr>\n<tr>\n<td width=\"446\">Tama\u00f1o de la mesa de cepillado<\/td>\n<td width=\"171\">370 mm x 210 mm<\/td>\n<\/tr>\n<tr>\n<td width=\"446\">Tama\u00f1o de la mesa de regrueso<\/td>\n<td width=\"171\">270 mm x 210 mm<\/td>\n<\/tr>\n<tr>\n<td width=\"446\">Max.\u00a0\u00e1ngulo de inclinaci\u00f3n de la gu\u00eda paralela<\/td>\n<td width=\"171\">45 \u00b0<\/td>\n<\/tr>\n<tr>\n<td width=\"446\">Di\u00e1metro del adaptador de succi\u00f3n<\/td>\n<td width=\"171\">100 mm<\/td>\n<\/tr>\n<\/tbody>\n<\/table>\n","protected":false},"excerpt":{"rendered":"<ul>\n<li>Dise\u00f1o robusto y macizo<\/li>\n<li>Mesa de cepillado en aluminio con tope inclinable para biselar<\/li>\n<li>Cepillo con soportes de pieza extra\u00edbles<\/li>\n<li>Extracci\u00f3n de virutas para mantener limpio el lugar de trabajo<\/li>\n<li>Patas vibrosilenciadas para una posici\u00f3n segura y silenciosa<\/li>\n<li>Interruptor contra sobrecargas, interruptor de tensi\u00f3n cero para una operaci\u00f3n segura<\/li>\n<\/ul>\n","protected":false},"featured_media":3299,"template":"","meta":{"_joinchat":[]},"product_cat":[181],"product_tag":[223],"class_list":{"0":"post-673","1":"product","2":"type-product","3":"status-publish","4":"has-post-thumbnail","6":"product_cat-herramientas-electricas","7":"product_tag-cepillo-de-banco","9":"first","10":"instock","11":"product-type-simple"},"_links":{"self":[{"href":"https:\/\/lidertecsa.com.ar\/catalogo\/wp-json\/wp\/v2\/product\/673"}],"collection":[{"href":"https:\/\/lidertecsa.com.ar\/catalogo\/wp-json\/wp\/v2\/product"}],"about":[{"href":"https:\/\/lidertecsa.com.ar\/catalogo\/wp-json\/wp\/v2\/types\/product"}],"wp:featuredmedia":[{"embeddable":true,"href":"https:\/\/lidertecsa.com.ar\/catalogo\/wp-json\/wp\/v2\/media\/3299"}],"wp:attachment":[{"href":"https:\/\/lidertecsa.com.ar\/catalogo\/wp-json\/wp\/v2\/media?parent=673"}],"wp:term":[{"taxonomy":"product_cat","embeddable":true,"href":"https:\/\/lidertecsa.com.ar\/catalogo\/wp-json\/wp\/v2\/product_cat?post=673"},{"taxonomy":"product_tag","embeddable":true,"href":"https:\/\/lidertecsa.com.ar\/catalogo\/wp-json\/wp\/v2\/product_tag?post=673"}],"curies":[{"name":"wp","href":"https:\/\/api.w.org\/{rel}","templated":true}]}}