{"id":641,"date":"2023-06-18T08:49:49","date_gmt":"2023-06-18T11:49:49","guid":{"rendered":"https:\/\/lidertecsa.com.ar\/catalogo\/?post_type=product&#038;p=641"},"modified":"2024-12-13T16:30:48","modified_gmt":"2024-12-13T19:30:48","slug":"sierra-ingletadora-telescopica-tc-sm-254","status":"publish","type":"product","link":"https:\/\/lidertecsa.com.ar\/catalogo\/producto\/sierra-ingletadora-telescopica-tc-sm-254\/","title":{"rendered":"Ingletadora Telesc\u00f3pica TC-SM 254"},"content":{"rendered":"<p>La sierra ingleteadorta TC-MS 254\u00a0 combina facilidad en el uso con precisi\u00f3n en cortes transversales y piezas de trabajo hechas de madera, paneles laminados o pl\u00e1stico. La pieza giratoria de alta calidad viene con una funci\u00f3n de ajuste de \u00e1ngulo exacto que se puede enganchar por s\u00ed solo en varias posiciones. La hoja de sierra de precisi\u00f3n con punta de carburo logra unos resultados de aserrado excelentes. Con un cabezal de sierra que se inclina hacia la izquierda, el corte transversal y la sierra de inglete permiten que los ingletes y el chafl\u00e1n se hagan en un rango de \u00e1ngulos ocultos. Los soportes para el corte de la pieza de trabajo larga se mantienen de forma segura en su posici\u00f3n. La bolsa para polvo de sierra mantiene el lugar de trabajo limpio y una abrazadera de transporte garantiza un f\u00e1cil transporte seguro.<\/p>\n<table width=\"454\">\n<tbody>\n<tr>\n<td colspan=\"2\" width=\"454\">T\u00e9cnico<\/td>\n<\/tr>\n<tr>\n<td width=\"277\">Suministro de red<\/td>\n<td width=\"177\">220-240 V |\u00a050 Hz<\/td>\n<\/tr>\n<tr>\n<td width=\"277\">Poder<\/td>\n<td width=\"177\">1800 W<\/td>\n<\/tr>\n<tr>\n<td width=\"277\">Max.\u00a0potencia (S6 | S6%)<\/td>\n<td width=\"177\">1900 W |\u00a025%<\/td>\n<\/tr>\n<tr>\n<td width=\"277\">Ralent\u00ed<\/td>\n<td width=\"177\">5000 min ^ -1<\/td>\n<\/tr>\n<tr>\n<td width=\"277\">Hoja de sierra<\/td>\n<td width=\"177\">254 mm x 30 mm<\/td>\n<\/tr>\n<tr>\n<td width=\"277\">Corte a inglete<\/td>\n<td width=\"177\">45 \u00b0 \u2013 0 \u00b0<\/td>\n<\/tr>\n<tr>\n<td width=\"277\">Rango giratorio<\/td>\n<td width=\"177\">47 \u00b0 \u2013 47 \u00b0<\/td>\n<\/tr>\n<tr>\n<td width=\"277\">Ancho de corte 90 \u00b0 x 90 \u00b0<\/td>\n<td width=\"177\">305 mm x 85 mm<\/td>\n<\/tr>\n<tr>\n<td width=\"277\">Ancho de corte 90 \u00b0 x 45 \u00b0<\/td>\n<td width=\"177\">215 mm x 85 mm<\/td>\n<\/tr>\n<tr>\n<td width=\"277\">Ancho de corte 45 \u00b0 x 90 \u00b0<\/td>\n<td width=\"177\">305 mm x 45 mm<\/td>\n<\/tr>\n<tr>\n<td width=\"277\">Ancho de corte 45 \u00b0 x 45 \u00b0<\/td>\n<td width=\"177\">215 mm x 45 mm<\/td>\n<\/tr>\n<tr>\n<td width=\"277\">Di\u00e1metro del adaptador de succi\u00f3n<\/td>\n<td width=\"177\">36 mm<\/td>\n<\/tr>\n<tr>\n<td width=\"277\">ancho m\u00e1ximo de corte (45 \u00b0)<\/td>\n<td width=\"177\">215 mil\u00edmetros<\/td>\n<\/tr>\n<tr>\n<td width=\"277\">ancho m\u00e1ximo de corte (90 \u00b0)<\/td>\n<td width=\"177\">305 mil\u00edmetros<\/td>\n<\/tr>\n<tr>\n<td width=\"277\">Longitud<\/td>\n<td width=\"177\">785 mil\u00edmetros<\/td>\n<\/tr>\n<tr>\n<td width=\"277\">Anchura<\/td>\n<td width=\"177\">505 mil\u00edmetros<\/td>\n<\/tr>\n<tr>\n<td width=\"277\">Altura<\/td>\n<td width=\"177\">420 mm<\/td>\n<\/tr>\n<\/tbody>\n<\/table>\n","protected":false},"excerpt":{"rendered":"<ul>\n<li>Funci\u00f3n de arrastre suave para piezas anchas<\/li>\n<li>Plataforma giratoria con ajustes precisos de \u00e1ngulo r\u00e1pido para cortes angulares<\/li>\n<li>Plataforma giratoria con posiciones de bloqueo precisas para todos los \u00e1ngulos comunes<\/li>\n<li>La cabeza de la sierra se puede inclinar 45 hacia la izquierda para cortes a inglete<\/li>\n<li>Un l\u00e1ser claramente visible facilita la creaci\u00f3n de la pieza de trabajo.<\/li>\n<li>Soportes para piezas de trabajo en ambos lados para piezas largas<\/li>\n<li>Hoja de sierra de precisi\u00f3n con punta de carburo de alta calidad para los mejores cortes<\/li>\n<li>Bloqueo de husillo de f\u00e1cil acceso y tornillo de hoja de sierra<\/li>\n<li>Incluye un dispositivo de sujeci\u00f3n para fijar la pieza de trabajo.<\/li>\n<\/ul>\n","protected":false},"featured_media":642,"template":"","meta":{"_joinchat":[]},"product_cat":[181],"product_tag":[213],"class_list":{"0":"post-641","1":"product","2":"type-product","3":"status-publish","4":"has-post-thumbnail","6":"product_cat-herramientas-electricas","7":"product_tag-sierra-ingletadora-telescopica","9":"first","10":"instock","11":"product-type-simple"},"_links":{"self":[{"href":"https:\/\/lidertecsa.com.ar\/catalogo\/wp-json\/wp\/v2\/product\/641"}],"collection":[{"href":"https:\/\/lidertecsa.com.ar\/catalogo\/wp-json\/wp\/v2\/product"}],"about":[{"href":"https:\/\/lidertecsa.com.ar\/catalogo\/wp-json\/wp\/v2\/types\/product"}],"wp:featuredmedia":[{"embeddable":true,"href":"https:\/\/lidertecsa.com.ar\/catalogo\/wp-json\/wp\/v2\/media\/642"}],"wp:attachment":[{"href":"https:\/\/lidertecsa.com.ar\/catalogo\/wp-json\/wp\/v2\/media?parent=641"}],"wp:term":[{"taxonomy":"product_cat","embeddable":true,"href":"https:\/\/lidertecsa.com.ar\/catalogo\/wp-json\/wp\/v2\/product_cat?post=641"},{"taxonomy":"product_tag","embeddable":true,"href":"https:\/\/lidertecsa.com.ar\/catalogo\/wp-json\/wp\/v2\/product_tag?post=641"}],"curies":[{"name":"wp","href":"https:\/\/api.w.org\/{rel}","templated":true}]}}