{"id":625,"date":"2023-06-18T08:09:08","date_gmt":"2023-06-18T11:09:08","guid":{"rendered":"https:\/\/lidertecsa.com.ar\/catalogo\/?post_type=product&#038;p=625"},"modified":"2024-12-13T16:30:47","modified_gmt":"2024-12-13T19:30:47","slug":"pistola-de-calor-te-ha-2000-e","status":"publish","type":"product","link":"https:\/\/lidertecsa.com.ar\/catalogo\/producto\/pistola-de-calor-te-ha-2000-e\/","title":{"rendered":"Pistola de Calor TE-HA 2000 E"},"content":{"rendered":"<p>La pistola de aire caliente TE-HA 2000 E es una herramienta de alta calidad y alto rendimiento, que resulta ser una ayuda indispensable para quitar lacas viejas y pinturas, soldadura, tubos de pl\u00e1stico y mucho m\u00e1s con todas las actividades de bricolaje. Gracias al regulador de temperatura ajustable libremente con 9 ajustes a trav\u00e9s de la rueda de ajuste grande y el control de la velocidad de aire con 3 ajustes a trav\u00e9s del interruptor de funcionamiento simple, el soplador de aire caliente se puede ajustar a los requisitos de la tarea respectiva. Para una m\u00e1xima seguridad durante el funcionamiento, esta herramienta tiene una superficie de soporte grande para un soporte seguro durante el funcionamiento estacionario. El r\u00e1pido enfriamiento de las piezas met\u00e1licas calientes durante el cambio de la boquilla se efect\u00faa r\u00e1pida y sencillamente mediante el pr\u00e1ctico ajuste adicional en fr\u00edo. Para la mejor flexibilidad posible durante la ejecuci\u00f3n de diversas operaciones, una boquilla ancha, una boquilla reflectora, una boquilla de calor y una boquilla reductora ya est\u00e1n incluidas en la entrega.<\/p>\n<p>&nbsp;<\/p>\n<table width=\"421\">\n<tbody>\n<tr>\n<td colspan=\"2\" width=\"421\">T\u00e9cnico<\/td>\n<\/tr>\n<tr>\n<td width=\"273\">Suministro de red<\/td>\n<td width=\"148\">220-240 V |\u00a050 Hz<\/td>\n<\/tr>\n<tr>\n<td width=\"273\">Poder<\/td>\n<td width=\"148\">2000 W<\/td>\n<\/tr>\n<tr>\n<td width=\"273\">Temperatura en el ajuste 1<\/td>\n<td width=\"148\">50 \u00b0 C<\/td>\n<\/tr>\n<tr>\n<td width=\"273\">Temperatura en el ajuste 2<\/td>\n<td width=\"148\">50-550 \u00b0 C<\/td>\n<\/tr>\n<tr>\n<td width=\"273\">Temperatura en el ajuste 3<\/td>\n<td width=\"148\">50-550 \u00b0 C<\/td>\n<\/tr>\n<tr>\n<td width=\"273\">Tasa de flujo de aire en el ajuste 1<\/td>\n<td width=\"148\">250 l \/ min<\/td>\n<\/tr>\n<tr>\n<td width=\"273\">Tasa de flujo de aire en el ajuste 2<\/td>\n<td width=\"148\">250 l \/ min<\/td>\n<\/tr>\n<tr>\n<td width=\"273\">Tasa de flujo de aire en el ajuste 3<\/td>\n<td width=\"148\">500 l \/ min<\/td>\n<\/tr>\n<\/tbody>\n<\/table>\n","protected":false},"excerpt":{"rendered":"<p>Rueda de ajuste grande para el control de temperatura a trav\u00e9s de 9 ajustes<br \/>\n-Interruptor con 3 ajustes para controlar la velocidad de aire<br \/>\n-Ajuste en fr\u00edo para un enfriamiento r\u00e1pido al cambiar boquillas<br \/>\n-Superficie de apoyo para uso estacionario<br \/>\n-Incl. boquilla reductora, boquilla ancha, boquilla reflectora, boquilla de calor<\/p>\n","protected":false},"featured_media":3324,"template":"","meta":{"_joinchat":[]},"product_cat":[181],"product_tag":[210],"class_list":{"0":"post-625","1":"product","2":"type-product","3":"status-publish","4":"has-post-thumbnail","6":"product_cat-herramientas-electricas","7":"product_tag-pistola-de-calor","9":"first","10":"instock","11":"product-type-simple"},"_links":{"self":[{"href":"https:\/\/lidertecsa.com.ar\/catalogo\/wp-json\/wp\/v2\/product\/625"}],"collection":[{"href":"https:\/\/lidertecsa.com.ar\/catalogo\/wp-json\/wp\/v2\/product"}],"about":[{"href":"https:\/\/lidertecsa.com.ar\/catalogo\/wp-json\/wp\/v2\/types\/product"}],"wp:featuredmedia":[{"embeddable":true,"href":"https:\/\/lidertecsa.com.ar\/catalogo\/wp-json\/wp\/v2\/media\/3324"}],"wp:attachment":[{"href":"https:\/\/lidertecsa.com.ar\/catalogo\/wp-json\/wp\/v2\/media?parent=625"}],"wp:term":[{"taxonomy":"product_cat","embeddable":true,"href":"https:\/\/lidertecsa.com.ar\/catalogo\/wp-json\/wp\/v2\/product_cat?post=625"},{"taxonomy":"product_tag","embeddable":true,"href":"https:\/\/lidertecsa.com.ar\/catalogo\/wp-json\/wp\/v2\/product_tag?post=625"}],"curies":[{"name":"wp","href":"https:\/\/api.w.org\/{rel}","templated":true}]}}