{"id":6166,"date":"2024-06-16T20:05:13","date_gmt":"2024-06-16T23:05:13","guid":{"rendered":"https:\/\/lidertecsa.com.ar\/catalogo\/?post_type=product&#038;p=6166"},"modified":"2024-12-13T16:38:14","modified_gmt":"2024-12-13T19:38:14","slug":"sierra-caladora-te-js-100","status":"publish","type":"product","link":"https:\/\/lidertecsa.com.ar\/catalogo\/producto\/sierra-caladora-te-js-100\/","title":{"rendered":"Sierra Caladora TE-JS 100"},"content":{"rendered":"<div id=\"description\" class=\"section-row -padded-wide--mod-top-only -in-viewport\" data-anchornav=\"Artikelbeschreibung\">\n<div class=\"col-wrapper -max-width-limited\">\n<div class=\"content-item module-description\">\n<div class=\"description-wrapper\">\n<div class=\"col-two\">\n<div class=\"description__content\">\n<div id=\"description\" class=\"section-row -padded-wide--mod-top-only -in-viewport\" data-anchornav=\"Artikelbeschreibung\">\n<div class=\"col-wrapper -max-width-limited\">\n<div class=\"content-item module-description\">\n<div class=\"description-wrapper\">\n<div class=\"col-two\">\n<div class=\"description__content\">\n<div id=\"description\" class=\"section-row -padded-wide--mod-top-only -in-viewport\" data-anchornav=\"Artikelbeschreibung\">\n<div class=\"col-wrapper -max-width-limited\">\n<div class=\"content-item module-description\">\n<div class=\"description-wrapper\">\n<div class=\"col-two\">\n<div class=\"description__content\">\n<p><span class=\"heading gamma\">Descripci\u00f3n del Art\u00edculo<\/span>La TE-JS 100 es un modelo potente para trabajos de serrado ambiciosos en cualquier material. La carrera pendular ajustable en 4 direcciones y la electr\u00f3nica de control de la frecuencia de carrera permiten el procesamiento individual del material. El cambio de hoja de sierra sin herramientas permite utilizar hojas de sierra con mango en T y U y adem\u00e1s ahorra un tiempo valioso. Con su mango suave y ergon\u00f3mico, el TE-JS 100 se adapta muy bien a la mano. El zapata de sierra de aluminio, robusta y regulable sin herramientas, subraya los est\u00e1ndares de calidad de la m\u00e1quina y, adem\u00e1s, es orientable, lo que permite cortes a inglete de hasta 45\u00b0. La eficaz protecci\u00f3n contra virutas garantiza una calidad superficial \u00f3ptima. Con luz LED integrada y pantalla de privacidad plegable, siempre tendr\u00e1 una visi\u00f3n buena y protegida de la pieza de trabajo y la gu\u00eda paralela garantiza un corte controlado y dimensionalmente preciso. Con la hoja de sierra para madera suministrada podr\u00e1 empezar a serrar inmediatamente. La funci\u00f3n de soplado de polvo desconectable, el pr\u00e1ctico clip para cables y la posible aspiraci\u00f3n de polvo mediante un adaptador garantizan el orden y la limpieza. El TE-JS 100 se guarda de forma ordenada y segura en el pr\u00e1ctico malet\u00edn de transporte y almacenamiento.<\/p>\n<\/div>\n<\/div>\n<\/div>\n<\/div>\n<\/div>\n<\/div>\n<div id=\"technical-details\" class=\"section-row -padded-wide--mod-top-only -in-viewport\" data-anchornav=\"Technische Daten\">\n<div class=\"col-wrapper -max-width-limited -decrease-width\">\n<div class=\"col\">\n<div class=\"content-item module-headline-paragraph headline paragraph -color-headline-black\">\n<h2 class=\"heading delta\">Datos t\u00e9cnicos<\/h2>\n<\/div>\n<div class=\"content-item module-table -styling-beta\">\n<table class=\"table__table\">\n<tbody>\n<tr class=\"-show tr-odd\">\n<td><span class=\"bold\">Conexi\u00f3n de succi\u00f3n de di\u00e1metro<\/span><\/td>\n<td>35mm<\/td>\n<\/tr>\n<tr class=\"-show tr-even\">\n<td><span class=\"bold\">Altura de elevaci\u00f3n<\/span><\/td>\n<td>23mm<\/td>\n<\/tr>\n<tr class=\"-show tr-odd\">\n<td><span class=\"bold\">Velocidad de ralent\u00ed m\u00e1x.<\/span><\/td>\n<td>3000 min^-1<\/td>\n<\/tr>\n<tr class=\"-show tr-even\">\n<td><span class=\"bold\">Actuaci\u00f3n<\/span><\/td>\n<td>750W<\/td>\n<\/tr>\n<tr class=\"-show tr-odd\">\n<td><span class=\"bold\">Peso del Producto<\/span><\/td>\n<td>2,3 kilos<\/td>\n<\/tr>\n<tr class=\"-show tr-even\">\n<td><span class=\"bold\">Profundidad de corte madera<\/span><\/td>\n<td>100mm<\/td>\n<\/tr>\n<tr class=\"-show tr-odd\">\n<td><span class=\"bold\">Profundidad de corte acero<\/span><\/td>\n<td>10mm<\/td>\n<\/tr>\n<tr class=\"-show tr-even\">\n<td><span class=\"bold\">Cortes en bisel m\u00e1x.<\/span><\/td>\n<td>45\u00b0<\/td>\n<\/tr>\n<tr class=\"-show tr-odd\">\n<td><span class=\"bold\">Cortes diagonales m\u00edn.<\/span><\/td>\n<td>0\u00b0<\/td>\n<\/tr>\n<tr class=\"-show tr-even\">\n<td><span class=\"bold\">Tipo soporte para hoja de sierra<\/span><\/td>\n<td>eje en T<\/td>\n<\/tr>\n<\/tbody>\n<\/table>\n<\/div>\n<\/div>\n<\/div>\n<\/div>\n<\/div>\n<\/div>\n<\/div>\n<\/div>\n<\/div>\n<\/div>\n<\/div>\n<\/div>\n<\/div>\n<\/div>\n<\/div>\n<\/div>\n","protected":false},"excerpt":{"rendered":"<ul>\n<li class=\" meta\">Carrera pendular ajustable en 4 direcciones 0\/1\/2\/3<\/li>\n<li class=\" meta\">Cambio de hoja de sierra sin herramientas (eje en T y eje en U)<\/li>\n<li class=\" meta\">Uso de hojas de sierra con v\u00e1stago en T y U<\/li>\n<li class=\" meta\">Zapata de sierra de aluminio, ajustable sin herramientas.<\/li>\n<li class=\" meta\">Electr\u00f3nica de control de frecuencia de carrera<\/li>\n<li class=\"-marked meta\">Luz LED<\/li>\n<li class=\"-marked meta\">Protecci\u00f3n antiastillas para mejorar la calidad de la superficie<\/li>\n<li class=\"-marked meta\">Funci\u00f3n de soplado de polvo (se puede desconectar)<\/li>\n<li class=\"-marked meta\">Extracci\u00f3n de polvo mediante adaptador<\/li>\n<li class=\"-marked meta\">La zapata de sierra puede girarse hasta 45\u00b0<\/li>\n<li class=\"-marked meta\">Pantalla de privacidad plegable<\/li>\n<li class=\"-marked meta\">Agarre suave<\/li>\n<li class=\"-marked meta\">Con clip para cables<\/li>\n<li class=\"-marked meta\">parada paralela<\/li>\n<li class=\"-marked meta\">Incl. hoja de sierra para madera<\/li>\n<li class=\"-marked meta\">Estuche de transporte y almacenamientO<\/li>\n<\/ul>\n","protected":false},"featured_media":9067,"template":"","meta":{"_joinchat":[]},"product_cat":[181],"product_tag":[200],"class_list":{"0":"post-6166","1":"product","2":"type-product","3":"status-publish","4":"has-post-thumbnail","6":"product_cat-herramientas-electricas","7":"product_tag-sierra-caladora","9":"first","10":"instock","11":"product-type-simple"},"_links":{"self":[{"href":"https:\/\/lidertecsa.com.ar\/catalogo\/wp-json\/wp\/v2\/product\/6166"}],"collection":[{"href":"https:\/\/lidertecsa.com.ar\/catalogo\/wp-json\/wp\/v2\/product"}],"about":[{"href":"https:\/\/lidertecsa.com.ar\/catalogo\/wp-json\/wp\/v2\/types\/product"}],"wp:featuredmedia":[{"embeddable":true,"href":"https:\/\/lidertecsa.com.ar\/catalogo\/wp-json\/wp\/v2\/media\/9067"}],"wp:attachment":[{"href":"https:\/\/lidertecsa.com.ar\/catalogo\/wp-json\/wp\/v2\/media?parent=6166"}],"wp:term":[{"taxonomy":"product_cat","embeddable":true,"href":"https:\/\/lidertecsa.com.ar\/catalogo\/wp-json\/wp\/v2\/product_cat?post=6166"},{"taxonomy":"product_tag","embeddable":true,"href":"https:\/\/lidertecsa.com.ar\/catalogo\/wp-json\/wp\/v2\/product_tag?post=6166"}],"curies":[{"name":"wp","href":"https:\/\/api.w.org\/{rel}","templated":true}]}}