{"id":6160,"date":"2024-06-16T19:41:28","date_gmt":"2024-06-16T22:41:28","guid":{"rendered":"https:\/\/lidertecsa.com.ar\/catalogo\/?post_type=product&#038;p=6160"},"modified":"2024-12-13T16:38:14","modified_gmt":"2024-12-13T19:38:14","slug":"maletin-plastico-apilable-e-case-m","status":"publish","type":"product","link":"https:\/\/lidertecsa.com.ar\/catalogo\/producto\/maletin-plastico-apilable-e-case-m\/","title":{"rendered":"Malet\u00edn Pl\u00e1stico Apilable E-Case M"},"content":{"rendered":"<ul>\n<li>\n<div id=\"description\" class=\"section-row -padded-wide--mod-top-only -in-viewport\" data-anchornav=\"Artikelbeschreibung\">\n<div class=\"col-wrapper -max-width-limited\">\n<div class=\"content-item module-description\">\n<div class=\"description-wrapper\">\n<div class=\"col-two\">\n<div class=\"description__content\">\n<p><span class=\"heading gamma\">Descripci\u00f3n del Art\u00edculo<\/span>El Einhell E-Case M es miembro del sistema modular E-Case de Einhell. El malet\u00edn es ideal para almacenar y transportar m\u00e1quinas y herramientas. Un pr\u00e1ctico sistema de bloqueo para conectar maletas apiladas garantiza un orden sistem\u00e1tico durante el almacenamiento y permite un transporte seguro. El estuche est\u00e1 hecho de polipropileno y por lo tanto tiene alta rigidez, resistencia al calor y resistencia al impacto. Gracias a su altura interior de 25 cm, el E-Case M es adecuado para guardar productos grandes de Einhell, como sierras circulares manuales, taladros percutores o cepillos inal\u00e1mbricos. Adem\u00e1s, gracias a su dise\u00f1o inteligente, la maleta es resistente a salpicaduras. Un asa plegable y ergon\u00f3mica garantiza una comodidad de transporte \u00f3ptima, por ejemplo al sacarlo del maletero. La maleta E-Case M puede equiparse con un candado para protegerla contra robos. El volumen de suministro tambi\u00e9n incluye un compartimento extra\u00edble para herramientas manuales y pegatinas para rotular, para que siempre sepas lo que hay en el malet\u00edn.<\/p>\n<\/div>\n<\/div>\n<\/div>\n<\/div>\n<\/div>\n<\/div>\n<div id=\"technical-details\" class=\"section-row -padded-wide--mod-top-only -in-viewport\" data-anchornav=\"Technische Daten\">\n<div class=\"col-wrapper -max-width-limited -decrease-width\">\n<div class=\"col\">\n<div class=\"content-item module-headline-paragraph headline paragraph -color-headline-black\">\n<h2 class=\"heading delta\">Datos t\u00e9cnicos<\/h2>\n<\/div>\n<div class=\"content-item module-table -styling-beta\">\n<table class=\"table__table\">\n<tbody>\n<tr class=\"-show tr-odd\">\n<td><span class=\"bold\">N\u00famero de asas de transporte<\/span><\/td>\n<td>1<\/td>\n<\/tr>\n<tr class=\"-show tr-even\">\n<td><span class=\"bold\">Ancho exterior<\/span><\/td>\n<td>444mm<\/td>\n<\/tr>\n<tr class=\"-show tr-odd\">\n<td><span class=\"bold\">Ancho interior<\/span><\/td>\n<td>420 mm<\/td>\n<\/tr>\n<tr class=\"-show tr-even\">\n<td><span class=\"bold\">Altura exterior<\/span><\/td>\n<td>295 mm<\/td>\n<\/tr>\n<tr class=\"-show tr-odd\">\n<td><span class=\"bold\">Altura interior<\/span><\/td>\n<td>250 mm<\/td>\n<\/tr>\n<tr class=\"-show tr-even\">\n<td><span class=\"bold\">Longitud exterior<\/span><\/td>\n<td>330 mm<\/td>\n<\/tr>\n<tr class=\"-show tr-odd\">\n<td><span class=\"bold\">Longitud interior<\/span><\/td>\n<td>280 mm<\/td>\n<\/tr>\n<tr class=\"-show tr-even\">\n<td><span class=\"bold\">M\u00e1ximo de carga \u00fatil<\/span><\/td>\n<td>90kg<\/td>\n<\/tr>\n<tr class=\"-show tr-odd\">\n<td><span class=\"bold\">Peso del Producto<\/span><\/td>\n<td>2,85 kilos<\/td>\n<\/tr>\n<\/tbody>\n<\/table>\n<\/div>\n<\/div>\n<\/div>\n<\/div>\n<\/li>\n<\/ul>\n","protected":false},"excerpt":{"rendered":"<ul>\n<li class=\" meta\">Miembro del sistema modular e-case de Einhell<\/li>\n<li class=\" meta\">Malet\u00edn de sistema para guardar\/transportar m\u00e1quinas y herramientas<\/li>\n<li class=\" meta\">Sistema de bloqueo para conectar de forma segura maletas apiladas<\/li>\n<li class=\" meta\">Almacena y transporta f\u00e1cilmente maletas apiladas<\/li>\n<li class=\" meta\">Construcci\u00f3n estable para cargas de hasta 90 kg.<\/li>\n<li class=\"-marked meta\">La altura interior de 25 cm es \u00f3ptima para productos Einhell grandes.<\/li>\n<li class=\"-marked meta\">Asa plegable y ergon\u00f3mica para un transporte c\u00f3modo<\/li>\n<li class=\"-marked meta\">F\u00e1cil de usar: las maletas apiladas se pueden abrir<\/li>\n<li class=\"-marked meta\">Resistente al calor y a los impactos<\/li>\n<li class=\"-marked meta\">Fabricado en polipropileno de alta calidad.<\/li>\n<li class=\"-marked meta\">Dise\u00f1o a prueba de salpicaduras<\/li>\n<li class=\"-marked meta\">Puede equiparse con un candado como dispositivo antirrobo.<\/li>\n<li class=\"-marked meta\">Incluye 1x inserto para herramientas manuales<\/li>\n<li class=\"-marked meta\">Incluye pegatinas para rotular<\/li>\n<\/ul>\n","protected":false},"featured_media":9065,"template":"","meta":{"_joinchat":[]},"product_cat":[736],"product_tag":[724],"class_list":{"0":"post-6160","1":"product","2":"type-product","3":"status-publish","4":"has-post-thumbnail","6":"product_cat-accesorios-varios","7":"product_tag-maletin-plastico","9":"first","10":"instock","11":"product-type-simple"},"_links":{"self":[{"href":"https:\/\/lidertecsa.com.ar\/catalogo\/wp-json\/wp\/v2\/product\/6160"}],"collection":[{"href":"https:\/\/lidertecsa.com.ar\/catalogo\/wp-json\/wp\/v2\/product"}],"about":[{"href":"https:\/\/lidertecsa.com.ar\/catalogo\/wp-json\/wp\/v2\/types\/product"}],"wp:featuredmedia":[{"embeddable":true,"href":"https:\/\/lidertecsa.com.ar\/catalogo\/wp-json\/wp\/v2\/media\/9065"}],"wp:attachment":[{"href":"https:\/\/lidertecsa.com.ar\/catalogo\/wp-json\/wp\/v2\/media?parent=6160"}],"wp:term":[{"taxonomy":"product_cat","embeddable":true,"href":"https:\/\/lidertecsa.com.ar\/catalogo\/wp-json\/wp\/v2\/product_cat?post=6160"},{"taxonomy":"product_tag","embeddable":true,"href":"https:\/\/lidertecsa.com.ar\/catalogo\/wp-json\/wp\/v2\/product_tag?post=6160"}],"curies":[{"name":"wp","href":"https:\/\/api.w.org\/{rel}","templated":true}]}}

Maletín Plástico Apilable E-Case M

<ul>
<li>
<div id="description" class="section-row -padded-wide--mod-top-only -in-viewport" data-anchornav="Artikelbeschreibung">
<div class="col-wrapper -max-width-limited">
<div class="content-item module-description">
<div class="description-wrapper">
<div class="col-two">
<div class="description__content">
<p><span class="heading gamma">Descripción del Artículo</span>El Einhell E-Case M es miembro del sistema modular E-Case de Einhell. El maletín es ideal para almacenar y transportar máquinas y herramientas. Un práctico sistema de bloqueo para conectar maletas apiladas garantiza un orden sistemático durante el almacenamiento y permite un transporte seguro. El estuche está hecho de polipropileno y por lo tanto tiene alta rigidez, resistencia al calor y resistencia al impacto. Gracias a su altura interior de 25 cm, el E-Case M es adecuado para guardar productos grandes de Einhell, como sierras circulares manuales, taladros percutores o cepillos inalámbricos. Además, gracias a su diseño inteligente, la maleta es resistente a salpicaduras. Un asa plegable y ergonómica garantiza una comodidad de transporte óptima, por ejemplo al sacarlo del maletero. La maleta E-Case M puede equiparse con un candado para protegerla contra robos. El volumen de suministro también incluye un compartimento extraíble para herramientas manuales y pegatinas para rotular, para que siempre sepas lo que hay en el maletín.</p>
</div>
</div>
</div>
</div>
</div>
</div>
<div id="technical-details" class="section-row -padded-wide--mod-top-only -in-viewport" data-anchornav="Technische Daten">
<div class="col-wrapper -max-width-limited -decrease-width">
<div class="col">
<div class="content-item module-headline-paragraph headline paragraph -color-headline-black">
<h2 class="heading delta">Datos técnicos</h2>
</div>
<div class="content-item module-table -styling-beta">
<table class="table__table">
<tbody>
<tr class="-show tr-odd">
<td><span class="bold">Número de asas de transporte</span></td>
<td>1</td>
</tr>
<tr class="-show tr-even">
<td><span class="bold">Ancho exterior</span></td>
<td>444mm</td>
</tr>
<tr class="-show tr-odd">
<td><span class="bold">Ancho interior</span></td>
<td>420 mm</td>
</tr>
<tr class="-show tr-even">
<td><span class="bold">Altura exterior</span></td>
<td>295 mm</td>
</tr>
<tr class="-show tr-odd">
<td><span class="bold">Altura interior</span></td>
<td>250 mm</td>
</tr>
<tr class="-show tr-even">
<td><span class="bold">Longitud exterior</span></td>
<td>330 mm</td>
</tr>
<tr class="-show tr-odd">
<td><span class="bold">Longitud interior</span></td>
<td>280 mm</td>
</tr>
<tr class="-show tr-even">
<td><span class="bold">Máximo de carga útil</span></td>
<td>90kg</td>
</tr>
<tr class="-show tr-odd">
<td><span class="bold">Peso del Producto</span></td>
<td>2,85 kilos</td>
</tr>
</tbody>
</table>
</div>
</div>
</div>
</div>
</li>
</ul>

<ul>
<li class=" meta">Miembro del sistema modular e-case de Einhell</li>
<li class=" meta">Maletín de sistema para guardar/transportar máquinas y herramientas</li>
<li class=" meta">Sistema de bloqueo para conectar de forma segura maletas apiladas</li>
<li class=" meta">Almacena y transporta fácilmente maletas apiladas</li>
<li class=" meta">Construcción estable para cargas de hasta 90 kg.</li>
<li class="-marked meta">La altura interior de 25 cm es óptima para productos Einhell grandes.</li>
<li class="-marked meta">Asa plegable y ergonómica para un transporte cómodo</li>
<li class="-marked meta">Fácil de usar: las maletas apiladas se pueden abrir</li>
<li class="-marked meta">Resistente al calor y a los impactos</li>
<li class="-marked meta">Fabricado en polipropileno de alta calidad.</li>
<li class="-marked meta">Diseño a prueba de salpicaduras</li>
<li class="-marked meta">Puede equiparse con un candado como dispositivo antirrobo.</li>
<li class="-marked meta">Incluye 1x inserto para herramientas manuales</li>
<li class="-marked meta">Incluye pegatinas para rotular</li>
</ul>
