{"id":6156,"date":"2024-06-16T19:24:35","date_gmt":"2024-06-16T22:24:35","guid":{"rendered":"https:\/\/lidertecsa.com.ar\/catalogo\/?post_type=product&#038;p=6156"},"modified":"2024-12-13T16:38:13","modified_gmt":"2024-12-13T19:38:13","slug":"robot-corta-cesped-freelexo-500-lcd-bt","status":"publish","type":"product","link":"https:\/\/lidertecsa.com.ar\/catalogo\/producto\/robot-corta-cesped-freelexo-500-lcd-bt\/","title":{"rendered":"Robot Corta Cesped FREELEXO 500 LCD BT+"},"content":{"rendered":"<div id=\"description\" class=\"section-row -padded-wide--mod-top-only -in-viewport\" data-anchornav=\"Artikelbeschreibung\">\n<div class=\"col-wrapper -max-width-limited\">\n<div class=\"content-item module-description\">\n<div class=\"description-wrapper\">\n<div class=\"col-two\">\n<div class=\"description__content\">\n<div id=\"description\" class=\"section-row -padded-wide--mod-top-only -in-viewport\" data-anchornav=\"Artikelbeschreibung\">\n<div class=\"col-wrapper -max-width-limited\">\n<div class=\"content-item module-description\">\n<div class=\"description-wrapper\">\n<div class=\"col-two\">\n<div class=\"description__content\">\n<div id=\"description\" class=\"section-row -padded-wide--mod-top-only -in-viewport\" data-anchornav=\"Artikelbeschreibung\">\n<div class=\"col-wrapper -max-width-limited\">\n<div class=\"content-item module-description\">\n<div class=\"description-wrapper\">\n<div class=\"col-two\">\n<div class=\"description__content\">\n<div id=\"description\" class=\"section-row -padded-wide--mod-top-only -in-viewport\" data-anchornav=\"Artikelbeschreibung\">\n<div class=\"col-wrapper -max-width-limited\">\n<div class=\"content-item module-description\">\n<div class=\"description-wrapper\">\n<div class=\"col-two\">\n<div class=\"description__content\">\n<p><span class=\"heading gamma\">Descripci\u00f3n del Art\u00edculo<\/span>Un verde exuberante necesita el cuidado adecuado: el corte adecuado. El robot cortac\u00e9sped FREELEXO 500 LCD BT+ aporta el mejor cuidado al jard\u00edn, incluido equipo de instalaci\u00f3n para hasta 500 m\u00b2 y una potente bater\u00eda Power X-Change de 2,5 Ah de la familia de sistemas flexibles de Einhell. El cortac\u00e9sped multizona cuida el c\u00e9sped de forma independiente e incansable, incluso en jardines sinuosos, rincones tranquilos y zonas verdes complejas. El FREELEXO se programa mediante una pr\u00e1ctica aplicaci\u00f3n con conexi\u00f3n Bluetooth. FREELEXO pertenece a la potente familia Power X-Change, que ofrece una flexibilidad ilimitada dentro de la familia de sistemas. La bater\u00eda Power X-Change de 2,5 Ah incluida en el volumen de suministro se puede combinar con todos los dispositivos del sistema de la familia de productos. Mediante la aplicaci\u00f3n, el FREELEXO se puede controlar individualmente mediante Bluetooth o mediante el teclado intuitivo con pantalla LCD. Las horas de trabajo se pueden programar para el d\u00eda exacto, y el FREELEXO tambi\u00e9n tiene un programa de corte para \u00e1reas secundarias. La protecci\u00f3n contra robo se activa con un c\u00f3digo PIN. Numerosos sensores de seguridad, como sensores de choque, inclinaci\u00f3n y elevaci\u00f3n, garantizan la seguridad. Cuando se activa el sensor de lluvia, el FREELEXO regresa autom\u00e1ticamente a la estaci\u00f3n de carga, que est\u00e1 equipada con el modo ECO. El regreso a la estaci\u00f3n de carga y el proceso de carga se realizan autom\u00e1ticamente si es necesario. El FREELEXO soporta f\u00e1cilmente inclinaciones de hasta el 35 %, tiene un ajuste de altura de corte de 20 mm a 60 mm y tiene una funci\u00f3n de corte puntual. Se incluye el equipo de instalaci\u00f3n para 500 m\u00b2 de c\u00e9sped, incluidos 130 m de cable delimitador, 190 ganchos de fijaci\u00f3n, tres cuchillas de repuesto y cuatro abrazaderas de conexi\u00f3n.<\/p>\n<\/div>\n<\/div>\n<\/div>\n<\/div>\n<\/div>\n<\/div>\n<div id=\"technical-details\" class=\"section-row -padded-wide--mod-top-only -in-viewport\" data-anchornav=\"Technische Daten\">\n<div class=\"col-wrapper -max-width-limited -decrease-width\">\n<div class=\"col\">\n<div class=\"content-item module-headline-paragraph headline paragraph -color-headline-black\">\n<h2 class=\"heading delta\">Datos t\u00e9cnicos<\/h2>\n<\/div>\n<div class=\"content-item module-table -styling-beta\">\n<table class=\"table__table\">\n<tbody>\n<tr class=\"-show tr-odd\">\n<td><span class=\"bold\">N\u00famero de bater\u00edas incluidas en la entrega<\/span><\/td>\n<td>PC 1<\/td>\n<\/tr>\n<tr class=\"-show tr-even\">\n<td><span class=\"bold\">N\u00famero de ganchos de fijaci\u00f3n incluidos en la entrega<\/span><\/td>\n<td>190 piezas<\/td>\n<\/tr>\n<tr class=\"-show tr-odd\">\n<td><span class=\"bold\">N\u00famero de terminales de conexi\u00f3n incluidos en la entrega<\/span><\/td>\n<td>4 piezas<\/td>\n<\/tr>\n<tr class=\"-show tr-even\">\n<td><span class=\"bold\">aplicaci\u00f3n<\/span><\/td>\n<td>verdadero<\/td>\n<\/tr>\n<tr class=\"-show tr-odd\">\n<td><span class=\"bold\">Clase de protecci\u00f3n IP<\/span><\/td>\n<td>IPX4<\/td>\n<\/tr>\n<tr class=\"-show tr-even\">\n<td><span class=\"bold\">Longitud del cable delimitador incluido en la entrega<\/span><\/td>\n<td>130metros<\/td>\n<\/tr>\n<tr class=\"-show tr-odd\">\n<td><span class=\"bold\">Longitud del cable de alimentaci\u00f3n de la estaci\u00f3n de carga<\/span><\/td>\n<td>1000cm<\/td>\n<\/tr>\n<tr class=\"-show tr-even\">\n<td><span class=\"bold\">Pendiente m\u00e1x. del \u00e1rea de corte<\/span><\/td>\n<td>35%<\/td>\n<\/tr>\n<tr class=\"-show tr-odd\">\n<td><span class=\"bold\">\u00c1rea de c\u00e9sped recomendada m\u00e1x.<\/span><\/td>\n<td>500 m\u00b2<\/td>\n<\/tr>\n<tr class=\"-show tr-even\">\n<td><span class=\"bold\">voltaje del motor<\/span><\/td>\n<td>18V<\/td>\n<\/tr>\n<tr class=\"-show tr-odd\">\n<td><span class=\"bold\">Tipo de motor<\/span><\/td>\n<td>Motor sin escobillas<\/td>\n<\/tr>\n<tr class=\"-show tr-even\">\n<td><span class=\"bold\">Peso del Producto<\/span><\/td>\n<td>8,9 kilos<\/td>\n<\/tr>\n<tr class=\"-show tr-odd\">\n<td><span class=\"bold\">Nivel de potencia sonora (volumen)<\/span><\/td>\n<td>57dB(A)<\/td>\n<\/tr>\n<tr class=\"-show tr-even\">\n<td><span class=\"bold\">ancho de corte<\/span><\/td>\n<td>18 cm<\/td>\n<\/tr>\n<tr class=\"-show tr-odd\">\n<td><span class=\"bold\">Altura de corte m\u00e1x.<\/span><\/td>\n<td>60mm<\/td>\n<\/tr>\n<tr class=\"-show tr-even\">\n<td><span class=\"bold\">Altura de corte m\u00edn.<\/span><\/td>\n<td>20mm<\/td>\n<\/tr>\n<tr class=\"-show tr-odd\">\n<td><span class=\"bold\">Ajuste continuo de la altura de corte<\/span><\/td>\n<td>verdadero<\/td>\n<\/tr>\n<\/tbody>\n<\/table>\n<\/div>\n<\/div>\n<\/div>\n<\/div>\n<\/div>\n<\/div>\n<\/div>\n<\/div>\n<\/div>\n<\/div>\n<\/div>\n<\/div>\n<\/div>\n<\/div>\n<\/div>\n<\/div>\n<\/div>\n<\/div>\n<\/div>\n<\/div>\n<\/div>\n<\/div>\n","protected":false},"excerpt":{"rendered":"<ul>\n<li class=\" meta\">Bater\u00eda del sistema PXC: tambi\u00e9n se puede utilizar para otros dispositivos PXC<\/li>\n<li class=\" meta\">Control de aplicaciones mediante Bluetooth: control individual del robot cortac\u00e9sped<\/li>\n<li class=\" meta\">Teclado de manejo intuitivo con pantalla LCD<\/li>\n<li class=\" meta\">Las horas de trabajo se pueden programar para el d\u00eda exacto.<\/li>\n<li class=\" meta\">Sensores de seguridad gracias a sensores de impacto, inclinaci\u00f3n y elevaci\u00f3n<\/li>\n<li class=\"-marked meta\">Protecci\u00f3n contra robo mediante c\u00f3digo PIN<\/li>\n<li class=\"-marked meta\">sensor de lluvia<\/li>\n<li class=\"-marked meta\">Modo ECO de la estaci\u00f3n de carga<\/li>\n<li class=\"-marked meta\">Corte multizona: para jardines complejos<\/li>\n<li class=\"-marked meta\">corte puntual<\/li>\n<li class=\"-marked meta\">Programa de corte para \u00e1reas secundarias.<\/li>\n<li class=\"-marked meta\">Ajuste de altura de corte (20-60 mm)<\/li>\n<li class=\"-marked meta\">Adecuado para pendientes de hasta el 35%<\/li>\n<li class=\"-marked meta\">Regrese a la estaci\u00f3n de carga y cargue autom\u00e1ticamente<\/li>\n<li class=\"-marked meta\">Incl. equipo de instalaci\u00f3n para 500 m\u00b2 de c\u00e9sped.<\/li>\n<li class=\"-marked meta\">Incluye bater\u00eda PXC de 2,5 Ah.<\/li>\n<li class=\"-marked meta\">Cable perimetral 130 m<\/li>\n<li class=\"-marked meta\">Ganchos de fijaci\u00f3n 190 piezas.<\/li>\n<li class=\"-marked meta\">Cuchillas de repuesto 3 piezas.<\/li>\n<li class=\"-marked meta\">Abrazaderas de conexi\u00f3n 4 piezas.<\/li>\n<\/ul>\n","protected":false},"featured_media":9064,"template":"","meta":{"_joinchat":[]},"product_cat":[50],"product_tag":[243],"class_list":{"0":"post-6156","1":"product","2":"type-product","3":"status-publish","4":"has-post-thumbnail","6":"product_cat-herramientas-a-bateria","7":"product_tag-cortadora-de-cesped","9":"first","10":"instock","11":"product-type-simple"},"_links":{"self":[{"href":"https:\/\/lidertecsa.com.ar\/catalogo\/wp-json\/wp\/v2\/product\/6156"}],"collection":[{"href":"https:\/\/lidertecsa.com.ar\/catalogo\/wp-json\/wp\/v2\/product"}],"about":[{"href":"https:\/\/lidertecsa.com.ar\/catalogo\/wp-json\/wp\/v2\/types\/product"}],"wp:featuredmedia":[{"embeddable":true,"href":"https:\/\/lidertecsa.com.ar\/catalogo\/wp-json\/wp\/v2\/media\/9064"}],"wp:attachment":[{"href":"https:\/\/lidertecsa.com.ar\/catalogo\/wp-json\/wp\/v2\/media?parent=6156"}],"wp:term":[{"taxonomy":"product_cat","embeddable":true,"href":"https:\/\/lidertecsa.com.ar\/catalogo\/wp-json\/wp\/v2\/product_cat?post=6156"},{"taxonomy":"product_tag","embeddable":true,"href":"https:\/\/lidertecsa.com.ar\/catalogo\/wp-json\/wp\/v2\/product_tag?post=6156"}],"curies":[{"name":"wp","href":"https:\/\/api.w.org\/{rel}","templated":true}]}}