{"id":6152,"date":"2024-06-16T19:15:11","date_gmt":"2024-06-16T22:15:11","guid":{"rendered":"https:\/\/lidertecsa.com.ar\/catalogo\/?post_type=product&#038;p=6152"},"modified":"2024-12-13T16:38:13","modified_gmt":"2024-12-13T19:38:13","slug":"lima-de-banda-inalambrica-te-bf-18-li-solo","status":"publish","type":"product","link":"https:\/\/lidertecsa.com.ar\/catalogo\/producto\/lima-de-banda-inalambrica-te-bf-18-li-solo\/","title":{"rendered":"Lima de Banda Inal\u00e1mbrica TE-BF 18 Li-solo"},"content":{"rendered":"<div id=\"description\" class=\"section-row -padded-wide--mod-top-only -in-viewport\" data-anchornav=\"Artikelbeschreibung\">\n<div class=\"col-wrapper -max-width-limited\">\n<div class=\"content-item module-description\">\n<div class=\"description-wrapper\">\n<div class=\"col-two\">\n<div class=\"description__content\">\n<div id=\"description\" class=\"section-row -padded-wide--mod-top-only -in-viewport\" data-anchornav=\"Artikelbeschreibung\">\n<div class=\"col-wrapper -max-width-limited\">\n<div class=\"content-item module-description\">\n<div class=\"description-wrapper\">\n<div class=\"col-two\">\n<div class=\"description__content\">\n<div id=\"description\" class=\"section-row -padded-wide--mod-top-only -in-viewport\" data-anchornav=\"Artikelbeschreibung\">\n<div class=\"col-wrapper -max-width-limited\">\n<div class=\"content-item module-description\">\n<div class=\"description-wrapper\">\n<div class=\"col-two\">\n<div class=\"description__content\">\n<p><span class=\"heading gamma\">Descripci\u00f3n del Art\u00edculo<\/span>La lima de banda a bater\u00eda Einhell TE-BF 18 Li-Solo es una herramienta pr\u00e1ctica y manejable para lijar y desbarbar zonas de dif\u00edcil acceso. Como miembro de la familia Power X-Change, el archivo de banda se puede combinar con todas las bater\u00edas y cargadores de la familia del sistema. Viene con dos brazos de lijado intercambiables de diferentes anchos. El brazo de lijado estrecho de 9 mm es perfecto para espacios estrechos y para lijar piezas muy peque\u00f1as y delicadas. Con el brazo de lijado de 13 mm de ancho tambi\u00e9n se pueden mecanizar superficies m\u00e1s anchas y planas. El brazo abrasivo puede girarse hasta 90\u00b0 para trabajar de forma flexible desde distintas posiciones y para procesar zonas de dif\u00edcil acceso. Gracias al control de velocidad, la velocidad de la cinta abrasiva se puede ajustar entre 250 y 1.700 m\/min al material respectivo y al alto rendimiento de arranque deseado, lo que la hace adecuada para una amplia variedad de materiales. Para trabajos que requieren mucho tiempo, la manejable y ligera lima de cinta con bater\u00eda dispone de un bloqueo de funcionamiento continuo. La banda de lijado se cambia sin herramientas mediante una palanca y el cilindro se ajusta mediante un tornillo en el brazo de lijado. Gracias a su dise\u00f1o ergon\u00f3mico con superficies de agarre suaves, la lima de banda se adapta c\u00f3modamente a la mano. La robusta carcasa del motor est\u00e1 equipada con un mango suave y se convierte as\u00ed en un mango adicional para un manejo \u00f3ptimo. La carcasa del brazo abrasivo est\u00e1 fabricada de metal macizo. Para un trabajo limpio se utiliza un adaptador de aspiraci\u00f3n para conectar, p. B. Se incluyen aspiradoras en seco y h\u00famedo Einhell. El volumen de suministro incluye un juego de bandas abrasivas de 12 piezas en dos anchos de banda (longitud 457 mm, 2x P60, P80, P120 cada uno), dos brazos abrasivos y una pr\u00e1ctica bolsa de transporte y almacenamiento. La entrega se realiza sin bater\u00eda ni cargador. Estos est\u00e1n disponibles por separado.<\/p>\n<\/div>\n<\/div>\n<\/div>\n<\/div>\n<\/div>\n<\/div>\n<div id=\"technical-details\" class=\"section-row -padded-wide--mod-top-only -in-viewport\" data-anchornav=\"Technische Daten\">\n<div class=\"col-wrapper -max-width-limited -decrease-width\">\n<div class=\"col\">\n<div class=\"content-item module-headline-paragraph headline paragraph -color-headline-black\">\n<h2 class=\"heading delta\">Datos t\u00e9cnicos<\/h2>\n<\/div>\n<div class=\"content-item module-table -styling-beta\">\n<table class=\"table__table\">\n<tbody>\n<tr class=\"-show tr-odd\">\n<td><span class=\"bold\">N\u00famero de 120 bandas abrasivas incluidas en la entrega<\/span><\/td>\n<td>4 piezas<\/td>\n<\/tr>\n<tr class=\"-show tr-even\">\n<td><span class=\"bold\">N\u00famero de 60 bandas abrasivas incluidas en la entrega<\/span><\/td>\n<td>4 piezas<\/td>\n<\/tr>\n<tr class=\"-show tr-odd\">\n<td><span class=\"bold\">N\u00famero de 80 bandas abrasivas incluidas en la entrega<\/span><\/td>\n<td>4 piezas<\/td>\n<\/tr>\n<tr class=\"-show tr-even\">\n<td><span class=\"bold\">N\u00famero de bater\u00edas incluidas en la entrega<\/span><\/td>\n<td>0 piezas<\/td>\n<\/tr>\n<tr class=\"-show tr-odd\">\n<td><span class=\"bold\">N\u00famero de cargadores incluidos en la entrega<\/span><\/td>\n<td>0 piezas<\/td>\n<\/tr>\n<tr class=\"-show tr-even\">\n<td><span class=\"bold\">Ancho 1 banda de lijado<\/span><\/td>\n<td>13mm<\/td>\n<\/tr>\n<tr class=\"-show tr-odd\">\n<td><span class=\"bold\">Banda de lijado de ancho 2<\/span><\/td>\n<td>9mm<\/td>\n<\/tr>\n<tr class=\"-show tr-even\">\n<td><span class=\"bold\">Conexi\u00f3n de succi\u00f3n de di\u00e1metro<\/span><\/td>\n<td>35mm<\/td>\n<\/tr>\n<tr class=\"-show tr-odd\">\n<td><span class=\"bold\">Di\u00e1metro del mango<\/span><\/td>\n<td>40mm<\/td>\n<\/tr>\n<tr class=\"-show tr-even\">\n<td><span class=\"bold\">Longitud de la banda de lijado<\/span><\/td>\n<td>457 mm<\/td>\n<\/tr>\n<tr class=\"-show tr-odd\">\n<td><span class=\"bold\">voltaje del motor<\/span><\/td>\n<td>18V<\/td>\n<\/tr>\n<tr class=\"-show tr-even\">\n<td><span class=\"bold\">Tipo de motor<\/span><\/td>\n<td>motor del cepillo<\/td>\n<\/tr>\n<tr class=\"-show tr-odd\">\n<td><span class=\"bold\">Peso del Producto<\/span><\/td>\n<td>1,13 kilos<\/td>\n<\/tr>\n<tr class=\"-show tr-even\">\n<td><span class=\"bold\">Velocidad de la cinta abrasiva m\u00e1x.<\/span><\/td>\n<td>1700 m\/min<\/td>\n<\/tr>\n<\/tbody>\n<\/table>\n<\/div>\n<\/div>\n<\/div>\n<\/div>\n<\/div>\n<\/div>\n<\/div>\n<\/div>\n<\/div>\n<\/div>\n<div id=\"technical-details\" class=\"section-row -padded-wide--mod-top-only -in-viewport\" data-anchornav=\"Technische Daten\">\n<div class=\"col-wrapper -max-width-limited -decrease-width\">\n<div class=\"col\"><\/div>\n<\/div>\n<\/div>\n<\/div>\n<\/div>\n<\/div>\n<\/div>\n<\/div>\n<\/div>\n","protected":false},"excerpt":{"rendered":"<ul>\n<li class=\" meta\">Miembro de la familia Power X-Change, requiere 1 bater\u00eda de 18 V<\/li>\n<li class=\" meta\">Brazo de lijado giratorio a 90\u00b0 para adaptarse a cualquier posici\u00f3n de trabajo<\/li>\n<li class=\" meta\">Dos brazos de lijado f\u00e1cilmente reemplazables para diversas tareas<\/li>\n<li class=\" meta\">Brazo de rectificado estrecho para espacios reducidos y trabajos delicados<\/li>\n<li class=\" meta\">Brazo de lijado ancho para superficies planas m\u00e1s grandes<\/li>\n<li class=\"-marked meta\">Control de velocidad variable de la banda de lijado<\/li>\n<li class=\"-marked meta\">Velocidades muy altas para altas tasas de eliminaci\u00f3n<\/li>\n<li class=\"-marked meta\">Cambio de banda de lijado sencillo y sin herramientas<\/li>\n<li class=\"-marked meta\">Ajuste de la banda de lijado sin herramientas directamente en el brazo de lijado<\/li>\n<li class=\"-marked meta\">Robusta carcasa del brazo abrasivo de metal macizo<\/li>\n<li class=\"-marked meta\">Bloqueo de funcionamiento continuo para trabajos que requieren mucho tiempo<\/li>\n<li class=\"-marked meta\">Asa y asa adicional con agarre suave<\/li>\n<li class=\"-marked meta\">Dise\u00f1o ergon\u00f3mico, delgado y liviano<\/li>\n<li class=\"-marked meta\">Incl. adaptador de aspiraci\u00f3n de 35 mm para aspiradores en seco y h\u00famedo Einhell<\/li>\n<li class=\"-marked meta\">Incluye 12 piezas. Juego de cintas abrasivas en 2 anchos de banda (P60, P80, P120)<\/li>\n<li class=\"-marked meta\">Incl. pr\u00e1ctica bolsa de transporte y almacenamiento.<\/li>\n<li class=\"-marked meta\">Se entrega sin bater\u00eda ni cargador (se vende por separado)<\/li>\n<\/ul>\n","protected":false},"featured_media":9062,"template":"","meta":{"_joinchat":[]},"product_cat":[50],"product_tag":[1108],"class_list":{"0":"post-6152","1":"product","2":"type-product","3":"status-publish","4":"has-post-thumbnail","6":"product_cat-herramientas-a-bateria","7":"product_tag-lima-de-banda","9":"first","10":"instock","11":"product-type-simple"},"_links":{"self":[{"href":"https:\/\/lidertecsa.com.ar\/catalogo\/wp-json\/wp\/v2\/product\/6152"}],"collection":[{"href":"https:\/\/lidertecsa.com.ar\/catalogo\/wp-json\/wp\/v2\/product"}],"about":[{"href":"https:\/\/lidertecsa.com.ar\/catalogo\/wp-json\/wp\/v2\/types\/product"}],"wp:featuredmedia":[{"embeddable":true,"href":"https:\/\/lidertecsa.com.ar\/catalogo\/wp-json\/wp\/v2\/media\/9062"}],"wp:attachment":[{"href":"https:\/\/lidertecsa.com.ar\/catalogo\/wp-json\/wp\/v2\/media?parent=6152"}],"wp:term":[{"taxonomy":"product_cat","embeddable":true,"href":"https:\/\/lidertecsa.com.ar\/catalogo\/wp-json\/wp\/v2\/product_cat?post=6152"},{"taxonomy":"product_tag","embeddable":true,"href":"https:\/\/lidertecsa.com.ar\/catalogo\/wp-json\/wp\/v2\/product_tag?post=6152"}],"curies":[{"name":"wp","href":"https:\/\/api.w.org\/{rel}","templated":true}]}}