{"id":615,"date":"2023-06-18T07:51:39","date_gmt":"2023-06-18T10:51:39","guid":{"rendered":"https:\/\/lidertecsa.com.ar\/catalogo\/?post_type=product&#038;p=615"},"modified":"2024-12-13T16:30:45","modified_gmt":"2024-12-13T19:30:45","slug":"mezclador-de-pintura-electrico-tc-mx-1200","status":"publish","type":"product","link":"https:\/\/lidertecsa.com.ar\/catalogo\/producto\/mezclador-de-pintura-electrico-tc-mx-1200\/","title":{"rendered":"Mezclador De Pintura El\u00e9ctrico TC-MX 1200"},"content":{"rendered":"<ul>\n<li>Potente motor de 1200 vatios para un alto rendimiento de mezcla<\/li>\n<li>M\u00e1quina compacta de 1 velocidad para mezclar materiales viscosos.<\/li>\n<li>Electr\u00f3nica de velocidad para la adaptaci\u00f3n a la mezcla respectiva.<\/li>\n<li>Robusto agitador con rosca M14<\/li>\n<li>Mango ergon\u00f3mico para un trabajo c\u00f3modo.<\/li>\n<li>Incl. Mezclador para mortero (\u00d8 100 mm)<\/li>\n<\/ul>\n","protected":false},"excerpt":{"rendered":"<p>Potente motor de 1200 vatios para un alto rendimiento de mezcla M\u00e1quina compacta de 1 velocidad para mezclar materiales viscosos. Electr\u00f3nica de velocidad para la adaptaci\u00f3n a la mezcla respectiva. Robusto agitador con rosca M14 Mango ergon\u00f3mico para un trabajo c\u00f3modo. Incl. Mezclador para mortero (\u00d8 100 mm)<\/p>\n","protected":false},"featured_media":3274,"template":"","meta":{"_joinchat":[]},"product_cat":[181],"product_tag":[208],"class_list":{"0":"post-615","1":"product","2":"type-product","3":"status-publish","4":"has-post-thumbnail","6":"product_cat-herramientas-electricas","7":"product_tag-mezclador-de-pintura","9":"first","10":"instock","11":"product-type-simple"},"_links":{"self":[{"href":"https:\/\/lidertecsa.com.ar\/catalogo\/wp-json\/wp\/v2\/product\/615"}],"collection":[{"href":"https:\/\/lidertecsa.com.ar\/catalogo\/wp-json\/wp\/v2\/product"}],"about":[{"href":"https:\/\/lidertecsa.com.ar\/catalogo\/wp-json\/wp\/v2\/types\/product"}],"wp:featuredmedia":[{"embeddable":true,"href":"https:\/\/lidertecsa.com.ar\/catalogo\/wp-json\/wp\/v2\/media\/3274"}],"wp:attachment":[{"href":"https:\/\/lidertecsa.com.ar\/catalogo\/wp-json\/wp\/v2\/media?parent=615"}],"wp:term":[{"taxonomy":"product_cat","embeddable":true,"href":"https:\/\/lidertecsa.com.ar\/catalogo\/wp-json\/wp\/v2\/product_cat?post=615"},{"taxonomy":"product_tag","embeddable":true,"href":"https:\/\/lidertecsa.com.ar\/catalogo\/wp-json\/wp\/v2\/product_tag?post=615"}],"curies":[{"name":"wp","href":"https:\/\/api.w.org\/{rel}","templated":true}]}}