{"id":6117,"date":"2024-06-16T15:27:35","date_gmt":"2024-06-16T18:27:35","guid":{"rendered":"https:\/\/lidertecsa.com.ar\/catalogo\/?post_type=product&#038;p=6117"},"modified":"2024-12-13T16:38:09","modified_gmt":"2024-12-13T19:38:09","slug":"soplador-inalambrico-ge-ub-18-250-li-e-solo","status":"publish","type":"product","link":"https:\/\/lidertecsa.com.ar\/catalogo\/producto\/soplador-inalambrico-ge-ub-18-250-li-e-solo\/","title":{"rendered":"Soplador Inal\u00e1mbrico GE-UB 18\/250 Li E Solo"},"content":{"rendered":"<div id=\"description\" class=\"section-row -padded-wide--mod-top-only -in-viewport\" data-anchornav=\"Artikelbeschreibung\">\n<div class=\"col-wrapper -max-width-limited\">\n<div class=\"content-item module-description\">\n<div class=\"description-wrapper\">\n<div class=\"col-two\">\n<div class=\"description__content\">\n<p><span class=\"heading gamma\">Descripci\u00f3n del Art\u00edculo<\/span>Con el soplador universal a bater\u00eda de Einhell GE-UB 18\/250 Li E-Solo hay orden en la casa y el jard\u00edn, y en cada rinc\u00f3n, gracias a la libertad inal\u00e1mbrica. El soplador inal\u00e1mbrico es miembro de la familia Power X-Change y requiere 1 bater\u00eda de 18 V para funcionar. Las bater\u00edas de la familia de sistemas se pueden utilizar en m\u00e1s de 200 dispositivos Einhell, ya sea en el jard\u00edn o en el taller. La cerbatana de varias piezas se puede utilizar para diversas aplicaciones en el hogar y el jard\u00edn, por ejemplo como soplador de hojas con una cerbatana larga, como soplador de taller con una cerbatana mediana o como ayuda para encender la parrilla con una cerbatana corta de precisi\u00f3n. El control electr\u00f3nico de velocidad garantiza el ajuste seg\u00fan sea necesario. La pantalla LED proporciona informaci\u00f3n sobre la velocidad ajustada de un vistazo. El mango suave garantiza un buen agarre y un trabajo sin fatiga. El soporte de pared integrado permite un f\u00e1cil almacenamiento. Para obtener resultados \u00f3ptimos, se recomienda una bater\u00eda de 2,5 Ah o m\u00e1s. El env\u00edo no incluye bater\u00eda ni cargador; estos se pueden adquirir por separado, por ejemplo como pr\u00e1ctico set b\u00e1sico de Einhell.<\/p>\n<\/div>\n<\/div>\n<\/div>\n<\/div>\n<\/div>\n<\/div>\n<div id=\"technical-details\" class=\"section-row -padded-wide--mod-top-only -in-viewport\" data-anchornav=\"Technische Daten\">\n<div class=\"col-wrapper -max-width-limited -decrease-width\">\n<div class=\"col\">\n<div class=\"content-item module-headline-paragraph headline paragraph -color-headline-black\">\n<h2 class=\"heading delta\">Datos t\u00e9cnicos<\/h2>\n<\/div>\n<div class=\"content-item module-table -styling-beta\">\n<table class=\"table__table\">\n<tbody>\n<tr class=\"-show tr-odd\">\n<td><span class=\"bold\">N\u00famero de bater\u00edas incluidas en la entrega<\/span><\/td>\n<td>0 piezas<\/td>\n<\/tr>\n<tr class=\"-show tr-even\">\n<td><span class=\"bold\">N\u00famero de cargadores incluidos en la entrega<\/span><\/td>\n<td>0 piezas<\/td>\n<\/tr>\n<tr class=\"-show tr-odd\">\n<td><span class=\"bold\">velocidad del aire<\/span><\/td>\n<td>250 kil\u00f3metros por hora<\/td>\n<\/tr>\n<tr class=\"-show tr-even\">\n<td><span class=\"bold\">Potencia de soplado m\u00e1x.<\/span><\/td>\n<td>120 m\u00b3\/h<\/td>\n<\/tr>\n<tr class=\"-show tr-odd\">\n<td><span class=\"bold\">voltaje del motor<\/span><\/td>\n<td>18V<\/td>\n<\/tr>\n<tr class=\"-show tr-even\">\n<td><span class=\"bold\">Tipo de motor<\/span><\/td>\n<td>motor del cepillo<\/td>\n<\/tr>\n<tr class=\"-show tr-odd\">\n<td><span class=\"bold\">Peso del Producto<\/span><\/td>\n<td>1,1 kilogramos<\/td>\n<\/tr>\n<tr class=\"-show tr-even\">\n<td><span class=\"bold\">Nivel de potencia sonora (volumen)<\/span><\/td>\n<td>92dB(A)<\/td>\n<\/tr>\n<\/tbody>\n<\/table>\n<\/div>\n<\/div>\n<\/div>\n<\/div>\n<div id=\"video\" class=\"section-row -padded-wide--mod-top-only -in-viewport\" data-anchornav=\"Video\">\n<div class=\"col-wrapper l-1col -max-width-limited\">\n<div class=\"col\">\n<div class=\"content-item module-video -full-size\">\n<div class=\"cards__card\" data-video-id=\"video-0\">\n<div class=\"card__video\"><\/div>\n<\/div>\n<\/div>\n<\/div>\n<\/div>\n<\/div>\n","protected":false},"excerpt":{"rendered":"<ul>\n<li class=\" meta\">Miembro de la familia Power X-Change, requiere 1 bater\u00eda de 18 V<\/li>\n<li class=\" meta\">Soplete de 3 piezas para diversas aplicaciones en el hogar y el jard\u00edn<\/li>\n<li class=\" meta\">Se puede utilizar como soplador de hojas con una cerbatana larga.<\/li>\n<li class=\" meta\">Se puede utilizar como soplador de taller con cerbatana mediana.<\/li>\n<li class=\" meta\">Se puede utilizar como ayuda para iluminar la parrilla con una cerbatana corta de precisi\u00f3n.<\/li>\n<li class=\"-marked meta\">Regulaci\u00f3n electr\u00f3nica de la velocidad para un ajuste seg\u00fan las necesidades<\/li>\n<li class=\"-marked meta\">Pantalla LED: informaci\u00f3n sobre la velocidad ajustada de un vistazo<\/li>\n<li class=\"-marked meta\">Empu\u00f1adura suave para un buen agarre y un trabajo sin fatiga<\/li>\n<li class=\"-marked meta\">Soporte de pared integrado para un f\u00e1cil almacenamiento<\/li>\n<li class=\"-marked meta\">Recomendaci\u00f3n para resultados \u00f3ptimos: bater\u00eda de 2,5 Ah y m\u00e1s grande<\/li>\n<li class=\"-marked meta\">Se entrega sin bater\u00eda ni cargador (se vende por separado)<\/li>\n<li><\/li>\n<\/ul>\n","protected":false},"featured_media":6310,"template":"","meta":{"_joinchat":[]},"product_cat":[50],"product_tag":[795,255],"class_list":{"0":"post-6117","1":"product","2":"type-product","3":"status-publish","4":"has-post-thumbnail","6":"product_cat-herramientas-a-bateria","7":"product_tag-principal","8":"product_tag-soplador","10":"first","11":"instock","12":"taxable","13":"shipping-taxable","14":"product-type-simple"},"_links":{"self":[{"href":"https:\/\/lidertecsa.com.ar\/catalogo\/wp-json\/wp\/v2\/product\/6117"}],"collection":[{"href":"https:\/\/lidertecsa.com.ar\/catalogo\/wp-json\/wp\/v2\/product"}],"about":[{"href":"https:\/\/lidertecsa.com.ar\/catalogo\/wp-json\/wp\/v2\/types\/product"}],"wp:featuredmedia":[{"embeddable":true,"href":"https:\/\/lidertecsa.com.ar\/catalogo\/wp-json\/wp\/v2\/media\/6310"}],"wp:attachment":[{"href":"https:\/\/lidertecsa.com.ar\/catalogo\/wp-json\/wp\/v2\/media?parent=6117"}],"wp:term":[{"taxonomy":"product_cat","embeddable":true,"href":"https:\/\/lidertecsa.com.ar\/catalogo\/wp-json\/wp\/v2\/product_cat?post=6117"},{"taxonomy":"product_tag","embeddable":true,"href":"https:\/\/lidertecsa.com.ar\/catalogo\/wp-json\/wp\/v2\/product_tag?post=6117"}],"curies":[{"name":"wp","href":"https:\/\/api.w.org\/{rel}","templated":true}]}}