{"id":6077,"date":"2024-06-09T20:23:20","date_gmt":"2024-06-09T23:23:20","guid":{"rendered":"https:\/\/lidertecsa.com.ar\/catalogo\/?post_type=product&#038;p=6077"},"modified":"2024-12-13T16:38:03","modified_gmt":"2024-12-13T19:38:03","slug":"limpiador-de-ventanas-inalambrico-brillianto","status":"publish","type":"product","link":"https:\/\/lidertecsa.com.ar\/catalogo\/producto\/limpiador-de-ventanas-inalambrico-brillianto\/","title":{"rendered":"Limpiador de ventanas inal\u00e1mbrico BRILLIANTO"},"content":{"rendered":"<div id=\"description\" class=\"section-row -padded-wide--mod-top-only -in-viewport\" data-anchornav=\"Descripcion del articulo\">\n<div class=\"col-wrapper -max-width-limited\">\n<div class=\"content-item module-description\">\n<div class=\"description-wrapper\">\n<div class=\"col-two\">\n<div class=\"description__content\">\n<p>Ventanas limpias en un tris sin tiras \u2013 esto es el ejercicio m\u00e1s f\u00e1cil para el limpiacristales con bater\u00eda BRILLIANTO con bater\u00eda de Einhell. Como parte de la familia Power X-Change, el limpiacristales inal\u00e1mbrico puede combinarse con todas las bater\u00edas y cargadores. Limpiar ventanas sin cables sin interrupciones: Lo permiten el sistema de bater\u00edas extra\u00edble Power X-Change y la tecnolog\u00eda de alta velocidad. Si la bater\u00eda usada est\u00e1 vac\u00eda, puede cambiarse f\u00e1cilmente por una llena \u2013 as\u00ed no se le ponen l\u00edmites a la duraci\u00f3n. El limpiacristales con bater\u00eda BRILLIANTO se env\u00eda junto con un pulverizador con volumen de 300 ml. En este se fija el pa\u00f1o de microfibras contenido en el alcance del env\u00edo para limpiar f\u00e1cilmente superficies de cristal. Los restos del agua se recogen por el limpiacristales con ayuda de su boquilla de aspiraci\u00f3n de 28 cm de largo. La interacci\u00f3n perfecta entre la boquilla y el labio nivelador de una pieza de silicona aporta resultados sin tiras \u2013 igual si se limpian las superficies de cristal en direcci\u00f3n horizontal, vertical o diagonal. As\u00ed el limpiacristales se vuelve un todoterreno y se usa no solo al limpiar ventanas, sino tambi\u00e9n en la limpieza de azulejos, duchas, mesas de cristal, cristales y ventanas en el coche, grandes frentes de ventana y mucho m\u00e1s. En el tanque de aguas sucias puede acumularse hasta 100 ml de l\u00edquido. El tanque debe retirarse completamente del equipo para el vaciado y limpieza. Con su dise\u00f1o ligero y compacto con superficies especiales de agarre suave, el limpiacristales queda agradablemente en la mano sin correrse. Un interruptor on\/off est\u00e1 equipado con una funci\u00f3n de marcha permanente para trabajos de limpieza duraderos. El limpiacristales con bater\u00eda se conserva f\u00e1cil y ahorrando en espacio en el soporte de pared enviado. BRILLIANTO se proporciona sin bater\u00eda ni cargador. Estos son adquiribles por separado, por ejemplo, como pr\u00e1ctico set para principiantes. Como pr\u00e1ctico accesorio para el limpiacristales con bater\u00eda BRILLIANTO de Einhell est\u00e1n contenidos igualmente por separado un set de barras telesc\u00f3picas para limpiar ventanas altas y un set de boquillas para limpiar superficies de cristal estrechas y grandes.<\/p>\n<\/div>\n<\/div>\n<\/div>\n<\/div>\n<\/div>\n<\/div>\n<p><img decoding=\"async\" class=\" lazyloaded\" src=\"https:\/\/assets.einhell.com\/im\/imf\/y400\/900_570937\/Limpieza-sencilla\" alt=\"Limpieza-sencilla\" width=\"130\" height=\"97\" data-src=\"https:\/\/assets.einhell.com\/im\/imf\/y400\/900_570937\/Limpieza-sencilla\" data-eio-rwidth=\"130\" data-eio-rheight=\"97\" \/><\/p>\n<div id=\"technical-details\" class=\"section-row -padded-wide--mod-top-only\" data-anchornav=\"Detalles t\u00e9cnicos\">\n<div class=\"col-wrapper -max-width-limited -decrease-width\">\n<div class=\"col\">\n<div class=\"content-item module-headline-paragraph headline paragraph -color-headline-black\">\n<div class=\"headline-wrapper\">\n<h2 class=\"heading delta\">Limpieza sencilla<\/h2>\n<\/div>\n<div class=\"text-wrapper\">\n<p class=\"meta\">El dep\u00f3sito de agua sucia de 100 ml se puede quitar completamente del equipo y limpiar y secar f\u00e1cilmente. As\u00ed no queda suciedad en el dep\u00f3sito.<\/p>\n<\/div>\n<p><img decoding=\"async\" class=\" lazyloaded\" src=\"https:\/\/assets.einhell.com\/im\/imf\/y400\/900_570936\/Labio-de-goma-de-una-pieza\" alt=\"Labio-de-goma-de-una-pieza\" width=\"138\" height=\"104\" data-src=\"https:\/\/assets.einhell.com\/im\/imf\/y400\/900_570936\/Labio-de-goma-de-una-pieza\" data-eio-rwidth=\"138\" data-eio-rheight=\"104\" \/><\/p>\n<div class=\"headline-wrapper\">\n<h2 class=\"heading delta\">Labio de goma de una pieza<\/h2>\n<\/div>\n<div class=\"text-wrapper\">\n<p class=\"meta\">El labio nivelador de silicona en una pieza da lugar a mejores resultados de limpieza. Permite resultados sin tiras en cada direcci\u00f3n de aspiraci\u00f3n.<\/p>\n<p><img decoding=\"async\" class=\" lazyloaded\" src=\"https:\/\/assets.einhell.com\/im\/imf\/y400\/900_570939\/Siempre-on\" alt=\"Siempre-on\" width=\"140\" height=\"105\" data-src=\"https:\/\/assets.einhell.com\/im\/imf\/y400\/900_570939\/Siempre-on\" data-eio-rwidth=\"140\" data-eio-rheight=\"105\" \/><\/p>\n<div class=\"headline-wrapper\">\n<h2 class=\"heading delta\">Siempre on<\/h2>\n<\/div>\n<div class=\"text-wrapper\">\n<p class=\"meta\">Despu\u00e9s de la conexi\u00f3n, la funci\u00f3n de bloqueo permite un funcionamiento permanente hasta que vuelve a presionar el bot\u00f3n. Esto da lugar a un manejo sencillo.<\/p>\n<p><img decoding=\"async\" class=\" lazyloaded\" src=\"https:\/\/assets.einhell.com\/im\/imf\/y400\/900_570935\/Soporte-de-pared\" alt=\"Soporte-de-pared\" width=\"139\" height=\"104\" data-src=\"https:\/\/assets.einhell.com\/im\/imf\/y400\/900_570935\/Soporte-de-pared\" data-eio-rwidth=\"139\" data-eio-rheight=\"104\" \/><\/p>\n<div class=\"headline-wrapper\">\n<h2 class=\"heading delta\">Soporte de pared<\/h2>\n<\/div>\n<div class=\"text-wrapper\">\n<p class=\"meta\">En el soporte de pared suministrado puede guardarse el limpiacristales Brillianto ahorrando espacia y en cualquier momento al alcance de la mano.<\/p>\n<p><img decoding=\"async\" class=\" lazyloaded\" src=\"https:\/\/assets.einhell.com\/im\/imf\/y400\/900_572690\/Limpio-en-un-tris\" alt=\"Limpio-en-un-tris\" width=\"153\" height=\"115\" data-src=\"https:\/\/assets.einhell.com\/im\/imf\/y400\/900_572690\/Limpio-en-un-tris\" data-eio-rwidth=\"153\" data-eio-rheight=\"115\" \/><\/p>\n<h2 class=\"-color-alpha heading beta\">Limpio en un tris<\/h2>\n<h3 class=\"heading epsilon\">El accesorio correcto para la vista brillante<\/h3>\n<p>En el alcance del env\u00edo del limpiacristales con bater\u00eda BRILLIANTO de Einhell figuran un pulverizador, un pa\u00f1o de microfibras y un soporte de pared. En el pulverizador pueden llenarse hasta 300 ml de agente de limpieza de ventanas. El pa\u00f1o de microfibras se fija directamente en el pulverizador para limpiar y para retirar el polvo y la suciedad de forma fiable. Tras la limpieza el BRILLIANTO puede guardarse con ayuda del soporte de pared ahorrando espacio.<\/p>\n<p><img decoding=\"async\" class=\" lazyloaded\" src=\"https:\/\/assets.einhell.com\/im\/imf\/y400\/900_570968\/Ventanas-sin-tiras\" alt=\"Ventanas-sin-tiras\" width=\"155\" height=\"117\" data-src=\"https:\/\/assets.einhell.com\/im\/imf\/y400\/900_570968\/Ventanas-sin-tiras\" data-eio-rwidth=\"155\" data-eio-rheight=\"117\" \/><\/p>\n<h2 class=\"-color-alpha heading beta\">Ventanas sin tiras<\/h2>\n<h3 class=\"heading epsilon\">BRILLIANTO \u2013 uso flexible para superficies de cristal limpias<\/h3>\n<p>Sea desde arriba o desde abajo, desde la izquierda o derecha \u2013 el limpiacristales BRILLIANTO aporta resultados sin tiras en cualquier direcci\u00f3n de aspiraci\u00f3n. Con la interacci\u00f3n perfecta entre el labio nivelador de una pieza y la boquilla adaptada \u00f3ptimamente aspira agua sucia sin restos \u2013 sea en superficies verticales u horizontales. As\u00ed el BRILLIANTO es el todoterreno para ventanas, mesas de cristal, azulejos, espejos y mucho m\u00e1s.<\/p>\n<\/div>\n<\/div>\n<\/div>\n<\/div>\n<\/div>\n<\/div>\n<\/div>\n","protected":false},"excerpt":{"rendered":"<ul>\n<li class=\" meta\">Miembro de la familia Power X-Change, necesita 1 bater\u00eda de 18 V<\/li>\n<li class=\" meta\">Bater\u00eda intercambiable \u2013 adecuada para todas las bater\u00edas Power X-Change<\/li>\n<li class=\" meta\">Posible cambio de bater\u00eda sencillo y r\u00e1pido<\/li>\n<li class=\" meta\">Trabajo inal\u00e1mbrico con bater\u00eda Power X-Change<\/li>\n<li class=\" meta\">Duraci\u00f3n infinita con bater\u00eda Power X-Change de Einhell<\/li>\n<li class=\"meta\">Potencia 18 V para potencia muy alta y mejores resultados de limpieza<\/li>\n<li class=\"meta\">Dise\u00f1o compacto, ligero y manejable<\/li>\n<li class=\"meta\">Incl. soporte de pared para la conservaci\u00f3n del equipo ahorrando espacio<\/li>\n<li class=\"meta\">Superficies de agarre suave para sujeci\u00f3n segura y agradable<\/li>\n<li class=\"meta\">Interruptor on\/off con funci\u00f3n de bloqueo para marcha permanente<\/li>\n<li class=\"meta\">Labio de goma de una pieza para retirar<\/li>\n<li class=\"meta\">Resultados sin tiras con labio nivelador de silicona<\/li>\n<li class=\"meta\">Interacci\u00f3n \u00f3ptima de boquilla de aspiraci\u00f3n y labio nivelador<\/li>\n<li class=\"meta\">Pulverizador de 300 ml con pa\u00f1o de microfibras lavable<\/li>\n<li class=\"meta\">Tanque de aguas sucias de 100 ml para usos duraderos<\/li>\n<li class=\"meta\">Vaciado y limpieza sencillos del tanque completamente retirable<\/li>\n<li class=\"meta\">Adquirible por separado: set de barras telesc\u00f3picas para ventanas altas<\/li>\n<li class=\"meta\">Adquirible por separado: set de boquillas para m\u00e1s posibilidades de uso<\/li>\n<li class=\"meta\">Env\u00edo sin bater\u00eda ni cargador (adquiribles por separado)<\/li>\n<li class=\" meta\"><\/li>\n<\/ul>\n","protected":false},"featured_media":6294,"template":"","meta":{"_joinchat":[]},"product_cat":[50],"product_tag":[240],"class_list":{"0":"post-6077","1":"product","2":"type-product","3":"status-publish","4":"has-post-thumbnail","6":"product_cat-herramientas-a-bateria","7":"product_tag-hidrolavadora","9":"first","10":"instock","11":"product-type-simple"},"_links":{"self":[{"href":"https:\/\/lidertecsa.com.ar\/catalogo\/wp-json\/wp\/v2\/product\/6077"}],"collection":[{"href":"https:\/\/lidertecsa.com.ar\/catalogo\/wp-json\/wp\/v2\/product"}],"about":[{"href":"https:\/\/lidertecsa.com.ar\/catalogo\/wp-json\/wp\/v2\/types\/product"}],"wp:featuredmedia":[{"embeddable":true,"href":"https:\/\/lidertecsa.com.ar\/catalogo\/wp-json\/wp\/v2\/media\/6294"}],"wp:attachment":[{"href":"https:\/\/lidertecsa.com.ar\/catalogo\/wp-json\/wp\/v2\/media?parent=6077"}],"wp:term":[{"taxonomy":"product_cat","embeddable":true,"href":"https:\/\/lidertecsa.com.ar\/catalogo\/wp-json\/wp\/v2\/product_cat?post=6077"},{"taxonomy":"product_tag","embeddable":true,"href":"https:\/\/lidertecsa.com.ar\/catalogo\/wp-json\/wp\/v2\/product_tag?post=6077"}],"curies":[{"name":"wp","href":"https:\/\/api.w.org\/{rel}","templated":true}]}}