{"id":6051,"date":"2024-06-09T19:32:24","date_gmt":"2024-06-09T22:32:24","guid":{"rendered":"https:\/\/lidertecsa.com.ar\/catalogo\/?post_type=product&#038;p=6051"},"modified":"2024-12-13T16:38:00","modified_gmt":"2024-12-13T19:38:00","slug":"rotomartillo-inalambrico-te-hd-18-20-li-solo","status":"publish","type":"product","link":"https:\/\/lidertecsa.com.ar\/catalogo\/producto\/rotomartillo-inalambrico-te-hd-18-20-li-solo\/","title":{"rendered":"Rotomartillo Inal\u00e1mbrico TE-HD 18\/20 Li \u2013 Solo"},"content":{"rendered":"<div id=\"description\" class=\"section-row -padded-wide--mod-top-only\" data-anchornav=\"Article description\">\n<div class=\"col-wrapper -max-width-limited\">\n<div class=\"content-item module-description\">\n<div class=\"description-wrapper\">\n<div class=\"col-two\">\n<div class=\"description__content\">\n<div id=\"description\" class=\"section-row -padded-wide--mod-top-only -in-viewport\" data-anchornav=\"Article description\">\n<div class=\"col-wrapper -max-width-limited\">\n<div class=\"content-item module-description\">\n<div class=\"description-wrapper\">\n<div class=\"col-two\">\n<div class=\"description__content\">\n<div id=\"description\" class=\"section-row -padded-wide--mod-top-only -in-viewport\" data-anchornav=\"Descripcion del articulo\">\n<div class=\"col-wrapper -max-width-limited\">\n<div class=\"content-item module-description\">\n<div class=\"description-wrapper\">\n<div class=\"col-two\">\n<div class=\"description__content\">\n<div id=\"description\" class=\"section-row -padded-wide--mod-top-only -in-viewport\" data-anchornav=\"Descripcion del articulo\">\n<div class=\"col-wrapper -max-width-limited\">\n<div class=\"content-item module-description\">\n<div class=\"description-wrapper\">\n<div class=\"col-two\">\n<div class=\"description__content\">\n<div id=\"description\" class=\"section-row -padded-wide--mod-top-only -in-viewport\" data-anchornav=\"Descripcion del articulo\">\n<div class=\"col-wrapper -max-width-limited\">\n<div class=\"content-item module-description\">\n<div class=\"description-wrapper\">\n<div class=\"col-two\">\n<div class=\"description__content\">\n<div id=\"description\" class=\"section-row -padded-wide--mod-top-only -in-viewport\" data-anchornav=\"Descripcion del articulo\">\n<div class=\"col-wrapper -max-width-limited\">\n<div class=\"content-item module-description\">\n<div class=\"description-wrapper\">\n<div class=\"col-two\">\n<div class=\"description__content\">\n<p>El martillo perforador con bater\u00eda TE-HD 18\/20 Li-Solo de Einhell es un potente miembro de la familia Power X-Change en la que se pueden combinar e intercambiar entre s\u00ed flexiblemente todas las bater\u00edas, cargadores y equipos de sistema. Gracias a sus cuatro funciones, el potente martillo perforador no solo se utiliza para perforar con percusi\u00f3n, sino tambi\u00e9n para taladrar y cincelar con y sin fijaci\u00f3n. Para ello, el mecanismo neum\u00e1tico percutor aporta una gran fuerza de 1,8\u00a0J. As\u00ed, el martillo perforador es capaz de producir agujeros perforados con un di\u00e1metro de hasta\u00a030 mm en madera, 20\u00a0mm en hormig\u00f3n y 13\u00a0mm en metal. Este potente equipo alcanza una velocidad de percusi\u00f3n m\u00e1xima de 4750 r.p.m. a una velocidad de vac\u00edo m\u00e1xima de 1200 revoluciones por minuto. Con cualquier potencia, la unidad electr\u00f3nica de velocidad de giro da lugar a un trabajo adaptado al material y a la aplicaci\u00f3n. El cabezal SDS-Plus universal est\u00e1 equipado con una unidad semiautom\u00e1tica. Gracias a su forma ergon\u00f3mica con superficies de agarre suave y empu\u00f1adura adicional, el martillo perforador de 2,6 kg de peso se sujeta firmemente a la mano incluso cuando se perforan materiales rebeldes. El martillo perforador con bater\u00eda tambi\u00e9n est\u00e1 equipado con una luz LED para una iluminaci\u00f3n \u00f3ptima del \u00e1rea de trabajo y un tope de profundidad ajustable individualmente para agujeros de perforaci\u00f3n precisos. El env\u00edo se realiza sin bater\u00eda ni cargador, estos son adquiribles por separado, por ejemplo, como un pr\u00e1ctico set para principiantes Power X-Change.<\/p>\n<\/div>\n<\/div>\n<\/div>\n<\/div>\n<\/div>\n<\/div>\n<div id=\"technical-details\" class=\"section-row -padded-wide--mod-top-only\" data-anchornav=\"Detalles t\u00e9cnicos\">\n<div class=\"col-wrapper -max-width-limited -decrease-width\">\n<div class=\"col\">\n<div class=\"content-item module-headline-paragraph headline paragraph -color-headline-black\"><\/div>\n<\/div>\n<\/div>\n<\/div>\n<\/div>\n<\/div>\n<\/div>\n<\/div>\n<\/div>\n<\/div>\n<div id=\"technical-details\" class=\"section-row -padded-wide--mod-top-only\" data-anchornav=\"Detalles t\u00e9cnicos\">\n<div class=\"col-wrapper -max-width-limited -decrease-width\">\n<div class=\"col\">\n<div class=\"content-item module-headline-paragraph headline paragraph -color-headline-black\"><\/div>\n<\/div>\n<\/div>\n<\/div>\n<\/div>\n<\/div>\n<\/div>\n<\/div>\n<\/div>\n<\/div>\n<div id=\"technical-details\" class=\"section-row -padded-wide--mod-top-only\" data-anchornav=\"Detalles t\u00e9cnicos\">\n<div class=\"col-wrapper -max-width-limited -decrease-width\">\n<div class=\"col\">\n<div class=\"content-item module-headline-paragraph headline paragraph -color-headline-black\"><\/div>\n<\/div>\n<\/div>\n<\/div>\n<\/div>\n<\/div>\n<\/div>\n<\/div>\n<\/div>\n<\/div>\n<div id=\"technical-details\" class=\"section-row -padded-wide--mod-top-only\" data-anchornav=\"Detalles t\u00e9cnicos\">\n<div class=\"col-wrapper -max-width-limited -decrease-width\">\n<div class=\"col\">\n<div class=\"content-item module-headline-paragraph headline paragraph -color-headline-black\"><\/div>\n<\/div>\n<\/div>\n<\/div>\n<\/div>\n<\/div>\n<\/div>\n<\/div>\n<\/div>\n<\/div>\n<div id=\"technical-details\" class=\"section-row -padded-wide--mod-top-only\" data-anchornav=\"Technical details\">\n<div class=\"col-wrapper -max-width-limited -decrease-width\">\n<div class=\"col\">\n<div class=\"content-item module-headline-paragraph headline paragraph -color-headline-black\">\n<table class=\"table__table\">\n<tbody>\n<tr class=\"-show tr-odd\">\n<td><span class=\"bold\">Ralent\u00ed (engranaje 1)<\/span><\/td>\n<td>0-1300 min^-1<\/td>\n<\/tr>\n<tr class=\"-show tr-even\">\n<td><span class=\"bold\">Tasa de impacto (engranaje 1)<\/span><\/td>\n<td>0-4750 min^-1<\/td>\n<\/tr>\n<tr class=\"-show tr-odd\">\n<td><span class=\"bold\">Potencia de impacto<\/span><\/td>\n<td>1.8 J<\/td>\n<\/tr>\n<tr class=\"-show tr-even\">\n<td><span class=\"bold\">Capacidad de perforaci\u00f3n en cemento<\/span><\/td>\n<td>20 mm<\/td>\n<\/tr>\n<\/tbody>\n<\/table>\n<\/div>\n<\/div>\n<\/div>\n<\/div>\n<\/div>\n<\/div>\n<\/div>\n<\/div>\n<\/div>\n<\/div>\n","protected":false},"excerpt":{"rendered":"<ul>\n<li class=\" meta\">Miembro de la familia Power X-Change, necesita 1 bater\u00eda de 18 V<\/li>\n<li class=\" meta\">Cuatro\u00a0funciones: perforaci\u00f3n, percusi\u00f3n, cincelado con y sin fijaci\u00f3n.<\/li>\n<li class=\" meta\">Mecanismo neum\u00e1tico de percusi\u00f3n para perforar f\u00e1cilmente en el hormig\u00f3n<\/li>\n<li class=\" meta\">Potente motor y engranaje met\u00e1lico para un elevado par de fuerzas<\/li>\n<li class=\" meta\">Cabezal universal SDS-Plus con modo semiautom\u00e1tico<\/li>\n<li class=\"meta\">Control electr\u00f3nico de revoluciones de alta precisi\u00f3n para trabajos delicados<\/li>\n<li class=\"meta\">Tope de profundidad de ajuste continuo para orificios de perforaci\u00f3n exactos<\/li>\n<li class=\"meta\">Marcha a izquierda\/derecha al atornillar y desatornillar tornillos<\/li>\n<li class=\"meta\">Empu\u00f1adura ergon\u00f3mica de agarre suave<\/li>\n<li class=\"meta\">Empu\u00f1adura adicional antideslizante para un agarre seguro<\/li>\n<li class=\"meta\">Incluye luz LED para alumbrar la zona de trabajo<\/li>\n<li class=\"meta\">Env\u00edo sin bater\u00eda ni cargador (adquiribles por separado)<\/li>\n<li class=\" meta\"><\/li>\n<\/ul>\n","protected":false},"featured_media":6281,"template":"","meta":{"_joinchat":[]},"product_cat":[50],"product_tag":[358],"class_list":{"0":"post-6051","1":"product","2":"type-product","3":"status-publish","4":"has-post-thumbnail","6":"product_cat-herramientas-a-bateria","7":"product_tag-rotomartillo-inalambrico","9":"first","10":"instock","11":"product-type-simple"},"_links":{"self":[{"href":"https:\/\/lidertecsa.com.ar\/catalogo\/wp-json\/wp\/v2\/product\/6051"}],"collection":[{"href":"https:\/\/lidertecsa.com.ar\/catalogo\/wp-json\/wp\/v2\/product"}],"about":[{"href":"https:\/\/lidertecsa.com.ar\/catalogo\/wp-json\/wp\/v2\/types\/product"}],"wp:featuredmedia":[{"embeddable":true,"href":"https:\/\/lidertecsa.com.ar\/catalogo\/wp-json\/wp\/v2\/media\/6281"}],"wp:attachment":[{"href":"https:\/\/lidertecsa.com.ar\/catalogo\/wp-json\/wp\/v2\/media?parent=6051"}],"wp:term":[{"taxonomy":"product_cat","embeddable":true,"href":"https:\/\/lidertecsa.com.ar\/catalogo\/wp-json\/wp\/v2\/product_cat?post=6051"},{"taxonomy":"product_tag","embeddable":true,"href":"https:\/\/lidertecsa.com.ar\/catalogo\/wp-json\/wp\/v2\/product_tag?post=6051"}],"curies":[{"name":"wp","href":"https:\/\/api.w.org\/{rel}","templated":true}]}}