{"id":6033,"date":"2024-06-09T18:24:00","date_gmt":"2024-06-09T21:24:00","guid":{"rendered":"https:\/\/lidertecsa.com.ar\/catalogo\/?post_type=product&#038;p=6033"},"modified":"2024-12-13T16:37:58","modified_gmt":"2024-12-13T19:37:58","slug":"limpiador-inalambrico-de-pisos-cleanexxo","status":"publish","type":"product","link":"https:\/\/lidertecsa.com.ar\/catalogo\/producto\/limpiador-inalambrico-de-pisos-cleanexxo\/","title":{"rendered":"Limpiador Inalambrico de Pisos CLEANEXXO"},"content":{"rendered":"<div id=\"description\" class=\"section-row -padded-wide--mod-top-only -in-viewport\" data-anchornav=\"Artikelbeschreibung\">\n<div class=\"col-wrapper -max-width-limited\">\n<div class=\"content-item module-description\">\n<div class=\"description-wrapper\">\n<div class=\"col-two\">\n<div class=\"description__content\">\n<p>El limpiador de suelos duros con bater\u00eda CLEANEXXO de Einhell es un ayudante diligente para los trabajos de limpieza en la casa como sustituto de la fregona y, por lo tanto, el complemento perfecto para la aspiradora. Como miembro de la familia Power X-Change, el limpiador de suelos duros puede combinarse con todas las bater\u00edas y cargadores de la familia del sistema. Gracias al sistema de bater\u00eda intercambiable, el limpiador ofrece una duraci\u00f3n ilimitado sin cables: Si una bater\u00eda est\u00e1 vac\u00eda, simplemente se puede insertar la siguiente y seguir limpiando. El suministro de agua o la cantidad de agua del limpiador de suelos duros se controla directamente en la empu\u00f1adura con ayuda de un disparador. En combinaci\u00f3n con los modos est\u00e1ndar y BOOST, que influyen en la velocidad de rotaci\u00f3n del rodillo, el limpiador elimina tanto la suciedad y el polvo normales como las manchas pertinaces. En el modo BOOST, la cantidad de agua tambi\u00e9n aumenta al accionar el disparador. Si no se suministra agua, el rodillo solo puede absorber la humedad del suelo y, por lo tanto, secar el suelo. El suministro de agua del dep\u00f3sito de agua fresca de 400 ml humedece el cepillo para limpiar los suelos. El agua se absorbe de nuevo a trav\u00e9s de un mecanismo especial y se recoge en el dep\u00f3sito de aguas sucias (300 ml). Ambos dep\u00f3sitos se pueden extraer completamente del equipo para el llenado, vaciado y limpieza. Gracias a su dise\u00f1o estrecho y al alojamiento de bater\u00eda plegable, el limpiador de suelos duros con bater\u00eda alcanza f\u00e1cilmente esquinas, bordes y lugares estrechos. El limpiador es agradable de manejar gracias al asa ergon\u00f3mica con agarre suave y funci\u00f3n Always-On. El CLEANEXXO se almacena de forma \u00f3ptima en la estaci\u00f3n de aparcamiento\/limpieza suministrada. Gracias a la funci\u00f3n Self-Standing se mantiene erguido. Mediante la funci\u00f3n de autolimpieza y las nervaduras de limpieza especiales en el fondo de la estaci\u00f3n de aparcamiento, el cepillo cil\u00edndrico se limpia pulsando el interruptor BOOST durante 3 segundos. Con la ayuda de la herramienta de limpieza suministrada, tambi\u00e9n se puede limpiar la boquilla o liberar el rodillo, por ejemplo, de pelo. El limpiador de suelos duros y la estaci\u00f3n de limpieza son f\u00e1ciles de transportar gracias al asa de transporte integrada. El cepillo cil\u00edndrico es adecuado para la limpieza de diversos suelos como parqu\u00e9, laminado, PVC, corcho, lin\u00f3leo o incluso superficies m\u00e1s gruesas como suelos de piedra y baldosas de piedra. El cepillo cil\u00edndrico se puede cambiar sin herramientas y se puede lavar a m\u00e1quina. Un rodillo de repuesto es adquirible por separado como accesorio. El limpiador de suelos duros con bater\u00eda CLEANEXXO se env\u00eda sin bater\u00eda ni cargador.<\/p>\n<\/div>\n<\/div>\n<\/div>\n<\/div>\n<\/div>\n<\/div>\n","protected":false},"excerpt":{"rendered":"<ul>\n<li class=\" meta\">Miembro de la familia Power X-Change, necesaria 1 bater\u00eda de 18 V<\/li>\n<li class=\" meta\">Bater\u00eda intercambiable para una duraci\u00f3n infinita<\/li>\n<li class=\" meta\">Posible cambio de bater\u00eda sencillo y r\u00e1pido<\/li>\n<li class=\" meta\">Potencia 18 V para potencia muy alta y mejores resultados de limpieza<\/li>\n<li class=\" meta\">Para la limpieza de diferentes suelos duros<\/li>\n<li class=\"meta\">Control \u00f3ptimo del suministro de agua mediante un disparador en la empu\u00f1adura<\/li>\n<li class=\"meta\">Velocidad de rodillo regulable mediante la funci\u00f3n BOOST<\/li>\n<li class=\"meta\">Modo BOOST para limpiar manchas persistentes<\/li>\n<li class=\"meta\">Dise\u00f1o estrecho gracias al alojamiento de bater\u00eda plegable<\/li>\n<li class=\"meta\">Funci\u00f3n Self-Standing para estacionar el equipo de forma segura<\/li>\n<li class=\"meta\">Dep\u00f3sito de agua sucia extra\u00edble para f\u00e1cil vaciado<\/li>\n<li class=\"meta\">Dep\u00f3sito de agua fresca extra\u00edble y f\u00e1cil de llenar<\/li>\n<li class=\"meta\">Funci\u00f3n Always-On para un manejo c\u00f3modo<\/li>\n<li class=\"meta\">El agarre suave proporciona un buen tacto durante la aplicaci\u00f3n<\/li>\n<li class=\"meta\">Estaci\u00f3n de aparcamiento\/limpieza para limpiar el cepillo cil\u00edndrico<\/li>\n<li class=\"meta\">Pr\u00e1ctica asa de transporte en la estaci\u00f3n de limpieza\/aparcamiento<\/li>\n<li class=\"meta\">Herramienta de limpieza para eliminar el pelo o similares del rodillo<\/li>\n<li class=\"meta\">Adquirible por separado: Cepillo cil\u00edndrico intercambiable<\/li>\n<li class=\"meta\">Adquirible por separado: Cepillo cil\u00edndrico para suelos m\u00e1s rugosos<\/li>\n<li class=\"meta\">Env\u00edo sin bater\u00eda ni cargador (adquiribles por separado)<\/li>\n<\/ul>\n<p>&nbsp;<\/p>\n","protected":false},"featured_media":6273,"template":"","meta":{"_joinchat":[]},"product_cat":[50],"product_tag":[1097],"class_list":{"0":"post-6033","1":"product","2":"type-product","3":"status-publish","4":"has-post-thumbnail","6":"product_cat-herramientas-a-bateria","7":"product_tag-limpiador-de-pisos","9":"first","10":"instock","11":"product-type-simple"},"_links":{"self":[{"href":"https:\/\/lidertecsa.com.ar\/catalogo\/wp-json\/wp\/v2\/product\/6033"}],"collection":[{"href":"https:\/\/lidertecsa.com.ar\/catalogo\/wp-json\/wp\/v2\/product"}],"about":[{"href":"https:\/\/lidertecsa.com.ar\/catalogo\/wp-json\/wp\/v2\/types\/product"}],"wp:featuredmedia":[{"embeddable":true,"href":"https:\/\/lidertecsa.com.ar\/catalogo\/wp-json\/wp\/v2\/media\/6273"}],"wp:attachment":[{"href":"https:\/\/lidertecsa.com.ar\/catalogo\/wp-json\/wp\/v2\/media?parent=6033"}],"wp:term":[{"taxonomy":"product_cat","embeddable":true,"href":"https:\/\/lidertecsa.com.ar\/catalogo\/wp-json\/wp\/v2\/product_cat?post=6033"},{"taxonomy":"product_tag","embeddable":true,"href":"https:\/\/lidertecsa.com.ar\/catalogo\/wp-json\/wp\/v2\/product_tag?post=6033"}],"curies":[{"name":"wp","href":"https:\/\/api.w.org\/{rel}","templated":true}]}}