{"id":6013,"date":"2024-06-08T12:55:23","date_gmt":"2024-06-08T15:55:23","guid":{"rendered":"https:\/\/lidertecsa.com.ar\/catalogo\/?post_type=product&#038;p=6013"},"modified":"2024-12-13T16:37:56","modified_gmt":"2024-12-13T19:37:56","slug":"taladro-percutor-tp-cd-18-80-li-i-bl-solo","status":"publish","type":"product","link":"https:\/\/lidertecsa.com.ar\/catalogo\/producto\/taladro-percutor-tp-cd-18-80-li-i-bl-solo\/","title":{"rendered":"Taladro Percutor TP-CD 18\/80 Li-i BL &#8211; Solo"},"content":{"rendered":"<p>El Taladro Percutor de Bater\u00eda Profesional TP-CD 18\/80 Li-i BL \u2013 Solo es el complemento perfecto en el taller de todo profesional aficionado. Como miembro de la familia Power X-CHANGE se puede utilizar cualquier cargador de bater\u00eda y cada bater\u00eda de 18 V de la familia del sistema. El dispositivo es accionado por el motor sin escobillas Einhell Purepower. Este motor sin escobillas ofrece m\u00e1s potencia y un tiempo de funcionamiento m\u00e1s prolongado que los motores con escobillas de carb\u00f3n convencionales. Despu\u00e9s del registro en l\u00ednea, se aplican 10 a\u00f1os de garant\u00eda al motor sin escobillas. La funci\u00f3n de taladro percutor ayuda a los profesionales a trabajar con los materiales m\u00e1s exigentes, como por ejemplo piedra u hormig\u00f3n. El atornillador de impacto tambi\u00e9n dispone de un accionamiento de 2 velocidades para un atornillado potente y un taladrado r\u00e1pido con percutor con 8000 golpes por minuto en 1. marcha y 28.800 golpes en 2. marcha. El embrague deslizante de torsi\u00f3n evita que los tornillos se aceleren demasiado. El par m\u00e1ximo de 80 Nm se puede ajustar en 20 niveles de par. El control de velocidad infinitamente variable garantiza que pueda utilizar el dispositivo para aplicaciones y materiales espec\u00edficos. La funci\u00f3n de parada r\u00e1pida y el portabrocas r\u00e1pido de metal de 13 mm con casquillo \u00fanico y funci\u00f3n de bloqueo permiten un cambio de herramienta r\u00e1pido y sencillo. Las articulaciones del usuario est\u00e1n protegidas por la empu\u00f1adura adicional con agarre suave. La luz LED ofrece una buena visi\u00f3n del \u00e1rea de trabajo incluso con poca visibilidad. Para un almacenamiento intermedio seguro, el destornillador de impacto se puede fijar al cintur\u00f3n con el clip para cintur\u00f3n.<\/p>\n<ul class=\"productTechData__specification\" data-v-334c17b3=\"\">\n<li data-v-334c17b3=\"\"><span class=\"--body\" data-v-334c17b3=\"\">Velocidad de ralent\u00ed (velocidad 1) 0-500 min^-1<\/span><\/li>\n<li data-v-334c17b3=\"\"><span class=\"--body\" data-v-334c17b3=\"\">Velocidad de ralent\u00ed (velocidad 2) 0-1800 min^-1<\/span><\/li>\n<li data-v-334c17b3=\"\"><span class=\"--body\" data-v-334c17b3=\"\">Portabrocas 13 mm | manga \u00fanica<\/span><\/li>\n<li data-v-334c17b3=\"\"><span class=\"--body\" data-v-334c17b3=\"\">Rendimiento de perforaci\u00f3n en hormig\u00f3n 13 mm.<\/span><\/li>\n<li data-v-334c17b3=\"\"><span class=\"--body\" data-v-334c17b3=\"\">Conteo de golpes (velocidad 1) 0-8000 min^-1<\/span><\/li>\n<li data-v-334c17b3=\"\"><span class=\"--body\" data-v-334c17b3=\"\">Conteo de golpes (velocidad 2) 0-28800 min^-1<\/span><\/li>\n<li data-v-334c17b3=\"\"><span class=\"--body\" data-v-334c17b3=\"\">N\u00famero de ajustes de par 20+1+1<\/span><\/li>\n<\/ul>\n<p><span data-v-16f26abe=\"\">\u200b<\/span><\/p>\n","protected":false},"excerpt":{"rendered":"<ul>\n<li class=\" meta\">Equipamiento bater\u00eda multi-Ah de 4-6 Ah:<\/li>\n<li class=\" meta\">Uso universal con todos los aparatos Power X-Change<\/li>\n<li class=\" meta\">Tecnolog\u00eda Multi-Ah: Modo 6 Ah para capacidad m\u00e1xima<\/li>\n<li class=\" meta\">Modo 4 Ah para cuidar la bater\u00eda y vida \u00fatil 3 veces m\u00e1s larga<\/li>\n<li class=\" meta\">Tecnolog\u00eda PLUS: m\u00e1s potencia para trabajos de alta intensidad energ\u00e9tica<\/li>\n<li class=\"meta\">Sistema de gesti\u00f3n de bater\u00edas (ABS) para la supervisi\u00f3n \u00f3ptima de bater\u00edas<\/li>\n<li class=\"meta\">Mejor rendimiento, seguridad, duraci\u00f3n y vida \u00fatil con ABS<\/li>\n<li class=\"meta\">Baja autodescarga gracias a las c\u00e9lulas de iones de Li de alta calidad<\/li>\n<li class=\"meta\">Indicaci\u00f3n exacta del nivel de carga en % a trav\u00e9s de la pantalla digital.<\/li>\n<li class=\"meta\">Elevada protecci\u00f3n contra golpes y buena adherencia gracias a su carcasa de goma<\/li>\n<li class=\"meta\">Carcasa protegida del polvo y corrosi\u00f3n<\/li>\n<li class=\"meta\">Equipamiento Power X-Bootscharger 6A:<\/li>\n<li class=\"meta\">Uso universal con todas las bater\u00edas Power X-Change<\/li>\n<li class=\"meta\">Tecnolog\u00eda de carga r\u00e1pida de 6 A para tiempos de carga a\u00fan m\u00e1s cortos<\/li>\n<li class=\"meta\">Tiempos de carga acortados un 50% mediante modo Boost conectable<\/li>\n<li class=\"meta\">Supervisi\u00f3n permanente de bater\u00edas para proceso de carga \u00f3ptimo<\/li>\n<li class=\"meta\">Reactivaci\u00f3n de bater\u00edas muy descargadas a trav\u00e9s del modo de actualizaci\u00f3n<\/li>\n<li class=\"meta\">Informaci\u00f3n del estado de bater\u00eda y carga por indicador de 6 LED<\/li>\n<li class=\"meta\">Montaje en pared f\u00e1cil gracias a las argollas de suspensi\u00f3n integradas<\/li>\n<\/ul>\n","protected":false},"featured_media":6266,"template":"","meta":{"_joinchat":[]},"product_cat":[50],"product_tag":[57],"class_list":{"0":"post-6013","1":"product","2":"type-product","3":"status-publish","4":"has-post-thumbnail","6":"product_cat-herramientas-a-bateria","7":"product_tag-taladro-a-bateria","9":"first","10":"instock","11":"product-type-simple"},"_links":{"self":[{"href":"https:\/\/lidertecsa.com.ar\/catalogo\/wp-json\/wp\/v2\/product\/6013"}],"collection":[{"href":"https:\/\/lidertecsa.com.ar\/catalogo\/wp-json\/wp\/v2\/product"}],"about":[{"href":"https:\/\/lidertecsa.com.ar\/catalogo\/wp-json\/wp\/v2\/types\/product"}],"wp:featuredmedia":[{"embeddable":true,"href":"https:\/\/lidertecsa.com.ar\/catalogo\/wp-json\/wp\/v2\/media\/6266"}],"wp:attachment":[{"href":"https:\/\/lidertecsa.com.ar\/catalogo\/wp-json\/wp\/v2\/media?parent=6013"}],"wp:term":[{"taxonomy":"product_cat","embeddable":true,"href":"https:\/\/lidertecsa.com.ar\/catalogo\/wp-json\/wp\/v2\/product_cat?post=6013"},{"taxonomy":"product_tag","embeddable":true,"href":"https:\/\/lidertecsa.com.ar\/catalogo\/wp-json\/wp\/v2\/product_tag?post=6013"}],"curies":[{"name":"wp","href":"https:\/\/api.w.org\/{rel}","templated":true}]}}