{"id":600,"date":"2023-06-17T23:19:48","date_gmt":"2023-06-18T02:19:48","guid":{"rendered":"https:\/\/lidertecsa.com.ar\/catalogo\/?post_type=product&#038;p=600"},"modified":"2024-12-13T16:30:44","modified_gmt":"2024-12-13T19:30:44","slug":"600","status":"publish","type":"product","link":"https:\/\/lidertecsa.com.ar\/catalogo\/producto\/600\/","title":{"rendered":"Minitorno TH-MG 135 E"},"content":{"rendered":"<div id=\"content\" class=\"site-content\">\n<div id=\"primary\" class=\"content-area\">\n<div id=\"content\" class=\"site-content\"><\/div>\n<\/div>\n<\/div>\n<footer id=\"colophon\" class=\"site-footer\">\n<div class=\"site-info\">\n<div class=\"cols-2 cols-2_12_12\">\n<div class=\"c2left\">\n<div class=\"data-fiscal\">\n<p>El minitorno TH-MG 135 E es un compacto aparato de alta calidad que, gracias a sus m\u00faltiples accesorios ofrece una enorme variedad de diferentes aplicaciones a la hora de traladrar, fresar, lijar y cepillar. Con el bloqueo del husillo se pueden cambiar las diferentes puntas de manera r\u00e1pida y sencilla.<\/p>\n<p>Su regulaci\u00f3n electr\u00f3nica del n\u00famero de revoluciones garantiza una puesta en marcha lenta y permite adaptar las prestaciones a las distintas tareas. El TH-MG 135 E dispone de un eje flexible que permite trabajar en cualquier rinc\u00f3n de la pieza de trabajo con destreza y facilidad. Con la barra telesc\u00f3pica y el correspondiente gancho, se puede adem\u00e1s montar la herramienta durante el trabajo de forma pr\u00e1ctica.<\/p>\n<p>Gracias al agarre antideslizante y a su ergon\u00f3mico dise\u00f1o, el aparato ofrece una sujeci\u00f3n firme en la mano. Adem\u00e1s, se suministra con la herramienta un kit de accesorios de 189 piezas para lijar, taladrar, fresar y mucho m\u00e1s, todo ello guardado en un pr\u00e1ctico malet\u00edn de almacenamiento.<\/p>\n<table width=\"439\">\n<tbody>\n<tr>\n<td colspan=\"2\" width=\"439\">T\u00e9cnico<\/td>\n<\/tr>\n<tr>\n<td width=\"174\">Suministro de red<\/td>\n<td width=\"265\">230 V |\u00a050 Hz<\/td>\n<\/tr>\n<tr>\n<td width=\"174\">Poder<\/td>\n<td width=\"265\">135 W<\/td>\n<\/tr>\n<tr>\n<td width=\"174\">Ralent\u00ed<\/td>\n<td width=\"265\">10000 min ^ -1 \u2013 32000 min ^ -1<\/td>\n<\/tr>\n<\/tbody>\n<\/table>\n<\/div>\n<\/div>\n<div class=\"c2right\">\n<div id=\"m3form_general_wrapper\" title=\"Consulta General\"><\/div>\n<\/div>\n<\/div>\n<\/div>\n<\/footer>\n","protected":false},"excerpt":{"rendered":"<ul>\n<li>Bot\u00f3n de bloqueo para el cambio de herramienta<\/li>\n<li>Portaherramientas<\/li>\n<li>Agarre antideslizante<\/li>\n<li>Gancho para fijar en la barra telesc\u00f3pica<\/li>\n<li>Eje flexible<\/li>\n<li>Kit de accesorios de 189 piezas<\/li>\n<li>Gancho para fijar en la barra telesc\u00f3pica<\/li>\n<\/ul>\n","protected":false},"featured_media":3266,"template":"","meta":{"_joinchat":[]},"product_cat":[181],"product_tag":[202],"class_list":{"0":"post-600","1":"product","2":"type-product","3":"status-publish","4":"has-post-thumbnail","6":"product_cat-herramientas-electricas","7":"product_tag-mini-torno","9":"first","10":"instock","11":"product-type-simple"},"_links":{"self":[{"href":"https:\/\/lidertecsa.com.ar\/catalogo\/wp-json\/wp\/v2\/product\/600"}],"collection":[{"href":"https:\/\/lidertecsa.com.ar\/catalogo\/wp-json\/wp\/v2\/product"}],"about":[{"href":"https:\/\/lidertecsa.com.ar\/catalogo\/wp-json\/wp\/v2\/types\/product"}],"wp:featuredmedia":[{"embeddable":true,"href":"https:\/\/lidertecsa.com.ar\/catalogo\/wp-json\/wp\/v2\/media\/3266"}],"wp:attachment":[{"href":"https:\/\/lidertecsa.com.ar\/catalogo\/wp-json\/wp\/v2\/media?parent=600"}],"wp:term":[{"taxonomy":"product_cat","embeddable":true,"href":"https:\/\/lidertecsa.com.ar\/catalogo\/wp-json\/wp\/v2\/product_cat?post=600"},{"taxonomy":"product_tag","embeddable":true,"href":"https:\/\/lidertecsa.com.ar\/catalogo\/wp-json\/wp\/v2\/product_tag?post=600"}],"curies":[{"name":"wp","href":"https:\/\/api.w.org\/{rel}","templated":true}]}}