{"id":598,"date":"2023-06-17T23:16:30","date_gmt":"2023-06-18T02:16:30","guid":{"rendered":"https:\/\/lidertecsa.com.ar\/catalogo\/?post_type=product&#038;p=598"},"modified":"2024-12-13T16:30:43","modified_gmt":"2024-12-13T19:30:43","slug":"sierra-sable-te-ap-750-e","status":"publish","type":"product","link":"https:\/\/lidertecsa.com.ar\/catalogo\/producto\/sierra-sable-te-ap-750-e\/","title":{"rendered":"Sierra sable TE-AP 750 E"},"content":{"rendered":"<div id=\"content\" class=\"site-content\">\n<div id=\"primary\" class=\"content-area\">\n<div id=\"content\" class=\"site-content\">\n<div id=\"primary\" class=\"content-area\"><\/div>\n<\/div>\n<footer id=\"colophon\" class=\"site-footer\">\n<div class=\"site-info\">\n<div class=\"cols-2 cols-2_12_12\">\n<div class=\"c2right\">\n<div id=\"m3form_general_wrapper\" title=\"Consulta General\">\n<p>La sierra universal TE-AP 750 E de garantiza un corte preciso, ya sea en madera, pl\u00e1stico o metal. Sus potentes 750 vatios y la electr\u00f3nica de velocidad de desplazamiento permiten trabajar de acuerdo con las aplicaciones y los materiales. Ello permite que el dispositivo se adapte de manera ideal a diferentes materiales, espesores y aplicaciones. La profundidad de corte en madera es de 0,15 m y en acero de 0,01 m. Con el pie de sierra ajustable sin herramientas, la hoja de la sierra se puede utilizar de forma \u00f3ptima. El cambio de la hoja de sierra se realiza de forma r\u00e1pida y sin herramientas. La sierra universal se puede sujetar c\u00f3modamente en la mano gracias a la amplia superficie de la empu\u00f1adura Softgrip, lo cual permite un trabajo c\u00f3modo y, sobre todo, seguro. Durante su concepci\u00f3n se prest\u00f3 atenci\u00f3n a un dise\u00f1o ergon\u00f3mico y delgado que permitiese un manejo sencillo. La entrega incluye una hoja de sierra para madera.<\/p>\n<table width=\"479\">\n<tbody>\n<tr>\n<td colspan=\"2\" width=\"479\">T\u00e9cnico<\/td>\n<\/tr>\n<tr>\n<td width=\"276\">Suministro de red<\/td>\n<td width=\"203\">220-240 V |\u00a050 Hz<\/td>\n<\/tr>\n<tr>\n<td width=\"276\">Poder<\/td>\n<td width=\"203\">750 W<\/td>\n<\/tr>\n<tr>\n<td width=\"276\">N\u00famero de golpes<\/td>\n<td width=\"203\">0 min ^ -1 \u2013 2800 min ^ -1<\/td>\n<\/tr>\n<tr>\n<td width=\"276\">Altura de carrera<\/td>\n<td width=\"203\">20 mm<\/td>\n<\/tr>\n<tr>\n<td width=\"276\">Profundidad de corte en madera<\/td>\n<td width=\"203\">150 mm<\/td>\n<\/tr>\n<tr>\n<td width=\"276\">Profundidad de corte en acero<\/td>\n<td width=\"203\">10 mm<\/td>\n<\/tr>\n<\/tbody>\n<\/table>\n<\/div>\n<\/div>\n<\/div>\n<\/div>\n<\/footer>\n<\/div>\n<\/div>\n<footer id=\"colophon\" class=\"site-footer\">\n<div class=\"site-info\">\n<div class=\"cols-2 cols-2_12_12\">\n<div class=\"c2left\">\n<div class=\"data-fiscal\"><\/div>\n<\/div>\n<div class=\"c2right\">\n<div id=\"m3form_general_wrapper\" title=\"Consulta General\"><\/div>\n<\/div>\n<\/div>\n<\/div>\n<\/footer>\n","protected":false},"excerpt":{"rendered":"<ul>\n<li>Electr\u00f3nica de oscilaciones para un trabajo orientado a la aplicaci\u00f3n y el material<\/li>\n<li>Pie de sierra regulable para un aprovechamiento m\u00e1ximo de las hojas<\/li>\n<li>Cambio de hoja sin herramientas<\/li>\n<li>Empu\u00f1adura Softgrip de gran superficie para un trabajo c\u00f3modo y seguro<\/li>\n<li>Dise\u00f1o ergon\u00f3mico y compacto para un manejo f\u00e1cil<\/li>\n<li>Se incluye hoja de sierra para madera<\/li>\n<\/ul>\n","protected":false},"featured_media":3265,"template":"","meta":{"_joinchat":[]},"product_cat":[181],"product_tag":[201],"class_list":{"0":"post-598","1":"product","2":"type-product","3":"status-publish","4":"has-post-thumbnail","6":"product_cat-herramientas-electricas","7":"product_tag-sierra-sable","9":"first","10":"instock","11":"product-type-simple"},"_links":{"self":[{"href":"https:\/\/lidertecsa.com.ar\/catalogo\/wp-json\/wp\/v2\/product\/598"}],"collection":[{"href":"https:\/\/lidertecsa.com.ar\/catalogo\/wp-json\/wp\/v2\/product"}],"about":[{"href":"https:\/\/lidertecsa.com.ar\/catalogo\/wp-json\/wp\/v2\/types\/product"}],"wp:featuredmedia":[{"embeddable":true,"href":"https:\/\/lidertecsa.com.ar\/catalogo\/wp-json\/wp\/v2\/media\/3265"}],"wp:attachment":[{"href":"https:\/\/lidertecsa.com.ar\/catalogo\/wp-json\/wp\/v2\/media?parent=598"}],"wp:term":[{"taxonomy":"product_cat","embeddable":true,"href":"https:\/\/lidertecsa.com.ar\/catalogo\/wp-json\/wp\/v2\/product_cat?post=598"},{"taxonomy":"product_tag","embeddable":true,"href":"https:\/\/lidertecsa.com.ar\/catalogo\/wp-json\/wp\/v2\/product_tag?post=598"}],"curies":[{"name":"wp","href":"https:\/\/api.w.org\/{rel}","templated":true}]}}