{"id":5951,"date":"2024-05-11T20:03:05","date_gmt":"2024-05-11T23:03:05","guid":{"rendered":"https:\/\/lidertecsa.com.ar\/catalogo\/?post_type=product&#038;p=5951"},"modified":"2026-03-23T18:19:54","modified_gmt":"2026-03-23T21:19:54","slug":"siloc-epoxi-acero-liquido-bicomponente-x-57ml","status":"publish","type":"product","link":"https:\/\/lidertecsa.com.ar\/catalogo\/producto\/siloc-epoxi-acero-liquido-bicomponente-x-57ml\/","title":{"rendered":"SILOC Epoxi &#8211; Acero L\u00edquido Bicomponente x 57ml"},"content":{"rendered":"<p>Adhiere fuertemente, suelda, rellena y sella pr\u00e1cticamente todos los materiales, metal, hormig\u00f3n, cemento, granito, vidrio, madera, muchos pl\u00e1sticos, etc. Ideal para reparar y reconstruir partes y rellenar grietas y fisuras. Excelente resistencia a productos qu\u00edmicos, aceites, al contacto e inmersi\u00f3n en agua. Soporta temperaturas entre -10\u00b0C y +180\u00b0C. Endurece en 10 minutos. Una vez curado puede ser limado, taladrado, mecanizado y\/o pintado. No apto para polietileno, polipropileno ni PTFE.<\/p>\n<ul class=\"ficha\">\n<li>Usos:\u00a0Para rellenar fisuras en tapas de v\u00e1lvulas, carters, blocks, tanques de combustibles y radiadores, ambos met\u00e1licos. Para reconstrucci\u00f3n de fijaciones.<\/li>\n<\/ul>\n","protected":false},"excerpt":{"rendered":"<ul>\n<li><strong>Siloc Epoxi Acero L\u00edquido bicomponente.<\/strong><\/li>\n<\/ul>\n","protected":false},"featured_media":6244,"template":"","meta":{"_joinchat":[]},"product_cat":[158],"product_tag":[],"class_list":{"0":"post-5951","1":"product","2":"type-product","3":"status-publish","4":"has-post-thumbnail","6":"product_cat-siloc","8":"first","9":"instock","10":"taxable","11":"shipping-taxable","12":"product-type-simple"},"_links":{"self":[{"href":"https:\/\/lidertecsa.com.ar\/catalogo\/wp-json\/wp\/v2\/product\/5951"}],"collection":[{"href":"https:\/\/lidertecsa.com.ar\/catalogo\/wp-json\/wp\/v2\/product"}],"about":[{"href":"https:\/\/lidertecsa.com.ar\/catalogo\/wp-json\/wp\/v2\/types\/product"}],"wp:featuredmedia":[{"embeddable":true,"href":"https:\/\/lidertecsa.com.ar\/catalogo\/wp-json\/wp\/v2\/media\/6244"}],"wp:attachment":[{"href":"https:\/\/lidertecsa.com.ar\/catalogo\/wp-json\/wp\/v2\/media?parent=5951"}],"wp:term":[{"taxonomy":"product_cat","embeddable":true,"href":"https:\/\/lidertecsa.com.ar\/catalogo\/wp-json\/wp\/v2\/product_cat?post=5951"},{"taxonomy":"product_tag","embeddable":true,"href":"https:\/\/lidertecsa.com.ar\/catalogo\/wp-json\/wp\/v2\/product_tag?post=5951"}],"curies":[{"name":"wp","href":"https:\/\/api.w.org\/{rel}","templated":true}]}}