{"id":5942,"date":"2024-05-11T19:24:34","date_gmt":"2024-05-11T22:24:34","guid":{"rendered":"https:\/\/lidertecsa.com.ar\/catalogo\/?post_type=product&#038;p=5942"},"modified":"2026-02-04T12:57:31","modified_gmt":"2026-02-04T15:57:31","slug":"siloc-adhesivo-sellador-neutro-puro-100-x-280g","status":"publish","type":"product","link":"https:\/\/lidertecsa.com.ar\/catalogo\/producto\/siloc-adhesivo-sellador-neutro-puro-100-x-280g\/","title":{"rendered":"SILOC &#8211; Adhesivo Sellador Neutro Puro 100 % x 280g"},"content":{"rendered":"<div class=\"box-presentaciones\">PARA LA CONSTRUCCI\u00d3N<\/div>\n<div>\n<p>Para hormig\u00f3n, mamposter\u00eda, mortero, fibrocemento, ladrillos, cer\u00e1micos, metales, vidrio, superficies esmaltadas, enlozadas y pintadas y otros materiales. Para policarbonato, aberturas pl\u00e1sticas y espejos (no ataca la l\u00e1mina reflectiva). Para circuitos el\u00e9ctricos y sensores. Alta adherencia. Inalterable. Resiste a la intemperie y a la radiaci\u00f3n UV. No apto para contacto con combustibles y solventes.<\/p>\n<ul class=\"ficha\">\n<li>Tiempo cura parcial (Minutos):\u00a0Forma piel en 15-30 minutos<\/li>\n<li>Tiempo cura total (Horas):\u00a03mm en 24 hs.<\/li>\n<li>Resistencia traccion (MPa):\u00a00,6 &#8211; 1,0<\/li>\n<li>Porcentaje elongacion (%):\u00a0250 &#8211; 350<\/li>\n<li>Dureza (Shore A):\u00a020-25\n<ul class=\"ficha\">\n<li>Usos: Usos: Para el pegado de espejos pesados od e m\u00e1s de 1m2 de superficie, como aislante para instalaciones el\u00e9ctricas, adhesi\u00f3n de m\u00e1rmoles, z\u00f3calos, mesadas de acero inoxidable, adhesi\u00f3n y sellado de policarbonato y otros materiales de construcci\u00f3n.<\/li>\n<\/ul>\n<\/li>\n<\/ul>\n<\/div>\n","protected":false},"excerpt":{"rendered":"<h2>Adhesivo Sellador Neutro &#8211; Puro 100%<\/h2>\n<div class=\"content\">\n<div class=\"ttl-subcat-producto\">USO CONSTRUCCI\u00d3N.<\/div>\n<\/div>\n","protected":false},"featured_media":456,"template":"","meta":{"_joinchat":[]},"product_cat":[158],"product_tag":[159],"class_list":{"0":"post-5942","1":"product","2":"type-product","3":"status-publish","4":"has-post-thumbnail","6":"product_cat-siloc","7":"product_tag-silicona-neutra-100-pura","9":"first","10":"instock","11":"taxable","12":"shipping-taxable","13":"product-type-simple"},"_links":{"self":[{"href":"https:\/\/lidertecsa.com.ar\/catalogo\/wp-json\/wp\/v2\/product\/5942"}],"collection":[{"href":"https:\/\/lidertecsa.com.ar\/catalogo\/wp-json\/wp\/v2\/product"}],"about":[{"href":"https:\/\/lidertecsa.com.ar\/catalogo\/wp-json\/wp\/v2\/types\/product"}],"wp:featuredmedia":[{"embeddable":true,"href":"https:\/\/lidertecsa.com.ar\/catalogo\/wp-json\/wp\/v2\/media\/456"}],"wp:attachment":[{"href":"https:\/\/lidertecsa.com.ar\/catalogo\/wp-json\/wp\/v2\/media?parent=5942"}],"wp:term":[{"taxonomy":"product_cat","embeddable":true,"href":"https:\/\/lidertecsa.com.ar\/catalogo\/wp-json\/wp\/v2\/product_cat?post=5942"},{"taxonomy":"product_tag","embeddable":true,"href":"https:\/\/lidertecsa.com.ar\/catalogo\/wp-json\/wp\/v2\/product_tag?post=5942"}],"curies":[{"name":"wp","href":"https:\/\/api.w.org\/{rel}","templated":true}]}}