{"id":5917,"date":"2024-05-10T09:34:01","date_gmt":"2024-05-10T12:34:01","guid":{"rendered":"https:\/\/lidertecsa.com.ar\/catalogo\/?post_type=product&#038;p=5917"},"modified":"2026-02-04T11:06:52","modified_gmt":"2026-02-04T14:06:52","slug":"pegamil-masilla-10-x-70g-estuche","status":"publish","type":"product","link":"https:\/\/lidertecsa.com.ar\/catalogo\/producto\/pegamil-masilla-10-x-70g-estuche\/","title":{"rendered":"Pegamil Masilla 10&#8242; x 70g estuche"},"content":{"rendered":"<h2>Masilla Epoxi 10 Min<\/h2>\n<p>Para rellenar, soldar, sellar y reconstruir piezas en una amplia gama de materiales: metales, madera, m\u00e1rmol, azulejos, vidrio, hormig\u00f3n. Para p\u00e9rdidas en conexiones y ca\u00f1er\u00edas (agua, nafta, aceite). Repara y reconstruye piezas desgastadas o rotas. Para usar en piletas, tanques, embarcaciones, carrocer\u00edas, radiadores, ca\u00f1os de escape, cajas y block de motores. Aislante en reparaciones el\u00e9ctricas. Una vez curado se puede limar, pulir, perforar, pintar, trabajar. Resiste bajo el agua. Sin amianto, plomo ni fenoles libres. Resiste \u00e1cidos, solventes y la mayor\u00eda de los productos qu\u00edmicos. Soporta temperaturas entre -10\u00b0C y +180\u00b0C. No apto para polietileno, polipropileno ni PTFE.<\/p>\n","protected":false},"excerpt":{"rendered":"<h2>Masilla Epoxi 10 Min<\/h2>\n","protected":false},"featured_media":70,"template":"","meta":{"_joinchat":[]},"product_cat":[29],"product_tag":[63],"class_list":{"0":"post-5917","1":"product","2":"type-product","3":"status-publish","4":"has-post-thumbnail","6":"product_cat-pegamil","7":"product_tag-masilla-epoxi","9":"first","10":"instock","11":"taxable","12":"shipping-taxable","13":"product-type-simple"},"_links":{"self":[{"href":"https:\/\/lidertecsa.com.ar\/catalogo\/wp-json\/wp\/v2\/product\/5917"}],"collection":[{"href":"https:\/\/lidertecsa.com.ar\/catalogo\/wp-json\/wp\/v2\/product"}],"about":[{"href":"https:\/\/lidertecsa.com.ar\/catalogo\/wp-json\/wp\/v2\/types\/product"}],"wp:featuredmedia":[{"embeddable":true,"href":"https:\/\/lidertecsa.com.ar\/catalogo\/wp-json\/wp\/v2\/media\/70"}],"wp:attachment":[{"href":"https:\/\/lidertecsa.com.ar\/catalogo\/wp-json\/wp\/v2\/media?parent=5917"}],"wp:term":[{"taxonomy":"product_cat","embeddable":true,"href":"https:\/\/lidertecsa.com.ar\/catalogo\/wp-json\/wp\/v2\/product_cat?post=5917"},{"taxonomy":"product_tag","embeddable":true,"href":"https:\/\/lidertecsa.com.ar\/catalogo\/wp-json\/wp\/v2\/product_tag?post=5917"}],"curies":[{"name":"wp","href":"https:\/\/api.w.org\/{rel}","templated":true}]}}