{"id":5879,"date":"2024-04-23T14:37:01","date_gmt":"2024-04-23T17:37:01","guid":{"rendered":"https:\/\/lidertecsa.com.ar\/catalogo\/?post_type=product&#038;p=5879"},"modified":"2024-12-13T16:37:50","modified_gmt":"2024-12-13T19:37:50","slug":"atornillador-inalambrico-tc-sd-36-li-ion","status":"publish","type":"product","link":"https:\/\/lidertecsa.com.ar\/catalogo\/producto\/atornillador-inalambrico-tc-sd-36-li-ion\/","title":{"rendered":"Atornillador Inal\u00e1mbrico TC-SD 3,6 Li-Ion"},"content":{"rendered":"<p>ATORNILLADOR INALAMBRICO EINHELL TC-SD 3,6 LI H + PUNTAS + ESTUCHE PORTA HERRAMIENTA PARA CINTURON 9NM 200RPM<br \/>\nEl atornillador TC-SD 3,6 Li es la herramienta de atornillar a bater\u00eda de alto valor, pr\u00e1ctica y vers\u00e1til para el aficionado al bricolaje ambicioso que no debe faltar en ning\u00fan hogar.<br \/>\n\u00a1Descubre la revoluci\u00f3n en la forma de abordar tus proyectos con el atornillador inal\u00e1mbrico Einhell TC-SD 3,6 Li H! Con un dise\u00f1o excepcional y caracter\u00edsticas innovadoras, este modelo te brinda la versatilidad que necesitas para realizar cualquier tarea con facilidad.<\/p>\n","protected":false},"excerpt":{"rendered":"<ul>\n<li>Versatilidad sin l\u00edmites: Gracias a su uni\u00f3n articulada, el Einhell TC-SD 3,6 Li H no solo es un atornillador convencional, \u00a1sino tambi\u00e9n un potente atornillador recto para llegar a esos lugares de dif\u00edcil acceso!<\/li>\n<li>Direcci\u00f3n a tu medida: Olv\u00eddate de las complicaciones con su rotaci\u00f3n horaria y antihoraria, permiti\u00e9ndote trabajar de manera eficiente en cualquier direcci\u00f3n que necesites.<\/li>\n<li>Ilumina tu camino: Equipado con una luz LED, este atornillador ilumina cada rinc\u00f3n, asegurando un trabajo preciso incluso en condiciones de baja visibilidad.<\/li>\n<li>Agarre seguro: La empu\u00f1adura antideslizante proporciona un control m\u00e1ximo y comodidad durante horas de uso, reduciendo la fatiga y aumentando la productividad.<\/li>\n<li>Siempre informado: Con el indicador LED de la bater\u00eda de 3 niveles y el piloto del nivel de carga, tendr\u00e1s siempre bajo control la duraci\u00f3n de la bater\u00eda, garantizando un rendimiento constante.<\/li>\n<li>Accesorios completos: El juego incluye 4 puntas de v\u00e1stago hexagonal, un cargador 220V y una pr\u00e1ctica funda para cintur\u00f3n, asegurando que est\u00e9s listo para cualquier desaf\u00edo.<\/li>\n<li>Potencia concentrada: Con una punta de trabajo met\u00e1lica con entrada hexagonal, 9 Nm de par m\u00e1ximo y 200 RPM, este atornillador ofrece un rendimiento excepcional para cada tarea.<\/li>\n<li>Sin l\u00edmites de potencia: A pesar de su tama\u00f1o compacto, el Einhell TC-SD 3,6 Li H entrega una potencia de 3,6 Vcc, asegurando un rendimiento robusto en cualquier situaci\u00f3n.<\/li>\n<\/ul>\n","protected":false},"featured_media":5880,"template":"","meta":{"_joinchat":[]},"product_cat":[50],"product_tag":[83],"class_list":{"0":"post-5879","1":"product","2":"type-product","3":"status-publish","4":"has-post-thumbnail","6":"product_cat-herramientas-a-bateria","7":"product_tag-atornillador","9":"first","10":"instock","11":"taxable","12":"shipping-taxable","13":"product-type-simple"},"_links":{"self":[{"href":"https:\/\/lidertecsa.com.ar\/catalogo\/wp-json\/wp\/v2\/product\/5879"}],"collection":[{"href":"https:\/\/lidertecsa.com.ar\/catalogo\/wp-json\/wp\/v2\/product"}],"about":[{"href":"https:\/\/lidertecsa.com.ar\/catalogo\/wp-json\/wp\/v2\/types\/product"}],"wp:featuredmedia":[{"embeddable":true,"href":"https:\/\/lidertecsa.com.ar\/catalogo\/wp-json\/wp\/v2\/media\/5880"}],"wp:attachment":[{"href":"https:\/\/lidertecsa.com.ar\/catalogo\/wp-json\/wp\/v2\/media?parent=5879"}],"wp:term":[{"taxonomy":"product_cat","embeddable":true,"href":"https:\/\/lidertecsa.com.ar\/catalogo\/wp-json\/wp\/v2\/product_cat?post=5879"},{"taxonomy":"product_tag","embeddable":true,"href":"https:\/\/lidertecsa.com.ar\/catalogo\/wp-json\/wp\/v2\/product_tag?post=5879"}],"curies":[{"name":"wp","href":"https:\/\/api.w.org\/{rel}","templated":true}]}}