{"id":5820,"date":"2024-03-19T12:09:12","date_gmt":"2024-03-19T15:09:12","guid":{"rendered":"https:\/\/lidertecsa.com.ar\/catalogo\/?post_type=product&#038;p=5820"},"modified":"2024-12-13T16:37:49","modified_gmt":"2024-12-13T19:37:49","slug":"herramienta-para-grabado-inalambrica-te-mt-18-34-li-solo","status":"publish","type":"product","link":"https:\/\/lidertecsa.com.ar\/catalogo\/producto\/herramienta-para-grabado-inalambrica-te-mt-18-34-li-solo\/","title":{"rendered":"Herramienta para Grabado Inalambrica TE-MT 18\/34 Li Solo"},"content":{"rendered":"<div id=\"description\" class=\"section-row -padded-wide--mod-top-only -in-viewport\" data-anchornav=\"Article description\">\n<div class=\"col-wrapper -max-width-limited\">\n<div class=\"content-item module-description\">\n<div class=\"description-wrapper\">\n<div class=\"col-two\">\n<div class=\"description__content\">\n<div id=\"description\" class=\"section-row -padded-wide--mod-top-only -in-viewport\" data-anchornav=\"Descripcion del articulo\">\n<div class=\"col-wrapper -max-width-limited\">\n<div class=\"content-item module-description\">\n<div class=\"description-wrapper\">\n<div class=\"col-two\">\n<div class=\"description__content\">\n<p>La herramienta rectificadora\/grabadora con bater\u00eda TE-MT 18\/34 Li-Solo de Einhell es un pr\u00e1ctico ayudante para multitud de trabajos diferentes, tales como grabado, pulido, fresado, rectificado, corte y cepillado. La herramienta rectificadora\/grabadora forma parte de la familia Power X-Change de Einhell en la que se pueden combinar flexiblemente entre s\u00ed todas las bater\u00edas, cargadores y equipos de sistema. Gracias a la electr\u00f3nica de velocidad con ajuste continuo, la potencia se puede adaptar seg\u00fan el material en cualquier situaci\u00f3n, a velocidades de entre 5000 y 34\u00a0000 revoluciones por minuto. El bot\u00f3n de bloqueo permite un cambio de herramienta f\u00e1cil y r\u00e1pido. Son posibles resultados precisos, incluso en tareas detalladas o grabados complejos, gracias al pasador del eje flexible de 92\u00a0cm de largo. El pasador de grabado se adapta perfectamente a la mano gracias a su dise\u00f1o estrecho con superficies de agarre suave. La estaci\u00f3n de la rectificadora\/grabadora est\u00e1 equipada con un pr\u00e1ctico soporte para el eje y el pasador, as\u00ed como con un soporte de accesorios para accesorios de uso frecuente y una caja de accesorios extra\u00edble fijada a la carcasa. En funci\u00f3n de la tarea, la estaci\u00f3n se puede transportar directamente sobre el cuerpo con el cintur\u00f3n portador de 150\u00a0cm de largo, se puede colgar ahorrando espacio con el soporte de pared o se puede colocar de forma segura gracias a las patas de caucho. Al alcance del env\u00edo tambi\u00e9n pertenece un set de accesorios con 55 piezas, por lo que apenas se ponen l\u00edmites al uso universal de todo tipo. La herramienta rectificadora\/grabadora con bater\u00eda TE-MT 18\/34 Li-Solo se env\u00eda sin bater\u00eda ni cargador. Estos son adquiribles por separado, por ejemplo, como pr\u00e1ctico set para principiantes.<\/p>\n<\/div>\n<\/div>\n<\/div>\n<\/div>\n<\/div>\n<\/div>\n<div id=\"technical-details\" class=\"section-row -padded-wide--mod-top-only\" data-anchornav=\"Detalles t\u00e9cnicos\">\n<div class=\"col-wrapper -max-width-limited -decrease-width\">\n<div class=\"col\">\n<div class=\"content-item module-headline-paragraph headline paragraph -color-headline-black\"><\/div>\n<\/div>\n<\/div>\n<\/div>\n<\/div>\n<\/div>\n<\/div>\n<\/div>\n<\/div>\n<\/div>\n<div id=\"technical-details\" class=\"section-row -padded-wide--mod-top-only\" data-anchornav=\"Technical details\">\n<div class=\"col-wrapper -max-width-limited -decrease-width\">\n<div class=\"col\">\n<div class=\"content-item module-headline-paragraph headline paragraph -color-headline-black\">\n<table class=\"table__table\">\n<tbody>\n<tr class=\"-show tr-odd\">\n<td>Revoluciones sin carga<\/td>\n<td>5000 min^-1 \u2013 34000 min^-1<\/td>\n<\/tr>\n<\/tbody>\n<\/table>\n<h2>Informaci\u00f3n adicional<\/h2>\n<table class=\"woocommerce-product-attributes shop_attributes\">\n<tbody>\n<tr class=\"woocommerce-product-attributes-item woocommerce-product-attributes-item--weight\">\n<th class=\"woocommerce-product-attributes-item__label\">Peso<\/th>\n<td class=\"woocommerce-product-attributes-item__value\">1 kg<\/td>\n<\/tr>\n<tr class=\"woocommerce-product-attributes-item woocommerce-product-attributes-item--dimensions\">\n<th class=\"woocommerce-product-attributes-item__label\">Dimensiones<\/th>\n<td class=\"woocommerce-product-attributes-item__value\">10 \u00d7 10 \u00d7 10 cm<\/td>\n<\/tr>\n<\/tbody>\n<\/table>\n<h2>Video Presentaci\u00f3n<\/h2>\n<p><a href=\"https:\/\/youtu.be\/LzTr8-4YCRE?si=qxpYDpCVFx-VFftH\">https:\/\/youtu.be\/LzTr8-4YCRE?si=qxpYDpCVFx-VFftH<\/a><\/p>\n<\/div>\n<\/div>\n<\/div>\n<\/div>\n","protected":false},"excerpt":{"rendered":"<p>La herramienta rectificadora\/grabadora con bater\u00eda TE-MT 18\/34 Li-Solo de Einhell es un pr\u00e1ctico ayudante para multitud de trabajos diferentes, tales como grabado, pulido, fresado, rectificado, corte y cepillado.<\/p>\n","protected":false},"featured_media":5821,"template":"","meta":{"_joinchat":[]},"product_cat":[50],"product_tag":[],"class_list":{"0":"post-5820","1":"product","2":"type-product","3":"status-publish","4":"has-post-thumbnail","6":"product_cat-herramientas-a-bateria","8":"first","9":"instock","10":"product-type-simple"},"_links":{"self":[{"href":"https:\/\/lidertecsa.com.ar\/catalogo\/wp-json\/wp\/v2\/product\/5820"}],"collection":[{"href":"https:\/\/lidertecsa.com.ar\/catalogo\/wp-json\/wp\/v2\/product"}],"about":[{"href":"https:\/\/lidertecsa.com.ar\/catalogo\/wp-json\/wp\/v2\/types\/product"}],"wp:featuredmedia":[{"embeddable":true,"href":"https:\/\/lidertecsa.com.ar\/catalogo\/wp-json\/wp\/v2\/media\/5821"}],"wp:attachment":[{"href":"https:\/\/lidertecsa.com.ar\/catalogo\/wp-json\/wp\/v2\/media?parent=5820"}],"wp:term":[{"taxonomy":"product_cat","embeddable":true,"href":"https:\/\/lidertecsa.com.ar\/catalogo\/wp-json\/wp\/v2\/product_cat?post=5820"},{"taxonomy":"product_tag","embeddable":true,"href":"https:\/\/lidertecsa.com.ar\/catalogo\/wp-json\/wp\/v2\/product_tag?post=5820"}],"curies":[{"name":"wp","href":"https:\/\/api.w.org\/{rel}","templated":true}]}}