{"id":571,"date":"2023-06-17T20:32:26","date_gmt":"2023-06-17T23:32:26","guid":{"rendered":"https:\/\/lidertecsa.com.ar\/catalogo\/?post_type=product&#038;p=571"},"modified":"2024-12-13T16:30:40","modified_gmt":"2024-12-13T19:30:40","slug":"rotomartillo-te-dh-12-sds-max-1-050-w","status":"publish","type":"product","link":"https:\/\/lidertecsa.com.ar\/catalogo\/producto\/rotomartillo-te-dh-12-sds-max-1-050-w\/","title":{"rendered":"Rotomartillo TE-DH 12 &#8211; SDS Max &#8211; 1.050 W"},"content":{"rendered":"<p>El martillo de demolici\u00f3n Einhell TE-DH 12 es el ayudante ideal en el sitio de construcci\u00f3n de viviendas cuando realmente se pone manos a la obra: ya sea que se eliminen piezas de pared o que los revestimientos de pisos y paredes tengan que ceder, el martillo de demolici\u00f3n ofrece una potencia inimaginable con un consumo de energ\u00eda de 1,050 vatios y una tasa de impacto de 4,100 rpm, y exactamente al grano. Esto hace que las renovaciones, renovaciones y conversiones sean una tarea sencilla. El martillo de demolici\u00f3n est\u00e1 equipado con un robusto portaherramientas SDS-max. El trabajo de baja vibraci\u00f3n es posible gracias al mango amortiguado por vibraciones, as\u00ed como al mango adicional ajustable de forma flexible. A pesar de su impacto, la herramienta es f\u00e1cil de manejar y se puede utilizar de forma flexible gracias al cable de goma extra largo y robusto. Equipado con cinceles puntiagudos y planos, el martillo de demolici\u00f3n TE-DH 12 de Einhell est\u00e1 listo para su uso inmediato. La entrega se realiza en el estuche de transporte y almacenamiento E-Box.<\/p>\n","protected":false},"excerpt":{"rendered":"<div class=\"information__content -standard-list\">\n<ul>\n<li class=\" meta\">Martillo de demolici\u00f3n potente y al mismo tiempo ligero<\/li>\n<li class=\" meta\">Robusto portaherramientas SDS-max para un cambio r\u00e1pido de herramienta<\/li>\n<li class=\" meta\">Trabajo de baja vibraci\u00f3n gracias al mango amortiguado por vibraciones<\/li>\n<li class=\" meta\">Mango adicional ajustable de forma flexible para un trabajo m\u00e1s c\u00f3modo<\/li>\n<li class=\" meta\">Cable de goma robusto y de 4 m de largo para una m\u00e1xima movilidad<\/li>\n<li class=\"meta\">Inmediatamente listo para su uso gracias al cincel puntiagudo y plano suministrado<\/li>\n<li class=\"meta\">Se suministra en el estuche de transporte y almacenamiento E-Box<\/li>\n<\/ul>\n<\/div>\n","protected":false},"featured_media":572,"template":"","meta":{"_joinchat":[]},"product_cat":[181],"product_tag":[189],"class_list":{"0":"post-571","1":"product","2":"type-product","3":"status-publish","4":"has-post-thumbnail","6":"product_cat-herramientas-electricas","7":"product_tag-rotomartillo-sds-max-electroneumatico","9":"first","10":"instock","11":"product-type-simple"},"_links":{"self":[{"href":"https:\/\/lidertecsa.com.ar\/catalogo\/wp-json\/wp\/v2\/product\/571"}],"collection":[{"href":"https:\/\/lidertecsa.com.ar\/catalogo\/wp-json\/wp\/v2\/product"}],"about":[{"href":"https:\/\/lidertecsa.com.ar\/catalogo\/wp-json\/wp\/v2\/types\/product"}],"wp:featuredmedia":[{"embeddable":true,"href":"https:\/\/lidertecsa.com.ar\/catalogo\/wp-json\/wp\/v2\/media\/572"}],"wp:attachment":[{"href":"https:\/\/lidertecsa.com.ar\/catalogo\/wp-json\/wp\/v2\/media?parent=571"}],"wp:term":[{"taxonomy":"product_cat","embeddable":true,"href":"https:\/\/lidertecsa.com.ar\/catalogo\/wp-json\/wp\/v2\/product_cat?post=571"},{"taxonomy":"product_tag","embeddable":true,"href":"https:\/\/lidertecsa.com.ar\/catalogo\/wp-json\/wp\/v2\/product_tag?post=571"}],"curies":[{"name":"wp","href":"https:\/\/api.w.org\/{rel}","templated":true}]}}