{"id":5701,"date":"2023-12-20T11:05:32","date_gmt":"2023-12-20T14:05:32","guid":{"rendered":"https:\/\/lidertecsa.com.ar\/catalogo\/?post_type=product&#038;p=5701"},"modified":"2024-12-13T16:37:46","modified_gmt":"2024-12-13T19:37:46","slug":"limpia-motor","status":"publish","type":"product","link":"https:\/\/lidertecsa.com.ar\/catalogo\/producto\/limpia-motor\/","title":{"rendered":"LIMPIA MOTOR"},"content":{"rendered":"<p class=\"bold\">Alto poder de remoci\u00f3n y limpieza.<\/p>\n<p class=\"bold\">Poderoso limpiador que remueve f\u00e1cil y r\u00e1pidamente esa pel\u00edcula de grasa, aceite o residuos carbonosos que se forma en los motores. Formulado con solventes limpia-metales y aditivos desengrasantes, que penetran y desprenden la suciedad y el polvo adherido, dejando el motor en perfectas condiciones.<\/p>\n<p class=\"bold\">Presentaci\u00f3n:<\/p>\n<p>Aerosol 163g\/250cm3<\/p>\n<p>Ventajas y beneficios<\/p>\n<p>Su estupendo poder desengrasante permite remover r\u00e1pidamente y sin esfuerzo suciedades recientes o de antigua data, provocadas por aceites y\/o grasas. Una vez que act\u00faa, permite remover la suciedad con agua, evitando la posibilidad de fuego, existente durante la evaporaci\u00f3n de limpiadores de base solvente. No es corrosivo. No ataca las pinturas ni las mangueras. No forma espuma y limpia en forma eficaz.<\/p>\n<p>Usos:<\/p>\n<div class=\"util\">Limpieza exterior de motores de combusti\u00f3n interna, ejes, engranajes abiertos, maquinarias o elementos met\u00e1licos. Apto para autos, motos, camiones, \u00f3mnibus, lanchas, etc.<\/div>\n<div><\/div>\n<div class=\"util\">Modos de uso:<\/div>\n<div class=\"util\">AGITE BIEN ANTES DE USAR. Con el motor apagado, pulverice abundantemente hasta que el producto quede impregnado en las partes que desea limpiar. Es recomendable que el motor est\u00e9 a\u00fan caliente, para una remoci\u00f3n m\u00e1s r\u00e1pida. Espere 15 min. mientras el producto desarrolla su potente acci\u00f3n limpiadora. En caso de ser necesario, cepille y remueva la suciedad muy adherida. Enseguida, aplique un chorro de agua con bastante presi\u00f3n hasta remover la suciedad por completo. Finalmente, ponga en marcha el motor y d\u00e9jelo encendido hasta que el mismo est\u00e9 seco.<\/div>\n<div><\/div>\n<div class=\"util\">Precauciones:<\/div>\n<p>MANTENER LEJOS DEL ALCANCE DE LOS NI\u00d1OS. Desconecte los enseres y herramientas el\u00e9ctricas antes de aplicar. No perforar el envase, No pulverizar cerca de llama. No arrojar al incinerador. Prohibido su rellenado. No exponer a temperatura mayor a 50\u00ba C. Peligro!! Inflamable. Contiene hidrocarburos. Mantener lejos del fuego y de superficies calientes. No comer, beber ni fumar mientras manipula estos productos. Usar en ambientes ventilados. No inhalar. Luego de su uso asegure el buen cierre del envase. En contacto con los ojos lavar con abundante agua. En caso de ingesti\u00f3n accidental beber agua. Consultar a un Centro Asistencial o Toxicol\u00f3gico llevando el envase o r\u00f3tulo. Centro Nacional de Intoxicaciones: 0800-333-0160.<\/p>\n","protected":false},"excerpt":{"rendered":"<p class=\"bold\">Alto poder de remoci\u00f3n y limpieza.<\/p>\n<p class=\"bold\">Poderoso limpiador que remueve f\u00e1cil y r\u00e1pidamente esa pel\u00edcula de grasa, aceite o residuos carbonosos que se forma en los motores. Formulado con solventes limpia-metales y aditivos desengrasantes, que penetran y desprenden la suciedad y el polvo adherido, dejando el motor en perfectas condiciones.<\/p>\n","protected":false},"featured_media":5702,"template":"","meta":{"_joinchat":[]},"product_cat":[1048],"product_tag":[146],"class_list":{"0":"post-5701","1":"product","2":"type-product","3":"status-publish","4":"has-post-thumbnail","6":"product_cat-auto","7":"product_tag-limpia-motores","9":"first","10":"instock","11":"product-type-simple"},"_links":{"self":[{"href":"https:\/\/lidertecsa.com.ar\/catalogo\/wp-json\/wp\/v2\/product\/5701"}],"collection":[{"href":"https:\/\/lidertecsa.com.ar\/catalogo\/wp-json\/wp\/v2\/product"}],"about":[{"href":"https:\/\/lidertecsa.com.ar\/catalogo\/wp-json\/wp\/v2\/types\/product"}],"wp:featuredmedia":[{"embeddable":true,"href":"https:\/\/lidertecsa.com.ar\/catalogo\/wp-json\/wp\/v2\/media\/5702"}],"wp:attachment":[{"href":"https:\/\/lidertecsa.com.ar\/catalogo\/wp-json\/wp\/v2\/media?parent=5701"}],"wp:term":[{"taxonomy":"product_cat","embeddable":true,"href":"https:\/\/lidertecsa.com.ar\/catalogo\/wp-json\/wp\/v2\/product_cat?post=5701"},{"taxonomy":"product_tag","embeddable":true,"href":"https:\/\/lidertecsa.com.ar\/catalogo\/wp-json\/wp\/v2\/product_tag?post=5701"}],"curies":[{"name":"wp","href":"https:\/\/api.w.org\/{rel}","templated":true}]}}