{"id":5657,"date":"2023-12-20T10:09:22","date_gmt":"2023-12-20T13:09:22","guid":{"rendered":"https:\/\/lidertecsa.com.ar\/catalogo\/?post_type=product&#038;p=5657"},"modified":"2024-12-13T16:37:41","modified_gmt":"2024-12-13T19:37:41","slug":"limpiador-de-frenos","status":"publish","type":"product","link":"https:\/\/lidertecsa.com.ar\/catalogo\/producto\/limpiador-de-frenos\/","title":{"rendered":"LIMPIADOR DE FRENOS"},"content":{"rendered":"<p class=\"bold\">Mejora la performance del sistema de frenos. Seca r\u00e1pido, remueve la suciedad y elimina los chirridos. Alarga la vida \u00fatil de discos, pinzas y pastillas.<\/p>\n<p class=\"bold\">Limpiador desengrasante de alto poder y secado r\u00e1pido desarrollado especialmente para limpiar el sistema de frenos de la moto. Elimina aceites, grasas, polvos y dem\u00e1s suciedades a las que es sometido el veh\u00edculo.<\/p>\n<p class=\"bold\">Presentaci\u00f3n:<\/p>\n<p>Botella 500cm3<\/p>\n<p>Ventajas y beneficios<\/p>\n<p>Producto de extrema pureza libre de residuos que disuelve todo tipo de grasas y aceites automotores. Remueve el polvo de frenos, embragues y ruedas. Posee una evaporaci\u00f3n r\u00e1pida lo que acelera el proceso de limpieza. Elimina el deslizamiento del embrague causada por componentes contaminados. Su f\u00f3rmula a base de solventes vol\u00e1tiles ayuda a eliminar el chirrido de los frenos. Su presentaci\u00f3n permite una aplicaci\u00f3n precisa en \u00e1reas de dif\u00edcil acceso.<\/p>\n<p>Usos:<\/p>\n<div class=\"util\">En todos los componentes funcionales de frenos y embragues de la moto y dem\u00e1s veh\u00edculos, incluyendo pinzas, discos, discos de embrague, etc.<\/div>\n<div><\/div>\n<div class=\"util\">Modos de uso:<\/div>\n<div class=\"util\">Coloque una bandeja por debajo de la zona de trabajo. Roc\u00ede libremente sobre la superficie a tratar, dejando que el l\u00edquido contaminado drene en la bandeja. Un cepillado suave ayudar\u00e1 en la eliminaci\u00f3n de la contaminaci\u00f3n pesada o dura. Retire el exceso de producto con un pa\u00f1o suave y absorbente. Haga siempre una prueba del funcionamiento de los frenos despu\u00e9s de la limpieza. Cuando se utiliza en pl\u00e1sticos, determine la compatibilidad para su uso en un \u00e1rea oculta antes de realizar la aplicaci\u00f3n completa.<\/div>\n<div><\/div>\n<div class=\"util\">Precauciones:<\/div>\n<p>MANTENGA LEJOS DEL ALCANCE DE LOS NI\u00d1OS. Trabaje siempre en condiciones bien ventiladas, teniendo cuidado de evitar la inhalaci\u00f3n de vapores. Desconecte los enseres y herramientas el\u00e9ctricas antes de aplicar. No pulverice cerca de llama, mant\u00e9ngalo lejos del fuego y de superficies calientes. No arroje el envase al fuego o al incinerador. Prohibido su rellenado. No exponer a temperatura mayor a 50\u00ba C. Peligro!! Inflamable. Contiene hidrocarburos. No comer, beber ni fumar mientras manipula estos productos. No lo utilice sobre sustratos decorativos en los que pueden verse afectados los revestimientos. No aplique sobre pl\u00e1sticos y gomas blandas sin antes averiguar si son aptos para su uso. Luego de usarlo, asegure el buen cierre del envase. Almacenar en lugar fresco, bien ventilado, al resguardo de las inclemencias clim\u00e1ticas y del sol. En caso de contacto con los ojos o la piel, lave inmediatamente con abundante agua. No inhale. \u00a1CUIDADO! Peligrosa su ingesti\u00f3n. En tal caso, no provoque el v\u00f3mito y consulte inmediatamente al Centro de Intoxicaciones o a su m\u00e9dico, llevando el envase o r\u00f3tulo del producto. Disponga los envases vac\u00edos de acuerdo a la normativa local vigente. Centro Nacional de Intoxicaciones 0800-333-0160.<\/p>\n","protected":false},"excerpt":{"rendered":"<p class=\"bold\">Mejora la performance del sistema de frenos. Seca r\u00e1pido, remueve la suciedad y elimina los chirridos. Alarga la vida \u00fatil de discos, pinzas y pastillas.<\/p>\n<p class=\"bold\">Limpiador desengrasante de alto poder y secado r\u00e1pido desarrollado especialmente para limpiar el sistema de frenos de la moto. Elimina aceites, grasas, polvos y dem\u00e1s suciedades a las que es sometido el veh\u00edculo.<\/p>\n","protected":false},"featured_media":5658,"template":"","meta":{"_joinchat":[]},"product_cat":[1047],"product_tag":[1068],"class_list":{"0":"post-5657","1":"product","2":"type-product","3":"status-publish","4":"has-post-thumbnail","6":"product_cat-moto","7":"product_tag-limpia-frenos","9":"first","10":"instock","11":"product-type-simple"},"_links":{"self":[{"href":"https:\/\/lidertecsa.com.ar\/catalogo\/wp-json\/wp\/v2\/product\/5657"}],"collection":[{"href":"https:\/\/lidertecsa.com.ar\/catalogo\/wp-json\/wp\/v2\/product"}],"about":[{"href":"https:\/\/lidertecsa.com.ar\/catalogo\/wp-json\/wp\/v2\/types\/product"}],"wp:featuredmedia":[{"embeddable":true,"href":"https:\/\/lidertecsa.com.ar\/catalogo\/wp-json\/wp\/v2\/media\/5658"}],"wp:attachment":[{"href":"https:\/\/lidertecsa.com.ar\/catalogo\/wp-json\/wp\/v2\/media?parent=5657"}],"wp:term":[{"taxonomy":"product_cat","embeddable":true,"href":"https:\/\/lidertecsa.com.ar\/catalogo\/wp-json\/wp\/v2\/product_cat?post=5657"},{"taxonomy":"product_tag","embeddable":true,"href":"https:\/\/lidertecsa.com.ar\/catalogo\/wp-json\/wp\/v2\/product_tag?post=5657"}],"curies":[{"name":"wp","href":"https:\/\/api.w.org\/{rel}","templated":true}]}}