{"id":5655,"date":"2023-12-20T10:06:34","date_gmt":"2023-12-20T13:06:34","guid":{"rendered":"https:\/\/lidertecsa.com.ar\/catalogo\/?post_type=product&#038;p=5655"},"modified":"2024-12-13T16:37:41","modified_gmt":"2024-12-13T19:37:41","slug":"limpiador-de-cadenas","status":"publish","type":"product","link":"https:\/\/lidertecsa.com.ar\/catalogo\/producto\/limpiador-de-cadenas\/","title":{"rendered":"LIMPIADOR DE CADENAS"},"content":{"rendered":"<p class=\"bold\">Alto poder de limpieza y desengrase. Remueve aceite, grasa, barro y dem\u00e1s suciedades. Apto para todo el sistema de transmisi\u00f3n.<\/p>\n<p class=\"bold\">Limpiador de alto poder desengrasante dise\u00f1ado para solubilizar y remover grasas y aceites de todo tipo, incluso los que llevan un buen tiempo depositados en la cadena. Producto de f\u00e1cil aplicaci\u00f3n que elimina con rapidez la suciedad, la mugre y el polvo de las cadenas. Su f\u00f3rmula es compatible con anillos de cadenas tipo O, X y Z ring.<\/p>\n<p class=\"bold\">Presentaci\u00f3n:<\/p>\n<p>Botella 500cm3<\/p>\n<p>Ventajas y beneficios<\/p>\n<p>Ablanda y solubiliza todo tipo de grasas y aceites. Seca r\u00e1pidamente y no deja residuos. Mejora el rendimiento de la cadena alargando notablemente su vida \u00fatil dado que la limpieza peri\u00f3dica ayuda a reducir el desgaste de la misma, prolongando su rendimiento. Su f\u00f3rmula lo convierte en un limpiador vers\u00e1til de enjuague r\u00e1pido. Facilita la eliminaci\u00f3n posterior de la suciedad a trav\u00e9s del enjuague con agua fr\u00eda.<\/p>\n<p>Usos:<\/p>\n<div class=\"util\">Ideal para limpiar y desengrasar cadenas de motos y\/o cualquier superficie met\u00e1lica o compuesta por pl\u00e1sticos termoestables r\u00edgidos.<\/div>\n<div><\/div>\n<div class=\"util\">Modos de uso:<\/div>\n<div class=\"util\">Roc\u00ede libremente sobre la superficie a tratar. Deje en contacto con el producto durante un m\u00e1ximo de 5 min. Si hiciera falta, utilice una bandeja o recipiente similar para que el mismo chorree sobre ella. Utilice un trapo para remover el l\u00edquido contaminado con la suciedad. Puede ayudarse con un cepillo para eliminar la suciedad m\u00e1s dura y rebelde. Enjuague con agua para eliminar los restos y seque con un pa\u00f1o limpio que no suelte pelusa.<\/div>\n<div><\/div>\n<div class=\"util\">Precauciones:<\/div>\n<p>MANTENGA LEJOS DEL ALCANCE DE LOS NI\u00d1OS. Trabaje siempre en condiciones bien ventiladas, teniendo cuidado de evitar la inhalaci\u00f3n de vapores. Desconecte los enseres y herramientas el\u00e9ctricas antes de aplicar. No pulverice cerca de llama, mant\u00e9ngalo lejos del fuego y de superficies calientes. No arroje el envase al fuego o al incinerador. Prohibido su rellenado. No exponer a temperatura mayor a 50\u00ba C. Peligro!! Inflamable. Contiene hidrocarburos. No comer, beber ni fumar mientras manipula estos productos. No lo utilice sobre sustratos decorativos en los que pueden verse afectados los revestimientos. No aplique sobre pl\u00e1sticos y gomas blandas sin antes averiguar si son aptos para su uso. Luego de usarlo, asegure el buen cierre del envase. Almacenar en lugar fresco, bien ventilado, al resguardo de las inclemencias clim\u00e1ticas y del sol. En caso de contacto con los ojos o la piel, lave inmediatamente con abundante agua. No inhale. \u00a1CUIDADO! Peligrosa su ingesti\u00f3n. En tal caso, no provoque el v\u00f3mito y consulte inmediatamente al Centro de Intoxicaciones o a su m\u00e9dico, llevando el envase o r\u00f3tulo del producto. Disponga los envases vac\u00edos de acuerdo a la normativa local vigente. Centro Nacional de Intoxicaciones 0800-333-0160.<\/p>\n","protected":false},"excerpt":{"rendered":"<p class=\"bold\">Alto poder de limpieza y desengrase. Remueve aceite, grasa, barro y dem\u00e1s suciedades. Apto para todo el sistema de transmisi\u00f3n.<\/p>\n<p class=\"bold\">Limpiador de alto poder desengrasante dise\u00f1ado para solubilizar y remover grasas y aceites de todo tipo, incluso los que llevan un buen tiempo depositados en la cadena. Producto de f\u00e1cil aplicaci\u00f3n que elimina con rapidez la suciedad, la mugre y el polvo de las cadenas. Su f\u00f3rmula es compatible con anillos de cadenas tipo O, X y Z ring.<\/p>\n","protected":false},"featured_media":5656,"template":"","meta":{"_joinchat":[]},"product_cat":[1047],"product_tag":[139],"class_list":{"0":"post-5655","1":"product","2":"type-product","3":"status-publish","4":"has-post-thumbnail","6":"product_cat-moto","7":"product_tag-limpia-cadenas","9":"first","10":"instock","11":"product-type-simple"},"_links":{"self":[{"href":"https:\/\/lidertecsa.com.ar\/catalogo\/wp-json\/wp\/v2\/product\/5655"}],"collection":[{"href":"https:\/\/lidertecsa.com.ar\/catalogo\/wp-json\/wp\/v2\/product"}],"about":[{"href":"https:\/\/lidertecsa.com.ar\/catalogo\/wp-json\/wp\/v2\/types\/product"}],"wp:featuredmedia":[{"embeddable":true,"href":"https:\/\/lidertecsa.com.ar\/catalogo\/wp-json\/wp\/v2\/media\/5656"}],"wp:attachment":[{"href":"https:\/\/lidertecsa.com.ar\/catalogo\/wp-json\/wp\/v2\/media?parent=5655"}],"wp:term":[{"taxonomy":"product_cat","embeddable":true,"href":"https:\/\/lidertecsa.com.ar\/catalogo\/wp-json\/wp\/v2\/product_cat?post=5655"},{"taxonomy":"product_tag","embeddable":true,"href":"https:\/\/lidertecsa.com.ar\/catalogo\/wp-json\/wp\/v2\/product_tag?post=5655"}],"curies":[{"name":"wp","href":"https:\/\/api.w.org\/{rel}","templated":true}]}}