{"id":5633,"date":"2023-12-20T09:38:58","date_gmt":"2023-12-20T12:38:58","guid":{"rendered":"https:\/\/lidertecsa.com.ar\/catalogo\/?post_type=product&#038;p=5633"},"modified":"2024-12-13T16:37:38","modified_gmt":"2024-12-13T19:37:38","slug":"protector-de-cuadro","status":"publish","type":"product","link":"https:\/\/lidertecsa.com.ar\/catalogo\/producto\/protector-de-cuadro\/","title":{"rendered":"PROTECTOR DE CUADRO"},"content":{"rendered":"<p class=\"bold\">Ecol\u00f3gico y Biodegradable. Exclusiva F\u00f3rmula con Treme-T\u00ae.<\/p>\n<p class=\"bold\">Producto ecol\u00f3gico especialmente formulado con Treme-T\u00ae para repeler el polvo y prevenir la acumulacion de suciedad y barro, convirti\u00e9ndolo en el producto ideal para proteger, embellecer y preservar la bicicleta en todo momento, incluso mientras est\u00e9 guardada o durante per\u00edodos largos sin uso.<\/p>\n<p class=\"bold\">Presentaci\u00f3n:<\/p>\n<p>Botella 500cm3<\/p>\n<p>Ventajas y beneficios<\/p>\n<p>Ayuda a que las superficies tratadas permanezcan limpias por m\u00e1s tiempo. Recupera las \u00e1reas rayadas, otorga un brillo intenso y restaura el lustre original. Es ideal para el acabado final luego de una limpieza profunda.<\/p>\n<p>Usos:<\/p>\n<div class=\"util\">Todo tipo de bicicletas, triciclos y veh\u00edculos con tracci\u00f3n a sangre.<\/div>\n<div><\/div>\n<div class=\"util\">Modos de uso:<\/div>\n<div class=\"util\">1) Colocar la bicicleta, previamente lavada, de forma que permanezca firme y recta. 2) Aplicar una capa de Penetrit Bike\u00ae Protector para Cuadros y distribuir el producto de manera uniforme utilizando un trapo limpio, seco y que no deje pelusa. 3) Dejar orear 5 minutos. 4) Con otro pa\u00f1o limpio y seco, lustrar las superficies frotando las mismas hasta obtener el brillo deseado.<\/div>\n<div><\/div>\n<div class=\"util\">Precauciones:<\/div>\n<p>Mantener fuera del alcance de los ni\u00f1os. En caso de contacto con los ojos o la piel, lave inmediatamente con abundante agua. En caso de ingesti\u00f3n, no provoque el v\u00f3mito y consulte inmediatamente al Centro de Intoxicaciones o a su m\u00e9dico, llevando el envase o r\u00f3tulo del producto. Disponer los envases vac\u00edos de acuerdo a la normativa local vigente. Centro Nacional de Intoxicaciones 0800-333-0160.<\/p>\n","protected":false},"excerpt":{"rendered":"<p class=\"bold\">Ecol\u00f3gico y Biodegradable. Exclusiva F\u00f3rmula con Treme-T\u00ae.<\/p>\n<p class=\"bold\">Producto ecol\u00f3gico especialmente formulado con Treme-T\u00ae para repeler el polvo y prevenir la acumulaci\u00f3n de suciedad y barro, convirti\u00e9ndolo en el producto ideal para proteger, embellecer y preservar la bicicleta en todo momento, incluso mientras est\u00e9 guardada o durante per\u00edodos largos sin uso.<\/p>\n","protected":false},"featured_media":5634,"template":"","meta":{"_joinchat":[]},"product_cat":[1046],"product_tag":[1064],"class_list":{"0":"post-5633","1":"product","2":"type-product","3":"status-publish","4":"has-post-thumbnail","6":"product_cat-bike","7":"product_tag-protector-de-cuadro","9":"first","10":"instock","11":"product-type-simple"},"_links":{"self":[{"href":"https:\/\/lidertecsa.com.ar\/catalogo\/wp-json\/wp\/v2\/product\/5633"}],"collection":[{"href":"https:\/\/lidertecsa.com.ar\/catalogo\/wp-json\/wp\/v2\/product"}],"about":[{"href":"https:\/\/lidertecsa.com.ar\/catalogo\/wp-json\/wp\/v2\/types\/product"}],"wp:featuredmedia":[{"embeddable":true,"href":"https:\/\/lidertecsa.com.ar\/catalogo\/wp-json\/wp\/v2\/media\/5634"}],"wp:attachment":[{"href":"https:\/\/lidertecsa.com.ar\/catalogo\/wp-json\/wp\/v2\/media?parent=5633"}],"wp:term":[{"taxonomy":"product_cat","embeddable":true,"href":"https:\/\/lidertecsa.com.ar\/catalogo\/wp-json\/wp\/v2\/product_cat?post=5633"},{"taxonomy":"product_tag","embeddable":true,"href":"https:\/\/lidertecsa.com.ar\/catalogo\/wp-json\/wp\/v2\/product_tag?post=5633"}],"curies":[{"name":"wp","href":"https:\/\/api.w.org\/{rel}","templated":true}]}}