{"id":5621,"date":"2023-12-20T09:22:51","date_gmt":"2023-12-20T12:22:51","guid":{"rendered":"https:\/\/lidertecsa.com.ar\/catalogo\/?post_type=product&#038;p=5621"},"modified":"2024-12-13T16:37:36","modified_gmt":"2024-12-13T19:37:36","slug":"lubricante-para-cadenas-para-uso-en-terreno-seco","status":"publish","type":"product","link":"https:\/\/lidertecsa.com.ar\/catalogo\/producto\/lubricante-para-cadenas-para-uso-en-terreno-seco\/","title":{"rendered":"LUBRICANTE PARA CADENAS PARA USO EN TERRENO SECO"},"content":{"rendered":"<p class=\"bold\">Especialmente formulado para condiciones secas, \u00e1ridas o con exceso de polvo. Ecol\u00f3gico y Biodegradable. Contiene PTFE (Tefl\u00f3n\u00ae).<\/p>\n<p class=\"bold\">Lubricante ecol\u00f3gico a base de derivados vegetales y pol\u00edmeros inertes que forman una pel\u00edcula seca sobre la cadena protegi\u00e9ndola contra la corrosi\u00f3n y el desgaste.<\/p>\n<p class=\"bold\">Presentaci\u00f3n:<\/p>\n<p>Aceitera 110cm3<\/p>\n<p>Ventajas y beneficios<\/p>\n<p>Reduce la fricci\u00f3n generando un andar suave y sin sobresaltos. Mejora el pasaje de los cambios y el funcionamiento de todo el sistema. Penetra r\u00e1pidamente y forma una capa homog\u00e9nea que protege la cadena de la tierra, la suciedad y el polvo.<\/p>\n<p>Usos:<\/p>\n<div class=\"util\">Cadenas de bicicletas, triciclos y toda cadena de veh\u00edculo con tracci\u00f3n a sangre.<\/div>\n<div><\/div>\n<div class=\"util\">Modos de uso:<\/div>\n<div class=\"util\">1) Eliminar la suciedad y grasitud de la cadena y dem\u00e1s mecanismos de transmisi\u00f3n. 2) Secar y eliminar el excedente con un trapo. 3) AGITAR BIEN EL ENVASE ANTES DE USAR. 4) Aplicar Penetrit Bike\u00ae Lubricante para Cadenas cuidando que todos los eslabones queden lubricados. 5) Accionar la cadena para facilitar la penetraci\u00f3n del lubricante. 6) Dejar secar unos minutos de forma que se genere la pel\u00edcula seca.<\/div>\n<div><\/div>\n<div class=\"util\">Precauciones:<\/div>\n<p>Mantener fuera del alcance de los ni\u00f1os. En caso de contacto con los ojos o la piel, lave inmediatamente con abundante agua. En caso de ingesti\u00f3n, no provoque el v\u00f3mito y consulte inmediatamente al m\u00e9dico, llevando el r\u00f3tulo del producto. Centro Nacional de Intoxicaciones 0800-333-0160. Disponer los envases vac\u00edos de acuerdo a la normativa local vigente.<\/p>\n","protected":false},"excerpt":{"rendered":"<p class=\"bold\">Especialmente formulado para condiciones secas, \u00e1ridas o con exceso de polvo. Ecol\u00f3gico y Biodegradable. Contiene PTFE (Tefl\u00f3n\u00ae).<\/p>\n<p class=\"bold\">Lubricante ecol\u00f3gico a base de derivados vegetales y pol\u00edmeros inertes que forman una pel\u00edcula seca sobre la cadena protegi\u00e9ndola contra la corrosi\u00f3n y el desgaste.<\/p>\n","protected":false},"featured_media":5622,"template":"","meta":{"_joinchat":[]},"product_cat":[1046],"product_tag":[142],"class_list":{"0":"post-5621","1":"product","2":"type-product","3":"status-publish","4":"has-post-thumbnail","6":"product_cat-bike","7":"product_tag-lubricante-para-cadenas","9":"first","10":"instock","11":"product-type-simple"},"_links":{"self":[{"href":"https:\/\/lidertecsa.com.ar\/catalogo\/wp-json\/wp\/v2\/product\/5621"}],"collection":[{"href":"https:\/\/lidertecsa.com.ar\/catalogo\/wp-json\/wp\/v2\/product"}],"about":[{"href":"https:\/\/lidertecsa.com.ar\/catalogo\/wp-json\/wp\/v2\/types\/product"}],"wp:featuredmedia":[{"embeddable":true,"href":"https:\/\/lidertecsa.com.ar\/catalogo\/wp-json\/wp\/v2\/media\/5622"}],"wp:attachment":[{"href":"https:\/\/lidertecsa.com.ar\/catalogo\/wp-json\/wp\/v2\/media?parent=5621"}],"wp:term":[{"taxonomy":"product_cat","embeddable":true,"href":"https:\/\/lidertecsa.com.ar\/catalogo\/wp-json\/wp\/v2\/product_cat?post=5621"},{"taxonomy":"product_tag","embeddable":true,"href":"https:\/\/lidertecsa.com.ar\/catalogo\/wp-json\/wp\/v2\/product_tag?post=5621"}],"curies":[{"name":"wp","href":"https:\/\/api.w.org\/{rel}","templated":true}]}}