{"id":5576,"date":"2023-12-19T12:01:25","date_gmt":"2023-12-19T15:01:25","guid":{"rendered":"https:\/\/lidertecsa.com.ar\/catalogo\/?post_type=product&#038;p=5576"},"modified":"2024-12-13T16:37:32","modified_gmt":"2024-12-13T19:37:32","slug":"limpia-restos-materiales","status":"publish","type":"product","link":"https:\/\/lidertecsa.com.ar\/catalogo\/producto\/limpia-restos-materiales\/","title":{"rendered":"LIMPIA RESTOS MATERIALES"},"content":{"rendered":"<p>Gran poder de limpieza. Infaltable en cualquier tipo de construcci\u00f3n.<\/p>\n<p>Producto \u00e1cido desarrollado para eliminar los restos de materiales de construcci\u00f3n que quedan en superficies no cementicias luego de una obra. Remueve el exceso de mezcla y quita las manchas en cer\u00e1micas y ladrillos, luego de la terminaci\u00f3n de la obra. Limpia y devuelve el aspecto original en superficies cer\u00e1micas y esmaltadas de ba\u00f1os y cocinas, tales como sanitarios, azulejos, pisos, lavatorios, etc. Tambi\u00e9n se puede usar para la limpieza de metales liber\u00e1ndolos del \u00f3xido. Quita adherencias de cal, yeso, cemento, salitre, sarro, mezclas de alba\u00f1iler\u00eda, manchas de \u00f3xido, etc. de pisos, sanitarios esmaltados y revestimientos no calc\u00e1reos ni cementicios. Es de muy f\u00e1cil aplicaci\u00f3n y remoci\u00f3n. Ideal para la limpieza final de una obra en construcci\u00f3n.<\/p>\n<p>Presentaci\u00f3n:<br \/>\nJarra 1Lt<\/p>\n<p>Usos:<br \/>\nEn obras en construcci\u00f3n, remodelaciones, refacciones, f\u00e1bricas y talleres en donde se desee o necesite eliminar restos de materiales.<\/p>\n<p>Modos de uso:<br \/>\nTapa de seguridad: para abrir el envase, presione la tapa hacia abajo y luego gire en la direcci\u00f3n que indica la flecha. Para cerrar, simplemente gire sin hacer presi\u00f3n. Se recomienda hacer una prueba en una zona de la superficie a tratar, para comprobar que el producto no la da\u00f1e. El producto puede usarse puro o diluido dependiendo de la cantidad de material a remover. Se recomiendan diluciones no mayores a una parte del producto con dos de agua y siempre agregando el producto sobre el agua. Moje un trapo o pincel con \u00abLimpia Restos de Materiales\u00bb, extienda el producto sobre la superficie, d\u00e9jelo actuar entre 5 y 10 minutos controlando visualmente el avance de la limpieza. En caso de quedar vestigios, frote con un cepillo de cerdas duras no met\u00e1licas hasta eliminar los restos de cal, yeso, cemento, salitre, etc. Use guantes de goma y protecci\u00f3n ocular para su aplicaci\u00f3n. Enjuague inmediatamente con abundante agua. El ambiente debe estar ventilado. Se recomienda observar cada tanto el accionar del producto dado su car\u00e1cter corrosivo. Mant\u00e9ngalo guardado en un lugar seco, bien ventilado y al resguardo del sol.<\/p>\n<p>Precauciones:<br \/>\nRestringido a Uso Profesional. Prohibida su Venta Libre.MANTENGA FUERA DEL ALCANCE DE LOS NI\u00d1OS. Producto Corrosivo. Lea atentamente las instrucciones del r\u00f3tulo y la hoja de seguridad antes de utilizarlo. PELIGRO!! DA\u00d1INA O FATAL SU INGESTI\u00d3N. CAUSA QUEMADURAS. CONTIENE UN PRODUCTO FUERTEMENTE \u00c1CIDO (\u00c1CIDO CLORH\u00cdDRICO). CUIDADO!! USE EQUIPAMIENTO DE PROTECCI\u00d3N ADECUADA (GUANTES, BOTAS, DELANTAL Y PROTECCI\u00d3N OCULAR PARA MANIPULAR EL PRODUCTO). NO APLIQUE SOBRE SUPERFICIES CALIENTES. MANTENGA EL PRODUCTO EN SU ENVASE ORIGINAL. NO REUTILICE EL ENVASE VAC\u00cdO CON OTRO FIN. MANTENGA LEJOS DEL ALCANCE DE LOS NI\u00d1OS. Luego de su uso asegure el buen cierre del envase. En caso de contacto con los ojos, lave inmediatamente con abundante agua manteniendo los p\u00e1rpados levantados. En caso de contacto con la piel, lave inmediatamente con abundante agua la zona afectada. En caso de ingesti\u00f3n accidental, no provoque el v\u00f3mito, beba abundante agua y consulte inmediatamente al centro de intoxicaciones o al m\u00e9dico llevando el envase o r\u00f3tulo del producto. Centro Nacional de Intoxicaciones: 0800-333-0160. Medidas en caso de derrames: use equipo de protecci\u00f3n personal adecuado. Cubra el derrame con material inerte (por ejemplo: cal, arena seca) y rec\u00f3jalo para su eliminaci\u00f3n adecuada. No permita que el material derramado o el agua de lavado ingresen en el alcantarillado, aguas superficiales o sistemas de aguas subterr\u00e1neas. Neutralizador: cal. Lave el \u00e1rea del derrame con agua luego de neutralizada, recoja el producto neutralizado en contenedores pl\u00e1sticos y elim\u00ednelo de acuerdo con las leyes y regulaciones nacionales, provinciales y\/o municipales. No mezcle con \u00e1lcalis u otras sustancias qu\u00edmicas ya pueden provocarse reacciones violentas. Mezcle s\u00f3lo con agua.<\/p>\n","protected":false},"excerpt":{"rendered":"<p>Gran poder de limpieza. Infaltable en cualquier tipo de construcci\u00f3n.<\/p>\n<p>Producto \u00e1cido desarrollado para eliminar los restos de materiales de construcci\u00f3n que quedan en superficies no cementicias luego de una obra. Remueve el exceso de mezcla y quita las manchas en cer\u00e1micas y ladrillos, luego de la terminaci\u00f3n de la obra. Limpia y devuelve el aspecto original en superficies cer\u00e1micas y esmaltadas de ba\u00f1os y cocinas, tales como sanitarios, azulejos, pisos, lavatorios, etc. Tambi\u00e9n se puede usar para la limpieza de metales liber\u00e1ndolos del \u00f3xido. Quita adherencias de cal, yeso, cemento, salitre, sarro, mezclas de alba\u00f1iler\u00eda, manchas de \u00f3xido, etc. de pisos, sanitarios esmaltados y revestimientos no calc\u00e1reos ni cementicios. Es de muy f\u00e1cil aplicaci\u00f3n y remoci\u00f3n. Ideal para la limpieza final de una obra en construcci\u00f3n.<\/p>\n","protected":false},"featured_media":5577,"template":"","meta":{"_joinchat":[]},"product_cat":[1043],"product_tag":[1058],"class_list":{"0":"post-5576","1":"product","2":"type-product","3":"status-publish","4":"has-post-thumbnail","6":"product_cat-plus","7":"product_tag-limpiador-de-construccion","9":"first","10":"instock","11":"product-type-simple"},"_links":{"self":[{"href":"https:\/\/lidertecsa.com.ar\/catalogo\/wp-json\/wp\/v2\/product\/5576"}],"collection":[{"href":"https:\/\/lidertecsa.com.ar\/catalogo\/wp-json\/wp\/v2\/product"}],"about":[{"href":"https:\/\/lidertecsa.com.ar\/catalogo\/wp-json\/wp\/v2\/types\/product"}],"wp:featuredmedia":[{"embeddable":true,"href":"https:\/\/lidertecsa.com.ar\/catalogo\/wp-json\/wp\/v2\/media\/5577"}],"wp:attachment":[{"href":"https:\/\/lidertecsa.com.ar\/catalogo\/wp-json\/wp\/v2\/media?parent=5576"}],"wp:term":[{"taxonomy":"product_cat","embeddable":true,"href":"https:\/\/lidertecsa.com.ar\/catalogo\/wp-json\/wp\/v2\/product_cat?post=5576"},{"taxonomy":"product_tag","embeddable":true,"href":"https:\/\/lidertecsa.com.ar\/catalogo\/wp-json\/wp\/v2\/product_tag?post=5576"}],"curies":[{"name":"wp","href":"https:\/\/api.w.org\/{rel}","templated":true}]}}