{"id":5561,"date":"2023-12-19T11:34:25","date_gmt":"2023-12-19T14:34:25","guid":{"rendered":"https:\/\/lidertecsa.com.ar\/catalogo\/?post_type=product&#038;p=5561"},"modified":"2024-12-13T16:37:30","modified_gmt":"2024-12-13T19:37:30","slug":"lubricante-para-mecanismos-de-presicion","status":"publish","type":"product","link":"https:\/\/lidertecsa.com.ar\/catalogo\/producto\/lubricante-para-mecanismos-de-presicion\/","title":{"rendered":"LUBRICANTE PARA MECANISMOS DE PRESICI\u00d3N"},"content":{"rendered":"<p class=\"bold\">Brinda mayor protecci\u00f3n a las piezas delicadas.<\/p>\n<p class=\"bold\">Primer lubricante especialmente desarrollado para el cuidado y protecci\u00f3n de mecanismos de precisi\u00f3n, favoreciendo el deslizamiento de los mismos. Apto para piezas pl\u00e1sticas.<\/p>\n<p class=\"bold\">Presentaci\u00f3n:<\/p>\n<p>Aerosol 170g\/250cm3<\/p>\n<p>Ventajas y beneficios<\/p>\n<p>Lubrica, protege y favorece el deslizamiento de mecanismos de precisi\u00f3n. Minimiza los efectos perjudiciales de la fricci\u00f3n de piezas pl\u00e1sticas entre s\u00ed, pl\u00e1sticas con metal y met\u00e1licas entre s\u00ed, reduciendo el desgaste y alargando la vida \u00fatil de los mismos. No mancha y no ataca pl\u00e1sticos ni gomas.<\/p>\n<p>Usos:<\/p>\n<div class=\"util\">Zooms de c\u00e1maras. Gu\u00edas de bandejas porta-CD\u00b4s y DVD\u00b4s. Gu\u00edas de cajas registradoras. Relojer\u00eda, balanzas, peque\u00f1os engranajes pl\u00e1sticos, etc.<\/div>\n<div><\/div>\n<div class=\"util\">Modos de uso:<\/div>\n<div class=\"util\">AGITE BIEN ANTES DE USAR y durante el uso. Aplique y deje actuar; repita la operaci\u00f3n en caso de ser necesario.<\/div>\n<div><\/div>\n<div class=\"util\">Precauciones:<\/div>\n<p>MANTENER LEJOS DEL ALCANCE DE LOS NI\u00d1OS. Desconecte los enseres y herramientas el\u00e9ctricas antes de aplicar. No perforar el envase, No pulverizar cerca de llama. No arrojar al incinerador. Prohibido su rellenado. No exponer a temperatura mayor a 50\u00ba C. Peligro!! Inflamable. Contiene hidrocarburos. Mantener lejos del fuego y de superficies calientes. No comer, beber ni fumar mientras manipula estos productos. Usar en ambientes ventilados. No inhalar. Luego de su uso asegure el buen cierre del envase. En contacto con los ojos lavar con abundante agua. En caso de ingesti\u00f3n accidental beber agua. Consultar a un Centro Asistencial o Toxicol\u00f3gico llevando el envase o r\u00f3tulo. Centro Nacional de Intoxicaciones: 0800-333-0160.<\/p>\n","protected":false},"excerpt":{"rendered":"<p class=\"bold\">Brinda mayor protecci\u00f3n a las piezas delicadas.<\/p>\n<p class=\"bold\">Primer lubricante especialmente desarrollado para el cuidado y protecci\u00f3n de mecanismos de precisi\u00f3n, favoreciendo el deslizamiento de los mismos. Apto para piezas pl\u00e1sticas.<\/p>\n","protected":false},"featured_media":5562,"template":"","meta":{"_joinchat":[]},"product_cat":[1042],"product_tag":[140],"class_list":{"0":"post-5561","1":"product","2":"type-product","3":"status-publish","4":"has-post-thumbnail","6":"product_cat-experto","7":"product_tag-lubricante-multiuso","9":"first","10":"instock","11":"product-type-simple"},"_links":{"self":[{"href":"https:\/\/lidertecsa.com.ar\/catalogo\/wp-json\/wp\/v2\/product\/5561"}],"collection":[{"href":"https:\/\/lidertecsa.com.ar\/catalogo\/wp-json\/wp\/v2\/product"}],"about":[{"href":"https:\/\/lidertecsa.com.ar\/catalogo\/wp-json\/wp\/v2\/types\/product"}],"wp:featuredmedia":[{"embeddable":true,"href":"https:\/\/lidertecsa.com.ar\/catalogo\/wp-json\/wp\/v2\/media\/5562"}],"wp:attachment":[{"href":"https:\/\/lidertecsa.com.ar\/catalogo\/wp-json\/wp\/v2\/media?parent=5561"}],"wp:term":[{"taxonomy":"product_cat","embeddable":true,"href":"https:\/\/lidertecsa.com.ar\/catalogo\/wp-json\/wp\/v2\/product_cat?post=5561"},{"taxonomy":"product_tag","embeddable":true,"href":"https:\/\/lidertecsa.com.ar\/catalogo\/wp-json\/wp\/v2\/product_tag?post=5561"}],"curies":[{"name":"wp","href":"https:\/\/api.w.org\/{rel}","templated":true}]}}