{"id":5539,"date":"2023-12-19T11:02:02","date_gmt":"2023-12-19T14:02:02","guid":{"rendered":"https:\/\/lidertecsa.com.ar\/catalogo\/?post_type=product&#038;p=5539"},"modified":"2024-12-13T16:37:27","modified_gmt":"2024-12-13T19:37:27","slug":"grasa-rodamientos-1-kg","status":"publish","type":"product","link":"https:\/\/lidertecsa.com.ar\/catalogo\/producto\/grasa-rodamientos-1-kg\/","title":{"rendered":"GRASA RODAMIENTOS 1 kg"},"content":{"rendered":"<p class=\"bold\">Hiper resistente. Calidad premium.<\/p>\n<p class=\"bold\">Grasa semi-dura de \u00faltima generaci\u00f3n con base de litio y aceites viscosos refinados, aditivos antioxidantes y anticorrosivos que le confieren adherencia al metal y extrema presi\u00f3n. Desarrollada para la lubricaci\u00f3n de todo tipo de rodamientos.<\/p>\n<p class=\"bold\">Presentaci\u00f3n:<\/p>\n<p>Pote 1 kg<\/p>\n<p>Ventajas y beneficios<\/p>\n<p>Soporta temperaturas bajas (m\u00edn. -7\u00b0C) y altas (m\u00e1x. 150\u00b0C) con gran estabilidad y cargas de hasta 350 kg x cm2. Disipa el calor. No se ablanda con el trabajo. No corroe el material. Es hidrorrepelente y resistente al agua fr\u00eda. Protege contra la corrosi\u00f3n y la herrumbre.<\/p>\n<p>Usos:<\/p>\n<div class=\"util\">Talleres mec\u00e1nicos: especial para rodamientos, puntas de ejes, cojinetes y crucetas de transmisi\u00f3n de autos, camiones, tractores, m\u00e1quinas industriales fijas, etc. Se aplica en rulemanes de todo tipo y marca (MAR, 2KL, FAG, RIV, SKF, STEYR, KOYO, etc.) y cojinetes de ejes que giran a bajas revoluciones por minuto. Equipos de refrigeraci\u00f3n (puertas, c\u00e1maras, motores, etc.). Bobinadores de motores el\u00e9ctricos, electricidad del autom\u00f3vil en general.<\/div>\n<div><\/div>\n<div class=\"util\">Modos de uso:<\/div>\n<div class=\"util\">Aplique y deje actuar, repita la operaci\u00f3n si fuera necesario.<\/div>\n<div><\/div>\n<div class=\"util\">Precauciones:<\/div>\n<p>MANTENER LEJOS DEL ALCANCE DE LOS NI\u00d1OS Y DE LOS ANIMALES DOM\u00c9STICOS. Evite el contacto prolongado con la piel y con ropas contaminadas. Puede causar irritaci\u00f3n en las mucosas y pieles sensibles. En caso de ingesti\u00f3n no induzca el vomito. Suministre agua o leche y procure ayuda m\u00e9dica. Evite el contacto con los ojos. En tal caso lave con agua copiosamente. Si la irritaci\u00f3n contin\u00faa consulte al oculista inmediatamente. Producto inflamable, no lo exponga al fuego.<\/p>\n","protected":false},"excerpt":{"rendered":"<p class=\"bold\">Hiper resistente. Calidad premium.<\/p>\n<p class=\"bold\">Grasa semi-dura de \u00faltima generaci\u00f3n con base de litio y aceites viscosos refinados, aditivos antioxidantes y anticorrosivos que le confieren adherencia al metal y extrema presi\u00f3n. Desarrollada para la lubricaci\u00f3n de todo tipo de rodamientos.<\/p>\n","protected":false},"featured_media":5540,"template":"","meta":{"_joinchat":[]},"product_cat":[1042],"product_tag":[149],"class_list":{"0":"post-5539","1":"product","2":"type-product","3":"status-publish","4":"has-post-thumbnail","6":"product_cat-experto","7":"product_tag-grasa-para-rodamientos","9":"first","10":"instock","11":"product-type-simple"},"_links":{"self":[{"href":"https:\/\/lidertecsa.com.ar\/catalogo\/wp-json\/wp\/v2\/product\/5539"}],"collection":[{"href":"https:\/\/lidertecsa.com.ar\/catalogo\/wp-json\/wp\/v2\/product"}],"about":[{"href":"https:\/\/lidertecsa.com.ar\/catalogo\/wp-json\/wp\/v2\/types\/product"}],"wp:featuredmedia":[{"embeddable":true,"href":"https:\/\/lidertecsa.com.ar\/catalogo\/wp-json\/wp\/v2\/media\/5540"}],"wp:attachment":[{"href":"https:\/\/lidertecsa.com.ar\/catalogo\/wp-json\/wp\/v2\/media?parent=5539"}],"wp:term":[{"taxonomy":"product_cat","embeddable":true,"href":"https:\/\/lidertecsa.com.ar\/catalogo\/wp-json\/wp\/v2\/product_cat?post=5539"},{"taxonomy":"product_tag","embeddable":true,"href":"https:\/\/lidertecsa.com.ar\/catalogo\/wp-json\/wp\/v2\/product_tag?post=5539"}],"curies":[{"name":"wp","href":"https:\/\/api.w.org\/{rel}","templated":true}]}}