{"id":5528,"date":"2023-12-19T10:41:48","date_gmt":"2023-12-19T13:41:48","guid":{"rendered":"https:\/\/lidertecsa.com.ar\/catalogo\/?post_type=product&#038;p=5528"},"modified":"2024-12-13T16:37:26","modified_gmt":"2024-12-13T19:37:26","slug":"greasa-grafitada-450g","status":"publish","type":"product","link":"https:\/\/lidertecsa.com.ar\/catalogo\/producto\/greasa-grafitada-450g\/","title":{"rendered":"GRASA GRAFITADA 450g"},"content":{"rendered":"<p class=\"bold\">El grafito hace que lubrique por m\u00e1s tiempo. Ideal para lubricaciones espor\u00e1dicas.<\/p>\n<p class=\"bold\">Grasa de excelente calidad con un porcentaje de grafito que la hace particularmente apta para la lubricaci\u00f3n de mecanismos cuyo engrase se efect\u00faa cada grandes intervalos de tiempo, debido a la dificultad de acceso a los graseros. Recomendada para cojinetes de fricci\u00f3n y aplicaciones que acusen un desgaste pronunciado.<\/p>\n<p class=\"bold\">Presentaci\u00f3n:<\/p>\n<p>Pote de 450g<\/p>\n<p>Ventajas y beneficios<\/p>\n<p>Protege contra la corrosi\u00f3n y la herrumbre. Disipa el calor y repele el agua. Gran resistencia al agua y a la temperatura, ya que no pierde su consistencia a\u00fan a temperaturas variables. Las propiedades del grafito aumentan el grado de lubricaci\u00f3n formando una pel\u00edcula de lubricante s\u00f3lido muy deslizable, alta resistencia y durabilidad. Con la c\u00e1nula es posible alcanzar los lugares m\u00e1s inaccesibles.<\/p>\n<p>Usos:<\/p>\n<div class=\"util\">Ideal para tareas de gasistas, plomeros, cerrajeros y el mantenimiento de gu\u00edas de ascensores y montacargas. Mantenimiento de robinetes de gas. V\u00e1lvulas de agua. Bombas de agua o motores expuestos al agua o la humedad. Prensa estopa de bombeadores. Cerrajer\u00edas del automotor y dom\u00e9sticas. M\u00e1quinas y cojinetes desgastados.<\/div>\n<div><\/div>\n<div class=\"util\">Modos de uso:<\/div>\n<div class=\"util\">AGITE BIEN ANTES DE USAR y durante el uso. Aplique y deje actuar; repita la operaci\u00f3n en caso de ser necesario.<\/div>\n<div class=\"util\">Precauciones:<\/div>\n<p>MANTENER LEJOS DEL ALCANCE DE LOS NI\u00d1OS. Desconecte los enseres y herramientas el\u00e9ctricas antes de aplicar. No perforar el envase, No pulverizar cerca de llama. No arrojar al incinerador. Prohibido su rellenado. No exponer a temperatura mayor a 50\u00ba C. Peligro!! Inflamable. Contiene hidrocarburos. Mantener lejos del fuego y de superficies calientes. No comer, beber ni fumar mientras manipula estos productos. Usar en ambientes ventilados. No inhalar. Luego de su uso asegure el buen cierre del envase. En contacto con los ojos lavar con abundante agua. En caso de ingesti\u00f3n accidental beber agua. Consultar a un Centro Asistencial o Toxicol\u00f3gico llevando el envase o r\u00f3tulo. Centro Nacional de Intoxicaciones: 0800-333-0160.<\/p>\n","protected":false},"excerpt":{"rendered":"<p class=\"bold\">El grafito hace que lubrique por m\u00e1s tiempo. Ideal para lubricaciones espor\u00e1dicas.<\/p>\n<p class=\"bold\">Grasa de excelente calidad con un porcentaje de grafito que la hace particularmente apta para la lubricaci\u00f3n de mecanismos cuyo engrase se efect\u00faa cada grandes intervalos de tiempo, debido a la dificultad de acceso a los graseros. Recomendada para cojinetes de fricci\u00f3n y aplicaciones que acusen un desgaste pronunciado.<\/p>\n","protected":false},"featured_media":5529,"template":"","meta":{"_joinchat":[]},"product_cat":[1042],"product_tag":[150],"class_list":{"0":"post-5528","1":"product","2":"type-product","3":"status-publish","4":"has-post-thumbnail","6":"product_cat-experto","7":"product_tag-grasa-grafitada","9":"first","10":"instock","11":"product-type-simple"},"_links":{"self":[{"href":"https:\/\/lidertecsa.com.ar\/catalogo\/wp-json\/wp\/v2\/product\/5528"}],"collection":[{"href":"https:\/\/lidertecsa.com.ar\/catalogo\/wp-json\/wp\/v2\/product"}],"about":[{"href":"https:\/\/lidertecsa.com.ar\/catalogo\/wp-json\/wp\/v2\/types\/product"}],"wp:featuredmedia":[{"embeddable":true,"href":"https:\/\/lidertecsa.com.ar\/catalogo\/wp-json\/wp\/v2\/media\/5529"}],"wp:attachment":[{"href":"https:\/\/lidertecsa.com.ar\/catalogo\/wp-json\/wp\/v2\/media?parent=5528"}],"wp:term":[{"taxonomy":"product_cat","embeddable":true,"href":"https:\/\/lidertecsa.com.ar\/catalogo\/wp-json\/wp\/v2\/product_cat?post=5528"},{"taxonomy":"product_tag","embeddable":true,"href":"https:\/\/lidertecsa.com.ar\/catalogo\/wp-json\/wp\/v2\/product_tag?post=5528"}],"curies":[{"name":"wp","href":"https:\/\/api.w.org\/{rel}","templated":true}]}}