{"id":5474,"date":"2023-10-11T16:42:18","date_gmt":"2023-10-11T19:42:18","guid":{"rendered":"https:\/\/lidertecsa.com.ar\/catalogo\/?post_type=product&#038;p=5474"},"modified":"2024-12-13T16:37:20","modified_gmt":"2024-12-13T19:37:20","slug":"pistola-de-aire-mide-infla","status":"publish","type":"product","link":"https:\/\/lidertecsa.com.ar\/catalogo\/producto\/pistola-de-aire-mide-infla\/","title":{"rendered":"Pistola de Aire Mide &#8211; Infla"},"content":{"rendered":"<div class=\"wpb_text_column wpb_content_element \">\n<div class=\"wpb_wrapper\">\n<p>La pistola mide-infla permite un r\u00e1pido inflado y tambi\u00e9n permite verificar la cantidad de presi\u00f3n prove\u00edda al neum\u00e1tico.<\/p>\n<\/div>\n<\/div>\n","protected":false},"excerpt":{"rendered":"<p>La pistola mide-infla permite un r\u00e1pido inflado y tambi\u00e9n permite verificar la cantidad de presi\u00f3n prove\u00edda al neum\u00e1tico.<\/p>\n","protected":false},"featured_media":5475,"template":"","meta":{"_joinchat":[]},"product_cat":[1038],"product_tag":[1040],"class_list":{"0":"post-5474","1":"product","2":"type-product","3":"status-publish","4":"has-post-thumbnail","6":"product_cat-equipamiento-para-taller","7":"product_tag-carro-para-tambores","9":"first","10":"instock","11":"taxable","12":"shipping-taxable","13":"product-type-simple"},"_links":{"self":[{"href":"https:\/\/lidertecsa.com.ar\/catalogo\/wp-json\/wp\/v2\/product\/5474"}],"collection":[{"href":"https:\/\/lidertecsa.com.ar\/catalogo\/wp-json\/wp\/v2\/product"}],"about":[{"href":"https:\/\/lidertecsa.com.ar\/catalogo\/wp-json\/wp\/v2\/types\/product"}],"wp:featuredmedia":[{"embeddable":true,"href":"https:\/\/lidertecsa.com.ar\/catalogo\/wp-json\/wp\/v2\/media\/5475"}],"wp:attachment":[{"href":"https:\/\/lidertecsa.com.ar\/catalogo\/wp-json\/wp\/v2\/media?parent=5474"}],"wp:term":[{"taxonomy":"product_cat","embeddable":true,"href":"https:\/\/lidertecsa.com.ar\/catalogo\/wp-json\/wp\/v2\/product_cat?post=5474"},{"taxonomy":"product_tag","embeddable":true,"href":"https:\/\/lidertecsa.com.ar\/catalogo\/wp-json\/wp\/v2\/product_tag?post=5474"}],"curies":[{"name":"wp","href":"https:\/\/api.w.org\/{rel}","templated":true}]}}