{"id":5309,"date":"2023-09-19T16:31:47","date_gmt":"2023-09-19T19:31:47","guid":{"rendered":"https:\/\/lidertecsa.com.ar\/catalogo\/?post_type=product&#038;p=5309"},"modified":"2024-12-13T16:37:06","modified_gmt":"2024-12-13T19:37:06","slug":"standocryl-voc-express-clear-k9530","status":"publish","type":"product","link":"https:\/\/lidertecsa.com.ar\/catalogo\/producto\/standocryl-voc-express-clear-k9530\/","title":{"rendered":"STANDOCRYL VOC EXPRESS CLEAR K9530"},"content":{"rendered":"<p><a href=\"https:\/\/lidertecsa.com.ar\/catalogo\/wp-content\/uploads\/2023\/09\/Hoja-Tecnica-STANDOCRYL-VOC-EXPRESS-K9530.pdf\">Hoja T\u00e9cnica STANDOCRYL VOC EXPRESS K9530<\/a><\/p>\n","protected":false},"excerpt":{"rendered":"<p>Standocryl VOC Express Clear K9530 es el barniz 2K flexible que endurece muy r\u00e1pido. Es adecuado para usar en reparaciones peque\u00f1as, repintados parciales o de todo el veh\u00edculo, con unos resultados perfectos y de gran calidad, aunque las condiciones de aplicaci\u00f3n y secado no sean las ideales. Su rapidez se puede acelerar a\u00f1adiendo el diluyente VOC Express Thinner o VOC Special Thinner, que es muy \u00fatil para peque\u00f1as reparaciones mediante el sistema MicroRepair. Standocryl VOC Express Clear K9530 es ideal para talleres que no consiguen la temperatura de secado necesaria de 60\u00b0C. De este modo, se ahorra tiempo, material y costes. Standocryl VOC Express Clear ofrece un alto rendimiento y contribuye a mejorar la eficiencia del taller.<\/p>\n","protected":false},"featured_media":5312,"template":"","meta":{"_joinchat":[]},"product_cat":[15],"product_tag":[1005],"class_list":{"0":"post-5309","1":"product","2":"type-product","3":"status-publish","4":"has-post-thumbnail","6":"product_cat-sin-par","7":"product_tag-barniz","9":"first","10":"instock","11":"taxable","12":"shipping-taxable","13":"product-type-simple"},"_links":{"self":[{"href":"https:\/\/lidertecsa.com.ar\/catalogo\/wp-json\/wp\/v2\/product\/5309"}],"collection":[{"href":"https:\/\/lidertecsa.com.ar\/catalogo\/wp-json\/wp\/v2\/product"}],"about":[{"href":"https:\/\/lidertecsa.com.ar\/catalogo\/wp-json\/wp\/v2\/types\/product"}],"wp:featuredmedia":[{"embeddable":true,"href":"https:\/\/lidertecsa.com.ar\/catalogo\/wp-json\/wp\/v2\/media\/5312"}],"wp:attachment":[{"href":"https:\/\/lidertecsa.com.ar\/catalogo\/wp-json\/wp\/v2\/media?parent=5309"}],"wp:term":[{"taxonomy":"product_cat","embeddable":true,"href":"https:\/\/lidertecsa.com.ar\/catalogo\/wp-json\/wp\/v2\/product_cat?post=5309"},{"taxonomy":"product_tag","embeddable":true,"href":"https:\/\/lidertecsa.com.ar\/catalogo\/wp-json\/wp\/v2\/product_tag?post=5309"}],"curies":[{"name":"wp","href":"https:\/\/api.w.org\/{rel}","templated":true}]}}