{"id":5293,"date":"2023-09-19T16:11:57","date_gmt":"2023-09-19T19:11:57","guid":{"rendered":"https:\/\/lidertecsa.com.ar\/catalogo\/?post_type=product&#038;p=5293"},"modified":"2024-12-13T16:37:06","modified_gmt":"2024-12-13T19:37:06","slug":"standox-voc-system-filler-u7540","status":"publish","type":"product","link":"https:\/\/lidertecsa.com.ar\/catalogo\/producto\/standox-voc-system-filler-u7540\/","title":{"rendered":"STANDOX VOC SYSTEM FILLER U7540"},"content":{"rendered":"<p><a href=\"https:\/\/lidertecsa.com.ar\/catalogo\/wp-content\/uploads\/2023\/09\/Hoja-Tecnica-PRIMARIO-2K-VOC-SYSTEM-FILLER-U7540.pdf\">Hoja T\u00e9cnica PRIMARIO 2K VOC SYSTEM FILLER U7540<\/a><\/p>\n","protected":false},"excerpt":{"rendered":"<p>El aparejo Standox VOC System Filler U7540 ofrece un alto rendimiento y es muy econ\u00f3mico. No contiene cromatos y es ideal para un uso universal. Se puede aplicar f\u00e1cilmente en pr\u00e1cticamente cualquier substrato, desde substratos con imprimaci\u00f3n de origen hasta substratos con masilla de poli\u00e9ster Standox lijados. El aparejo Standox VOC System Filler U7540 se caracteriza por una gran estabilidad en superficies verticales, seca r\u00e1pido, proporciona un buen grosor de pel\u00edcula y seca muy bien. Incluso con altos<br \/>\nespesores de pel\u00edcula, la superficie se mantiene libre de burbujas. Sus buenas propiedades de relleno garantizan que la superficie sea f\u00e1cil de lijar, en seco o al agua, y proporcionan un excelente acabado duradero, lo que ayuda a ahorrar tiempo y dinero. Se puede recubrir con acabados de altos s\u00f3lidos y bases bicapa convencionales o base agua.<\/p>\n","protected":false},"featured_media":5295,"template":"","meta":{"_joinchat":[]},"product_cat":[15],"product_tag":[1019],"class_list":{"0":"post-5293","1":"product","2":"type-product","3":"status-publish","4":"has-post-thumbnail","6":"product_cat-sin-par","7":"product_tag-primer","9":"first","10":"instock","11":"taxable","12":"shipping-taxable","13":"product-type-simple"},"_links":{"self":[{"href":"https:\/\/lidertecsa.com.ar\/catalogo\/wp-json\/wp\/v2\/product\/5293"}],"collection":[{"href":"https:\/\/lidertecsa.com.ar\/catalogo\/wp-json\/wp\/v2\/product"}],"about":[{"href":"https:\/\/lidertecsa.com.ar\/catalogo\/wp-json\/wp\/v2\/types\/product"}],"wp:featuredmedia":[{"embeddable":true,"href":"https:\/\/lidertecsa.com.ar\/catalogo\/wp-json\/wp\/v2\/media\/5295"}],"wp:attachment":[{"href":"https:\/\/lidertecsa.com.ar\/catalogo\/wp-json\/wp\/v2\/media?parent=5293"}],"wp:term":[{"taxonomy":"product_cat","embeddable":true,"href":"https:\/\/lidertecsa.com.ar\/catalogo\/wp-json\/wp\/v2\/product_cat?post=5293"},{"taxonomy":"product_tag","embeddable":true,"href":"https:\/\/lidertecsa.com.ar\/catalogo\/wp-json\/wp\/v2\/product_tag?post=5293"}],"curies":[{"name":"wp","href":"https:\/\/api.w.org\/{rel}","templated":true}]}}