{"id":5143,"date":"2023-08-23T15:45:32","date_gmt":"2023-08-23T18:45:32","guid":{"rendered":"https:\/\/lidertecsa.com.ar\/catalogo\/?post_type=product&#038;p=5143"},"modified":"2024-12-13T16:36:58","modified_gmt":"2024-12-13T19:36:58","slug":"soplador-de-hojas-gc-cl-18-li-e-solo","status":"publish","type":"product","link":"https:\/\/lidertecsa.com.ar\/catalogo\/producto\/soplador-de-hojas-gc-cl-18-li-e-solo\/","title":{"rendered":"Soplador de Hojas GC-CL 18 Li E &#8211; SOLO"},"content":{"rendered":"<p><span>El soplador de hojas inal\u00e1mbrico GC-CL 18 Li E es un dispositivo potente y fiable que permite una limpieza r\u00e1pida y c\u00f3moda de \u00e1reas y rincones de la propiedad.<\/span><\/p>\n<p><span>El tama\u00f1o manejable y el peso reducido permiten un trabajo especialmente c\u00f3modo e independiente de la red el\u00e9ctrica.\u00a0Con el control electr\u00f3nico de velocidad se puede dosificar la potencia de soplado con precisi\u00f3n seg\u00fan sea necesario.\u00a0Gracias al mango suave, el soplador de hojas inal\u00e1mbrico se adapta de forma c\u00f3moda y segura a la mano para un trabajo especialmente c\u00f3modo.<\/span><\/p>\n<p><span>No incluye bater\u00eda ni cargador.<\/span><\/p>\n<ul>\n<li>Regulaci\u00f3n electr\u00f3nica del n\u00famero derevoluciones.<\/li>\n<li>Empu\u00f1adura suave Softgrip para un trabajo c\u00f3modo.<\/li>\n<li>Peque\u00f1o y manejable.<\/li>\n<li>Potente velocidad de soplado de aire de 210 km\/h.<\/li>\n<\/ul>\n<p>Caracter\u00edsticas:<\/p>\n<ul>\n<li><span class=\"bold\"><span>Velocidad del aire: <\/span><\/span><span>210 kil\u00f3metros por hora<\/span><\/li>\n<li><span class=\"bold\"><span>Potencia m\u00e1xima de soplado: <\/span><\/span><span>105 m\u00b3\/h<\/span><\/li>\n<li><span class=\"bold\"><span>Voltaje del motor: <\/span><\/span><span>18v<\/span><\/li>\n<li><span class=\"bold\"><span>Tipo de motor: <\/span><\/span><span>motor de cepillo<\/span><\/li>\n<li><span class=\"bold\"><span>Peso del Producto: <\/span><\/span><span>1,33 kilos<\/span><\/li>\n<li><span class=\"bold\"><span>Nivel de potencia sonora (volumen): <\/span><\/span><span>79,5dB(A)<\/span><\/li>\n<\/ul>\n<p>&nbsp;<\/p>\n","protected":false},"excerpt":{"rendered":"<ul>\n<li class=\" meta\"><span><span>Control electr\u00f3nico de velocidad<\/span><\/span><\/li>\n<li class=\" meta\"><span><span>Agarre suave para trabajar c\u00f3modamente<\/span><\/span><\/li>\n<li class=\" meta\"><span><span>Peque\u00f1o y pr\u00e1ctico<\/span><\/span><\/li>\n<li class=\" meta\"><span><span>peso ligero<\/span><\/span><\/li>\n<li class=\" meta\"><span><span>Fuerte velocidad del aire de 210 km\/h.<\/span><\/span><\/li>\n<li class=\"meta\"><span><span>Se entrega sin bater\u00eda y sin cargador (se vende por separado)<\/span><\/span><\/li>\n<li class=\" meta\"><\/li>\n<\/ul>\n","protected":false},"featured_media":5145,"template":"","meta":{"_joinchat":[]},"product_cat":[50],"product_tag":[709],"class_list":{"0":"post-5143","1":"product","2":"type-product","3":"status-publish","4":"has-post-thumbnail","6":"product_cat-herramientas-a-bateria","7":"product_tag-soplador-inalambrico","9":"first","10":"instock","11":"product-type-simple"},"_links":{"self":[{"href":"https:\/\/lidertecsa.com.ar\/catalogo\/wp-json\/wp\/v2\/product\/5143"}],"collection":[{"href":"https:\/\/lidertecsa.com.ar\/catalogo\/wp-json\/wp\/v2\/product"}],"about":[{"href":"https:\/\/lidertecsa.com.ar\/catalogo\/wp-json\/wp\/v2\/types\/product"}],"wp:featuredmedia":[{"embeddable":true,"href":"https:\/\/lidertecsa.com.ar\/catalogo\/wp-json\/wp\/v2\/media\/5145"}],"wp:attachment":[{"href":"https:\/\/lidertecsa.com.ar\/catalogo\/wp-json\/wp\/v2\/media?parent=5143"}],"wp:term":[{"taxonomy":"product_cat","embeddable":true,"href":"https:\/\/lidertecsa.com.ar\/catalogo\/wp-json\/wp\/v2\/product_cat?post=5143"},{"taxonomy":"product_tag","embeddable":true,"href":"https:\/\/lidertecsa.com.ar\/catalogo\/wp-json\/wp\/v2\/product_tag?post=5143"}],"curies":[{"name":"wp","href":"https:\/\/api.w.org\/{rel}","templated":true}]}}